{"id":1007,"date":"2017-05-15T10:34:23","date_gmt":"2017-05-15T09:34:23","guid":{"rendered":"http:\/\/WWW.derivesdansleglisecatholique.fr\/?page_id=1007"},"modified":"2017-05-15T10:55:47","modified_gmt":"2017-05-15T09:55:47","slug":"quelle-indecence","status":"publish","type":"page","link":"http:\/\/WWW.derivesdansleglisecatholique.fr\/?page_id=1007","title":{"rendered":"Quelle ind\u00e9cence !"},"content":{"rendered":"<p><strong><span style=\"color: #ffcc99;\">.<\/span><br \/>\n<\/strong><\/p>\n<p><strong>\u00a0<\/strong><\/p>\n<p style=\"padding-left: 30px;\"><span style=\"font-family: times new roman,times,serif; font-size: 12pt;\">Le m\u00eame jour, deux informations nous sont parvenues. La premi\u00e8re transmise par des parents, tr\u00e8s surpris d\u2019apprendre que les confirmations du dioc\u00e8se se d\u00e9rouleront le jour de Pentec\u00f4te. Pour l\u2019occasion, l\u2019importante salle du Zenit a \u00e9t\u00e9 lou\u00e9e. Pour couvrir les frais inh\u00e9rents, leur \u00e9v\u00eaque n\u2019a pas h\u00e9sit\u00e9 \u00e0 leur adresser une lettre d\u2019appel de don\u00a0 et pour cause, le co\u00fbt de l\u2019op\u00e9ration s\u2019\u00e9l\u00e8ve \u00e0 la somme de 80.000 Euros.<\/span><\/p>\n<p style=\"padding-left: 30px;\"><span style=\"color: #ffcc99;\">.<\/span><\/p>\n<p style=\"padding-left: 30px;\"><span style=\"font-family: times new roman,times,serif; font-size: 12pt;\">La deuxi\u00e8me nous est adress\u00e9e le soir de ce m\u00eame jour par un pr\u00eatre de l\u2019\u00c9glise en d\u00e9tresse. Lui aussi, a un besoin urgent d\u2019argent mais pas pour les m\u00eames raisons. Il nous a longuement narr\u00e9 la situation critique des chr\u00e9tiens pers\u00e9cut\u00e9s dans les pays en guerre. L\u2019\u00c9glise de Syrie, assiste, \u00e0 elle seule, aux horreurs que subissent les hommes et les femmes pers\u00e9cut\u00e9s pour leur foi. Ils ont tout perdu. Leur quotidien se d\u00e9roule sous les bombes, de nombreux enfants assistent impuissants aux assauts incessants des troupes qui font r\u00e9gner la terreur et la famine.<\/span><\/p>\n<p style=\"padding-left: 30px;\"><span style=\"color: #ffcc99;\">.<\/span><\/p>\n<p style=\"padding-left: 30px;\"><span style=\"font-family: times new roman,times,serif; font-size: 12pt;\">Ces deux demandes d\u2019argent re\u00e7ues le m\u00eame jour nous interpellent parce qu\u2019elles nous scandalisent. D\u2019un c\u00f4t\u00e9 80.000 Euros d\u00e9pens\u00e9s pour une manifestation \u00e0 Pentec\u00f4te, par un \u00e9v\u00eaque dioc\u00e9sain qui engage cette somme en comptant sur ses ouailles pour payer. De l\u2019autre une \u00c9glise en d\u00e9tresse qui demande de l\u2019aide pour sauver nos fr\u00e8res pers\u00e9cut\u00e9s, martyris\u00e9s, pour sauver des enfants. Dans quelle \u00c9glise vivons-nous ? Dans la nouvelle \u00e9glise du Saint-Esprit et sa nouvelle religion du monde <a href=\"http:\/\/www.derivesdansleglisecatholique.fr\/?page_id=417\">(Le renouveau charismatique et l\u2019\u00c9glise)<\/a><br \/>\n<\/span><\/p>\n<p style=\"padding-left: 30px;\"><span style=\"color: #ffcc99;\">.<\/span><\/p>\n<p style=\"padding-left: 30px;\"><span style=\"font-family: times new roman,times,serif; font-size: 12pt;\">Une religion de grands rassemblements tr\u00e8s sonoris\u00e9s, remuants et bruyants mais bien m\u00e9diatis\u00e9s, dans ces nouveaux temples de spectacles, vident de sens et d\u2019histoire. \u00a0Ce n\u2019est pas la transmission de la foi qui est recherch\u00e9e dans ces copies conformes de rassemblements charismatiques. Non, c\u2019est le processus logique de la nouvelle \u00e9vang\u00e9lisation dans laquelle nos \u00e9v\u00eaques embarquent leur dioc\u00e8se. A grand renfort de publicit\u00e9, de mobilisation de personnes, de r\u00e9unions, de tracas \u00a0d\u2019organisation d\u2019autobus, etc. pour laisser en rade des personnes \u00e2g\u00e9es ou fatigu\u00e9es qui ne pourront pas y aller. Quel tra-la-la\u00a0!!<\/span><\/p>\n<p style=\"padding-left: 30px;\"><span style=\"color: #ffcc99;\">.<\/span><\/p>\n<p style=\"padding-left: 30px;\"><span style=\"font-family: times new roman,times,serif; font-size: 12pt;\">Nos \u00e9v\u00eaques n\u2019ont plus\u00a0 le sens du r\u00e9el. Ils crient mis\u00e8re sous pr\u00e9texte que l\u2019\u00c9glise n\u2019aurait plus d\u2019argent, vendent les biens immobiliers pay\u00e9s par des g\u00e9n\u00e9rations de catholiques fervents, lancent des appels d\u2019argent tous azimuts, et d\u00e9pensent des milliers d\u2019Euros pour une manifestation qui pour \u00eatre religieuse serait plus \u00e0 sa place dans nos cath\u00e9drales, pour la joie des paroissiens qui participent \u00e0 la c\u00e9r\u00e9monie, et pour la vie de la paroisse et du quartier. Mais la nouvelle \u00e9vang\u00e9lisation ne connait pas l\u2019humble quotidien, elle voit plus grand\u00a0! Ailleurs. \u00a0<\/span><\/p>\n<p style=\"padding-left: 30px;\"><span style=\"color: #ffcc99;\">.<\/span><\/p>\n<p style=\"padding-left: 30px;\"><span style=\"font-family: times new roman,times,serif; font-size: 12pt;\">Nos \u00e9v\u00eaques vivent au dessus des nuages. Dans le monde \u00ab\u00a0d\u2019en haut\u00a0\u00bb. Un monde facile o\u00f9 ils c\u00f4toient en \u00e9gaux\u00a0 les grands de ce monde. Le monde du pouvoir et de l\u2019argent o\u00f9 ils se sont perdus. Le monde de la nouvelle religion, d\u00e9connect\u00e9 de la r\u00e9alit\u00e9 humaine mais bien ins\u00e9r\u00e9 dans le pouvoir financier\u00a0<a href=\"http:\/\/www.derivesdansleglisecatholique.fr\/?page_id=417\">(<\/a><a href=\"http:\/\/www.derivesdansleglisecatholique.fr\/?page_id=417\"><span style=\"font-family: times new roman,times,serif;\">Le renouveau charismatique et l\u2019\u00c9glise)<\/span><\/a> et pour le dossier complet le magazine de Golias n\u00b0 153 de janvier-f\u00e9vrier 2014.<\/span><\/p>\n<p style=\"padding-left: 30px;\"><span style=\"color: #ffcc99;\">.<\/span><\/p>\n<p style=\"padding-left: 30px;\"><span style=\"font-family: times new roman,times,serif; font-size: 12pt;\">Nous, humbles humains, vivons et travaillons sous les nuages. Nous essuyons les gros temps et les\u00a0 temp\u00eates. Nous vivons en plein vent. Nous connaissons le poids de la vie, de la souffrance mais aussi la joie du vrai partage. Nous savons ce que sont des enfants d\u00e9truits par la p\u00e9dophilie, des jeunes cass\u00e9s, des familles d\u00e9vast\u00e9es par la nouvelle religion du monde. Nous savons ce qu\u2019est l\u2019humanit\u00e9.<\/span><\/p>\n<p style=\"padding-left: 30px;\"><span style=\"color: #ffcc99;\">.<\/span><\/p>\n<p style=\"padding-left: 30px;\"><span style=\"font-family: times new roman,times,serif; font-size: 12pt;\">Comment s\u2019\u00e9tonner que ces deux mondes parall\u00e8les ne se comprennent pas\u00a0? Nos \u00e9v\u00eaques dans leur Olympe se disculpent sous de virtuels portiques de mis\u00e9ricorde et sans vergogne demandent de l\u2019argent pour leurs besoins grandiloquents. Dans notre monde, nous accueillons les victimes. On engage des d\u00e9penses quand on a l\u2019argent pour les payer. Nous partageons avec les plus pauvres.<\/span><\/p>\n<p style=\"padding-left: 30px;\"><span style=\"color: #ffcc99;\">.<\/span><\/p>\n<p style=\"padding-left: 30px; text-align: center;\"><span style=\"font-family: times new roman,times,serif; font-size: 14pt; color: #0000ff;\"><strong>Qu\u2019attendre d\u2019une \u00e9glise qui a embarqu\u00e9 sur le Titanic pendant que nous souquons ferme dans la barque de Pierre\u00a0?<\/strong><\/span><\/p>\n","protected":false},"excerpt":{"rendered":"<p>. \u00a0 Le m\u00eame jour, deux informations nous sont parvenues. La premi\u00e8re transmise par des parents, tr\u00e8s surpris d\u2019apprendre que les confirmations du dioc\u00e8se se d\u00e9rouleront le jour de Pentec\u00f4te. Pour l\u2019occasion, l\u2019importante salle du Zenit a \u00e9t\u00e9 lou\u00e9e. Pour couvrir les frais inh\u00e9rents, leur \u00e9v\u00eaque n\u2019a pas h\u00e9sit\u00e9 \u00e0 leur adresser une lettre d\u2019appel <span class=\"ellipsis\">&hellip;<\/span> <span class=\"more-link-wrap\"><a href=\"http:\/\/WWW.derivesdansleglisecatholique.fr\/?page_id=1007\" class=\"more-link\"><span>Read More &rarr;<\/span><\/a><\/span><\/p>\n","protected":false},"author":2,"featured_media":0,"parent":0,"menu_order":0,"comment_status":"closed","ping_status":"closed","template":"","meta":{"footnotes":""},"class_list":["post-1007","page","type-page","status-publish","hentry"],"yoast_head":"<!-- This site is optimized with the Yoast SEO plugin v27.4 - https:\/\/yoast.com\/product\/yoast-seo-wordpress\/ -->\n<title>Quelle ind\u00e9cence ! - D\u00e9rives dans l&#039;eglise catholique<\/title>\n<meta name=\"robots\" content=\"index, follow, max-snippet:-1, max-image-preview:large, max-video-preview:-1\" \/>\n<link rel=\"canonical\" href=\"http:\/\/WWW.derivesdansleglisecatholique.fr\/?page_id=1007\" \/>\n<meta property=\"og:locale\" content=\"fr_FR\" \/>\n<meta property=\"og:type\" content=\"article\" \/>\n<meta property=\"og:title\" content=\"Quelle ind\u00e9cence ! - D\u00e9rives dans l&#039;eglise catholique\" \/>\n<meta property=\"og:description\" content=\". \u00a0 Le m\u00eame jour, deux informations nous sont parvenues. La premi\u00e8re transmise par des parents, tr\u00e8s surpris d\u2019apprendre que les confirmations du dioc\u00e8se se d\u00e9rouleront le jour de Pentec\u00f4te. Pour l\u2019occasion, l\u2019importante salle du Zenit a \u00e9t\u00e9 lou\u00e9e. Pour couvrir les frais inh\u00e9rents, leur \u00e9v\u00eaque n\u2019a pas h\u00e9sit\u00e9 \u00e0 leur adresser une lettre d\u2019appel &hellip; Read More &rarr;\" \/>\n<meta property=\"og:url\" content=\"http:\/\/WWW.derivesdansleglisecatholique.fr\/?page_id=1007\" \/>\n<meta property=\"og:site_name\" content=\"D\u00e9rives dans l&#039;eglise catholique\" \/>\n<meta property=\"article:modified_time\" content=\"2017-05-15T09:55:47+00:00\" \/>\n<meta name=\"twitter:label1\" content=\"Dur\u00e9e de lecture estim\u00e9e\" \/>\n\t<meta name=\"twitter:data1\" content=\"4 minutes\" \/>\n<script type=\"application\/ld+json\" class=\"yoast-schema-graph\">{\"@context\":\"https:\\\/\\\/schema.org\",\"@graph\":[{\"@type\":\"WebPage\",\"@id\":\"http:\\\/\\\/WWW.derivesdansleglisecatholique.fr\\\/?page_id=1007\",\"url\":\"http:\\\/\\\/WWW.derivesdansleglisecatholique.fr\\\/?page_id=1007\",\"name\":\"Quelle ind\u00e9cence ! - D\u00e9rives dans l&#039;eglise catholique\",\"isPartOf\":{\"@id\":\"https:\\\/\\\/WWW.derivesdansleglisecatholique.fr\\\/#website\"},\"datePublished\":\"2017-05-15T09:34:23+00:00\",\"dateModified\":\"2017-05-15T09:55:47+00:00\",\"breadcrumb\":{\"@id\":\"http:\\\/\\\/WWW.derivesdansleglisecatholique.fr\\\/?page_id=1007#breadcrumb\"},\"inLanguage\":\"fr-FR\",\"potentialAction\":[{\"@type\":\"ReadAction\",\"target\":[\"http:\\\/\\\/WWW.derivesdansleglisecatholique.fr\\\/?page_id=1007\"]}]},{\"@type\":\"BreadcrumbList\",\"@id\":\"http:\\\/\\\/WWW.derivesdansleglisecatholique.fr\\\/?page_id=1007#breadcrumb\",\"itemListElement\":[{\"@type\":\"ListItem\",\"position\":1,\"name\":\"Accueil\",\"item\":\"https:\\\/\\\/WWW.derivesdansleglisecatholique.fr\\\/\"},{\"@type\":\"ListItem\",\"position\":2,\"name\":\"Quelle ind\u00e9cence !\"}]},{\"@type\":\"WebSite\",\"@id\":\"https:\\\/\\\/WWW.derivesdansleglisecatholique.fr\\\/#website\",\"url\":\"https:\\\/\\\/WWW.derivesdansleglisecatholique.fr\\\/\",\"name\":\"D\u00e9rives dans l&#039;eglise catholique\",\"description\":\"Justice et V\u00e9rit\u00e9 pour les familles\",\"potentialAction\":[{\"@type\":\"SearchAction\",\"target\":{\"@type\":\"EntryPoint\",\"urlTemplate\":\"https:\\\/\\\/WWW.derivesdansleglisecatholique.fr\\\/?s={search_term_string}\"},\"query-input\":{\"@type\":\"PropertyValueSpecification\",\"valueRequired\":true,\"valueName\":\"search_term_string\"}}],\"inLanguage\":\"fr-FR\"}]}<\/script>\n<!-- \/ Yoast SEO plugin. -->","yoast_head_json":{"title":"Quelle ind\u00e9cence ! - D\u00e9rives dans l&#039;eglise catholique","robots":{"index":"index","follow":"follow","max-snippet":"max-snippet:-1","max-image-preview":"max-image-preview:large","max-video-preview":"max-video-preview:-1"},"canonical":"http:\/\/WWW.derivesdansleglisecatholique.fr\/?page_id=1007","og_locale":"fr_FR","og_type":"article","og_title":"Quelle ind\u00e9cence ! - D\u00e9rives dans l&#039;eglise catholique","og_description":". \u00a0 Le m\u00eame jour, deux informations nous sont parvenues. La premi\u00e8re transmise par des parents, tr\u00e8s surpris d\u2019apprendre que les confirmations du dioc\u00e8se se d\u00e9rouleront le jour de Pentec\u00f4te. Pour l\u2019occasion, l\u2019importante salle du Zenit a \u00e9t\u00e9 lou\u00e9e. Pour couvrir les frais inh\u00e9rents, leur \u00e9v\u00eaque n\u2019a pas h\u00e9sit\u00e9 \u00e0 leur adresser une lettre d\u2019appel &hellip; Read More &rarr;","og_url":"http:\/\/WWW.derivesdansleglisecatholique.fr\/?page_id=1007","og_site_name":"D\u00e9rives dans l&#039;eglise catholique","article_modified_time":"2017-05-15T09:55:47+00:00","twitter_misc":{"Dur\u00e9e de lecture estim\u00e9e":"4 minutes"},"schema":{"@context":"https:\/\/schema.org","@graph":[{"@type":"WebPage","@id":"http:\/\/WWW.derivesdansleglisecatholique.fr\/?page_id=1007","url":"http:\/\/WWW.derivesdansleglisecatholique.fr\/?page_id=1007","name":"Quelle ind\u00e9cence ! - D\u00e9rives dans l&#039;eglise catholique","isPartOf":{"@id":"https:\/\/WWW.derivesdansleglisecatholique.fr\/#website"},"datePublished":"2017-05-15T09:34:23+00:00","dateModified":"2017-05-15T09:55:47+00:00","breadcrumb":{"@id":"http:\/\/WWW.derivesdansleglisecatholique.fr\/?page_id=1007#breadcrumb"},"inLanguage":"fr-FR","potentialAction":[{"@type":"ReadAction","target":["http:\/\/WWW.derivesdansleglisecatholique.fr\/?page_id=1007"]}]},{"@type":"BreadcrumbList","@id":"http:\/\/WWW.derivesdansleglisecatholique.fr\/?page_id=1007#breadcrumb","itemListElement":[{"@type":"ListItem","position":1,"name":"Accueil","item":"https:\/\/WWW.derivesdansleglisecatholique.fr\/"},{"@type":"ListItem","position":2,"name":"Quelle ind\u00e9cence !"}]},{"@type":"WebSite","@id":"https:\/\/WWW.derivesdansleglisecatholique.fr\/#website","url":"https:\/\/WWW.derivesdansleglisecatholique.fr\/","name":"D\u00e9rives dans l&#039;eglise catholique","description":"Justice et V\u00e9rit\u00e9 pour les familles","potentialAction":[{"@type":"SearchAction","target":{"@type":"EntryPoint","urlTemplate":"https:\/\/WWW.derivesdansleglisecatholique.fr\/?s={search_term_string}"},"query-input":{"@type":"PropertyValueSpecification","valueRequired":true,"valueName":"search_term_string"}}],"inLanguage":"fr-FR"}]}},"_links":{"self":[{"href":"http:\/\/WWW.derivesdansleglisecatholique.fr\/index.php?rest_route=\/wp\/v2\/pages\/1007","targetHints":{"allow":["GET"]}}],"collection":[{"href":"http:\/\/WWW.derivesdansleglisecatholique.fr\/index.php?rest_route=\/wp\/v2\/pages"}],"about":[{"href":"http:\/\/WWW.derivesdansleglisecatholique.fr\/index.php?rest_route=\/wp\/v2\/types\/page"}],"author":[{"embeddable":true,"href":"http:\/\/WWW.derivesdansleglisecatholique.fr\/index.php?rest_route=\/wp\/v2\/users\/2"}],"replies":[{"embeddable":true,"href":"http:\/\/WWW.derivesdansleglisecatholique.fr\/index.php?rest_route=%2Fwp%2Fv2%2Fcomments&post=1007"}],"version-history":[{"count":12,"href":"http:\/\/WWW.derivesdansleglisecatholique.fr\/index.php?rest_route=\/wp\/v2\/pages\/1007\/revisions"}],"predecessor-version":[{"id":1021,"href":"http:\/\/WWW.derivesdansleglisecatholique.fr\/index.php?rest_route=\/wp\/v2\/pages\/1007\/revisions\/1021"}],"wp:attachment":[{"href":"http:\/\/WWW.derivesdansleglisecatholique.fr\/index.php?rest_route=%2Fwp%2Fv2%2Fmedia&parent=1007"}],"curies":[{"name":"wp","href":"https:\/\/api.w.org\/{rel}","templated":true}]}}