{"id":1039,"date":"2017-05-23T20:35:04","date_gmt":"2017-05-23T19:35:04","guid":{"rendered":"http:\/\/WWW.derivesdansleglisecatholique.fr\/?page_id=1039"},"modified":"2017-05-23T20:51:54","modified_gmt":"2017-05-23T19:51:54","slug":"la-doctrine-et-limposture","status":"publish","type":"page","link":"http:\/\/WWW.derivesdansleglisecatholique.fr\/?page_id=1039","title":{"rendered":"La doctrine et l\u2019imposture"},"content":{"rendered":"<p><strong><span style=\"color: #ffcc99;\">.<\/span><br \/>\n<\/strong><\/p>\n<p style=\"padding-left: 30px;\"><span style=\"font-family: times new roman,times,serif; font-size: 12pt; color: #0000ff;\"><strong>Les ap\u00f4tres du Christ et les nouveaux \u00e9vang\u00e9lisateurs<\/strong><\/span><\/p>\n<p style=\"padding-left: 30px;\"><span style=\"color: #ffcc99;\">.<\/span><\/p>\n<p style=\"padding-left: 30px;\"><span style=\"font-family: times new roman,times,serif; font-size: 12pt;\">Saint Gr\u00e9goire le Grand (v. 540-604), pape et docteur de l&rsquo;\u00c9glise <\/span><br \/>\n<span style=\"font-family: times new roman,times,serif; font-size: 12pt;\"> Hom\u00e9lies sur les \u00e9vangiles, n\u00b0 27 ; PL 76, 1204 (trad. Jean expliqu\u00e9, DDB 1985, p. 119 rev.)<\/span><\/p>\n<p style=\"padding-left: 30px;\"><span style=\"color: #ffcc99;\">.<\/span><\/p>\n<p style=\"padding-left: 30px;\"><span style=\"font-family: times new roman,times,serif; font-size: 12pt;\"><strong>\u00ab Mon commandement, le voici : aimez-vous les uns les autres comme je vous ai aim\u00e9s \u00bb<\/strong><\/span><\/p>\n<p style=\"padding-left: 30px;\"><span style=\"font-family: times new roman,times,serif; font-size: 12pt;\"><strong><em>\u00ab\u00a0Toutes les paroles sacr\u00e9es de l&rsquo;\u00c9vangile sont remplies des commandements du Seigneur. Pourquoi donc le Seigneur dit-il que l&rsquo;amour est son commandement \u00e0 lui ? \u00ab Voici quel est mon commandement : vous aimer les uns les autres. \u00bb C&rsquo;est que tout commandement d\u00e9coule du seul amour, que tous les pr\u00e9ceptes n&rsquo;en sont qu&rsquo;un, et qu&rsquo;ils reposent sur le seul fondement de la charit\u00e9. Les branches d&rsquo;un arbre sortent de la m\u00eame racine : ainsi toutes les vertus naissent de la seule charit\u00e9. La branche d&rsquo;une bonne \u0153uvre ne reste pas verte, si elle se d\u00e9tache de la racine de la charit\u00e9. Les commandements du Seigneur sont donc multiples, et en m\u00eame temps ils sont un \u2013 multiples par la diversit\u00e9 de leurs \u0153uvres, un dans la racine de l\u2019amour.\u00a0\u00bb<br \/>\n<span style=\"color: #ffcc99;\">.<\/span><br \/>\n<\/em><\/strong><\/span><\/p>\n<p style=\"padding-left: 30px;\"><span style=\"font-family: times new roman,times,serif; font-size: 12pt;\">C\u2019est la doctrine de l\u2019Eglise depuis deux mille ans. Bien des temp\u00eates l\u2019ont touch\u00e9e, elle demeure. Elle nous a \u00e9t\u00e9 transmise \u00e0 travers le temps par la fid\u00e9lit\u00e9 des croyants qui ont essay\u00e9 de la vivre. C\u2019est ce que\u00a0 la liturgie de l\u2019Eglise rappelle tous les jours.<\/span><\/p>\n<p style=\"padding-left: 30px;\"><span style=\"color: #ffcc99;\">.<\/span><\/p>\n<p style=\"padding-left: 30px;\"><span style=\"font-family: times new roman,times,serif; font-size: 12pt;\">\u00a0Chacun sait, croyant ou pas, que l\u2019amour reste la source de la vie. Les futurs mari\u00e9s, pour leur c\u00e9r\u00e9monie de mariages, choisissent souvent le texte de St Paul appel\u00e9 aussi <em><strong>\u00a0\u00ab\u00a0Hymne \u00e0 la Charit\u00e9 \u00bb<\/strong><\/em>\u00a0 (1 Co 13, 1-13) :<\/span><\/p>\n<p style=\"padding-left: 30px;\"><span style=\"color: #ffcc99;\">.<\/span><\/p>\n<p style=\"padding-left: 30px;\"><span style=\"font-family: times new roman,times,serif; font-size: 12pt;\"> <em><strong>\u00ab\u00a0Quand je parlerais les langues des hommes et des anges, si je n&rsquo;ai pas la charit\u00e9, je ne suis plus qu&rsquo;airain qui sonne ou cymbale qui retentit. (2) Quand j&rsquo;aurais le don de proph\u00e9tie et que je conna\u00eetrais tous les myst\u00e8res et toute la science, quand j&rsquo;aurais la pl\u00e9nitude de la foi, une foi \u00e0 transporter des montagnes, si je n&rsquo;ai pas la charit\u00e9, je ne suis rien. (3) Quand je distribuerais tous mes biens en aum\u00f4nes, quand je livrerais mon corps aux flammes, si je n&rsquo;ai pas la charit\u00e9, cela ne me sert de rien. (4) La charit\u00e9 est longanime\u00a0; la charit\u00e9 est serviable\u00a0; elle n&rsquo;est pas envieuse\u00a0; la charit\u00e9 ne fanfaronne pas, ne se gonfle pas\u00a0; (5) elle ne fait rien d&rsquo;inconvenant, ne cherche pas son int\u00e9r\u00eat, ne s&rsquo;irrite pas, ne tient pas compte du mal\u00a0; (6) elle ne se r\u00e9jouit pas de l&rsquo;injustice, mais elle met sa joie dans la v\u00e9rit\u00e9. (7) Elle excuse tout, croit tout, esp\u00e8re tout, supporte tout. (8) La charit\u00e9 ne passe jamais. Les proph\u00e9ties\u00a0? Elles dispara\u00eetront. Les langues\u00a0? Elles se tairont. La science\u00a0? Elle dispara\u00eetra. (9)(\u2026) Maintenant donc demeurent foi, esp\u00e9rance, charit\u00e9, ces trois choses, mais la plus grande d&rsquo;entre elles, c&rsquo;est la charit\u00e9. \u00bb<\/strong><\/em><\/span><\/p>\n<p style=\"padding-left: 30px;\"><span style=\"color: #ffcc99;\">.<\/span><\/p>\n<p style=\"padding-left: 30px;\"><span style=\"font-family: times new roman,times,serif; font-size: 12pt;\">Ceci pour ne citer que la Premi\u00e8re lettre de Saint Paul aux Corinthiens\u00a0(1 Co 13, 1-13) traduite par la Bible de J\u00e9rusalem.<\/span><\/p>\n<p style=\"padding-left: 30px;\"><span style=\"color: #ffcc99;\">.<\/span><\/p>\n<p style=\"padding-left: 30px;\"><span style=\"font-family: times new roman,times,serif; font-size: 12pt;\">Ces colonnes de l\u2019Eglise, que furent les ap\u00f4tres, et \u00e0 leur suite, tous ceux qui nous ont transmis la foi, les connus et les inconnus, les saints qui ont marqu\u00e9 leurs \u00e9poques et balis\u00e9 les si\u00e8cles, tout comme les petits, les pauvres, dans l\u2019humble besogne quotidienne, ont annonc\u00e9 le Christ mort et ressuscit\u00e9. Ils ont annonc\u00e9 l\u2019Evangile dans sa v\u00e9rit\u00e9,\u00a0 sa justice et l\u2019amour de Dieu et du prochain. Ils l\u2019ont parfois pay\u00e9 de leur vie.<\/span><\/p>\n<p style=\"padding-left: 30px;\"><span style=\"font-family: times new roman,times,serif; font-size: 12pt; color: #ffcc99;\"><strong>\u00a0.<\/strong><\/span><\/p>\n<p style=\"padding-left: 30px;\"><span style=\"font-family: times new roman,times,serif; font-size: 12pt; color: #0000ff;\"><strong>L\u2019imposture des nouveaux \u00e9vang\u00e9lisateurs<\/strong>\u00a0<\/span><\/p>\n<p style=\"padding-left: 30px;\"><span style=\"font-family: times new roman,times,serif; font-size: 12pt;\">Au nom de Dieu, ils s\u00e9duisent avec leurs \u00ab\u00a0t\u00e9moignages\u00a0\u00bb aussi vides qu\u2019\u00e9motionnels. Ils tiennent les premi\u00e8res places dans les \u00e9glises, les rassemblements, comme\u00a0 en tous lieux o\u00f9 on les encense. Que pr\u00eachent-ils\u00a0? Une doctrine d\u00e9bile de \u00ab\u00a0blessures-gu\u00e9risons\u00a0\u00bb, soumise \u00e0 leur besoin de bien-\u00eatre. Un \u00ab\u00a0Dieu\u00a0\u00bb gu\u00e9risseur\u00a0\u00bb et tellement bavard\u00a0! Des \u00ab\u00a0miracles\u00a0\u00bb, des \u00ab\u00a0proph\u00e9ties\u00a0\u00bb, des \u00ab\u00a0paroles de connaissance\u00a0\u00bb, des g\u00e2teries sucr\u00e9es mais \u2026payantes\u00a0! \u00ab\u00a0Dieu\u00a0\u00bb se vend\u00a0\u00bb bien dans ces r\u00e9seaux. Voir<span style=\"font-size: 10pt;\"> <a href=\"http:\/\/www.derivesdansleglisecatholique.fr\/?page_id=307\">\u00ab\u00a0le renouveau charismatique d\u00e9voil\u00e9\u00a0\u00bb <\/a><\/span><\/span><\/p>\n<p style=\"padding-left: 30px;\"><span style=\"color: #ffcc99;\">.<\/span><\/p>\n<p style=\"padding-left: 30px;\"><span style=\"font-family: times new roman,times,serif; font-size: 12pt;\">Ce \u00ab\u00a0Dieu gu\u00e9risseur\u00a0\u00bb a besoin d\u2019une \u00a0louange tr\u00e8s particuli\u00e8re, voir <span style=\"font-size: 10pt;\"><a href=\"http:\/\/www.derivesdansleglisecatholique.fr\/?page_id=352\">\u00abLa louange qui gu\u00e9rit\u00a0\u00bb<\/a><\/span><br \/>\n<\/span><\/p>\n<p style=\"padding-left: 30px;\"><span style=\"font-family: times new roman,times,serif; font-size: 12pt;\">Il ne parle pas, comme Dieu \u00e0 Elie, dans \u00a0\u00ab le murmure d\u2019une\u00a0brise l\u00e9g\u00e8re\u00a0\u00bb (premier livre des Rois-ch.19). Son \u00ab\u00a0Esprit-Saint\u00a0\u00bb le pr\u00e9c\u00e8de dans des \u00ab\u00a0musiques\u00a0\u00bb effr\u00e9n\u00e9es \u00e9voquant l\u2019ouragan de ce m\u00eame texte biblique qui continue\u00a0 \u00ab\u00a0Mais le Seigneur n\u2019\u00e9tait pas dans l\u2019ouragan\u00a0\u00bb. Pas plus qu\u2019il n\u2019est dans ces danses d\u00e9chain\u00e9es, sous des \u00e9clairages violents et d\u00e9stabilisants. Alors \u00e0 quoi sert ce tintamarre\u00a0?<\/span><\/p>\n<p style=\"padding-left: 30px;\"><span style=\"color: #ffcc99;\">.<\/span><\/p>\n<p style=\"padding-left: 30px;\"><span style=\"font-family: times new roman,times,serif; font-size: 12pt;\">La r\u00e9ponse \u00e0 lire dans <span style=\"font-size: 10pt;\"><a href=\"http:\/\/www.derivesdansleglisecatholique.fr\/?page_id=861\">\u00ab\u00a0La musique et la transe\u00a0\u00bb <\/a><\/span><\/span><\/p>\n<p style=\"padding-left: 30px;\"><span style=\"font-family: times new roman,times,serif; font-size: 12pt;\">C\u2019est ainsi que les nouveaux \u00e9vang\u00e9lisateurs s\u2019annoncent eux-m\u00eames, et entrainent des foules.<\/span><\/p>\n<p style=\"padding-left: 30px;\"><span style=\"font-family: times new roman,times,serif; font-size: 12pt; color: #ffcc99;\"><strong>\u00a0.<\/strong><\/span><\/p>\n<p style=\"padding-left: 30px;\"><span style=\"font-family: times new roman,times,serif; font-size: 12pt; color: #0000ff;\"><strong>Qu\u2019en est-il de l\u2019application de leur doctrine\u00a0?<\/strong><\/span><\/p>\n<p style=\"padding-left: 30px;\"><span style=\"font-family: times new roman,times,serif; font-size: 12pt;\">\u00a0St Gr\u00e9goire nous dit <strong><em>\u00ab\u00a0 (\u2026) que tout commandement d\u00e9coule du seul amour, que tous les pr\u00e9ceptes n&rsquo;en sont qu&rsquo;un, et qu&rsquo;ils reposent sur le seul fondement de la charit\u00e9\u00a0\u00bb<\/em><\/strong>. Pour savoir ce que les nouveaux \u00e9vang\u00e9lisateurs en font concr\u00e8tement, voir :<\/span><\/p>\n<p style=\"padding-left: 30px;\"><span style=\"font-size: 12pt;\"><a href=\"http:\/\/www.derivesdansleglisecatholique.fr\/?page_id=857\"><span style=\"font-family: times new roman,times,serif;\">\u00ab\u00a0Les mots trompeurs\u00a0\u00bb <\/span><\/a><\/span><\/p>\n<p style=\"padding-left: 30px;\"><span style=\"font-family: times new roman,times,serif; font-size: 12pt; color: #ffcc99;\"><strong>\u00a0.<\/strong><\/span><\/p>\n<p style=\"padding-left: 30px;\"><span style=\"font-family: times new roman,times,serif; font-size: 12pt; color: #0000ff;\"><strong>Qu\u2019en est-il de leur finalit\u00e9\u00a0?<\/strong><\/span><\/p>\n<p style=\"padding-left: 30px;\"><span style=\"font-family: times new roman,times,serif; font-size: 12pt;\">A lire pour savoir\u00a0:<\/span><\/p>\n<p style=\"padding-left: 30px;\"><span style=\"font-size: 12pt;\"><a href=\"http:\/\/www.derivesdansleglisecatholique.fr\/?page_id=562\"><span style=\"font-family: times new roman,times,serif;\">\u00a0\u00ab\u00a0Le Nouvel Age dans l\u2019Eglise\u00a0\u00bb <\/span><\/a><\/span><\/p>\n<p style=\"padding-left: 30px;\"><span style=\"font-family: times new roman,times,serif; font-size: 12pt;\"><span style=\"font-size: 10pt;\">\u00a0<\/span><a href=\"http:\/\/www.derivesdansleglisecatholique.fr\/?page_id=551\"><span style=\"font-size: 10pt;\">\u00ab\u00a0Une O.P.A. sur l\u2019Eglise\u00a0\u00bb<\/span> <\/a><\/span><\/p>\n<p style=\"padding-left: 30px;\"><span style=\"font-family: times new roman,times,serif; font-size: 12pt; color: #ffcc99;\"><strong>\u00a0.<\/strong><\/span><\/p>\n<p style=\"padding-left: 30px;\"><span style=\"font-family: times new roman,times,serif; font-size: 12pt;\"><strong>Pour ceux qui reste fid\u00e8les \u00e0 la foi des ap\u00f4tres, \u00e0 retenir et \u00e0 vivre la parole de St Paul\u00a0: <\/strong><\/span><\/p>\n<p style=\"padding-left: 30px;\"><span style=\"font-family: times new roman,times,serif; font-size: 12pt; color: #ffcc99;\"><em><strong>\u00a0.<\/strong><\/em><\/span><\/p>\n<p style=\"padding-left: 30px; text-align: center;\"><span style=\"font-family: times new roman,times,serif; font-size: 14pt; color: #0000ff;\"><em><strong>\u00ab\u00a0La charit\u00e9 ne passe jamais. Les proph\u00e9ties\u00a0? Elles dispara\u00eetront. <\/strong><\/em><\/span><\/p>\n<p style=\"padding-left: 30px; text-align: center;\"><span style=\"font-family: times new roman,times,serif; font-size: 14pt; color: #0000ff;\"><em><strong>Les langues\u00a0? Elles se tairont. La science\u00a0? Elle dispara\u00eetra. (9)(\u2026) <\/strong><\/em><\/span><\/p>\n<p style=\"padding-left: 30px; text-align: center;\"><span style=\"font-family: times new roman,times,serif; font-size: 14pt; color: #0000ff;\"><em><strong>Maintenant donc demeurent foi, esp\u00e9rance, charit\u00e9,\u00a0 <\/strong><\/em><\/span><\/p>\n<p style=\"padding-left: 30px; text-align: center;\"><span style=\"font-family: times new roman,times,serif; font-size: 14pt; color: #0000ff;\"><em><strong>mais la plus grande d&rsquo;entre elles, c&rsquo;est la charit\u00e9. \u00bb<\/strong><\/em><\/span><\/p>\n<p>&nbsp;<\/p>\n<p style=\"padding-left: 30px; text-align: center;\"><span style=\"color: #ffcc99;\">.<\/span><\/p>\n","protected":false},"excerpt":{"rendered":"<p>. Les ap\u00f4tres du Christ et les nouveaux \u00e9vang\u00e9lisateurs . Saint Gr\u00e9goire le Grand (v. 540-604), pape et docteur de l&rsquo;\u00c9glise Hom\u00e9lies sur les \u00e9vangiles, n\u00b0 27 ; PL 76, 1204 (trad. Jean expliqu\u00e9, DDB 1985, p. 119 rev.) . \u00ab Mon commandement, le voici : aimez-vous les uns les autres comme je vous ai <span class=\"ellipsis\">&hellip;<\/span> <span class=\"more-link-wrap\"><a href=\"http:\/\/WWW.derivesdansleglisecatholique.fr\/?page_id=1039\" class=\"more-link\"><span>Read More &rarr;<\/span><\/a><\/span><\/p>\n","protected":false},"author":2,"featured_media":0,"parent":0,"menu_order":0,"comment_status":"closed","ping_status":"closed","template":"","meta":{"footnotes":""},"class_list":["post-1039","page","type-page","status-publish","hentry"],"yoast_head":"<!-- This site is optimized with the Yoast SEO plugin v27.4 - https:\/\/yoast.com\/product\/yoast-seo-wordpress\/ -->\n<title>La doctrine et l\u2019imposture - D\u00e9rives dans l&#039;eglise catholique<\/title>\n<meta name=\"robots\" content=\"index, follow, max-snippet:-1, max-image-preview:large, max-video-preview:-1\" \/>\n<link rel=\"canonical\" href=\"http:\/\/WWW.derivesdansleglisecatholique.fr\/?page_id=1039\" \/>\n<meta property=\"og:locale\" content=\"fr_FR\" \/>\n<meta property=\"og:type\" content=\"article\" \/>\n<meta property=\"og:title\" content=\"La doctrine et l\u2019imposture - D\u00e9rives dans l&#039;eglise catholique\" \/>\n<meta property=\"og:description\" content=\". Les ap\u00f4tres du Christ et les nouveaux \u00e9vang\u00e9lisateurs . Saint Gr\u00e9goire le Grand (v. 540-604), pape et docteur de l&rsquo;\u00c9glise Hom\u00e9lies sur les \u00e9vangiles, n\u00b0 27 ; PL 76, 1204 (trad. Jean expliqu\u00e9, DDB 1985, p. 119 rev.) . \u00ab Mon commandement, le voici : aimez-vous les uns les autres comme je vous ai &hellip; Read More &rarr;\" \/>\n<meta property=\"og:url\" content=\"http:\/\/WWW.derivesdansleglisecatholique.fr\/?page_id=1039\" \/>\n<meta property=\"og:site_name\" content=\"D\u00e9rives dans l&#039;eglise catholique\" \/>\n<meta property=\"article:modified_time\" content=\"2017-05-23T19:51:54+00:00\" \/>\n<meta name=\"twitter:label1\" content=\"Dur\u00e9e de lecture estim\u00e9e\" \/>\n\t<meta name=\"twitter:data1\" content=\"5 minutes\" \/>\n<script type=\"application\/ld+json\" class=\"yoast-schema-graph\">{\"@context\":\"https:\\\/\\\/schema.org\",\"@graph\":[{\"@type\":\"WebPage\",\"@id\":\"http:\\\/\\\/WWW.derivesdansleglisecatholique.fr\\\/?page_id=1039\",\"url\":\"http:\\\/\\\/WWW.derivesdansleglisecatholique.fr\\\/?page_id=1039\",\"name\":\"La doctrine et l\u2019imposture - D\u00e9rives dans l&#039;eglise catholique\",\"isPartOf\":{\"@id\":\"http:\\\/\\\/WWW.derivesdansleglisecatholique.fr\\\/#website\"},\"datePublished\":\"2017-05-23T19:35:04+00:00\",\"dateModified\":\"2017-05-23T19:51:54+00:00\",\"breadcrumb\":{\"@id\":\"http:\\\/\\\/WWW.derivesdansleglisecatholique.fr\\\/?page_id=1039#breadcrumb\"},\"inLanguage\":\"fr-FR\",\"potentialAction\":[{\"@type\":\"ReadAction\",\"target\":[\"http:\\\/\\\/WWW.derivesdansleglisecatholique.fr\\\/?page_id=1039\"]}]},{\"@type\":\"BreadcrumbList\",\"@id\":\"http:\\\/\\\/WWW.derivesdansleglisecatholique.fr\\\/?page_id=1039#breadcrumb\",\"itemListElement\":[{\"@type\":\"ListItem\",\"position\":1,\"name\":\"Accueil\",\"item\":\"http:\\\/\\\/WWW.derivesdansleglisecatholique.fr\\\/\"},{\"@type\":\"ListItem\",\"position\":2,\"name\":\"La doctrine et l\u2019imposture\"}]},{\"@type\":\"WebSite\",\"@id\":\"http:\\\/\\\/WWW.derivesdansleglisecatholique.fr\\\/#website\",\"url\":\"http:\\\/\\\/WWW.derivesdansleglisecatholique.fr\\\/\",\"name\":\"D\u00e9rives dans l&#039;eglise catholique\",\"description\":\"Justice et V\u00e9rit\u00e9 pour les familles\",\"potentialAction\":[{\"@type\":\"SearchAction\",\"target\":{\"@type\":\"EntryPoint\",\"urlTemplate\":\"http:\\\/\\\/WWW.derivesdansleglisecatholique.fr\\\/?s={search_term_string}\"},\"query-input\":{\"@type\":\"PropertyValueSpecification\",\"valueRequired\":true,\"valueName\":\"search_term_string\"}}],\"inLanguage\":\"fr-FR\"}]}<\/script>\n<!-- \/ Yoast SEO plugin. -->","yoast_head_json":{"title":"La doctrine et l\u2019imposture - D\u00e9rives dans l&#039;eglise catholique","robots":{"index":"index","follow":"follow","max-snippet":"max-snippet:-1","max-image-preview":"max-image-preview:large","max-video-preview":"max-video-preview:-1"},"canonical":"http:\/\/WWW.derivesdansleglisecatholique.fr\/?page_id=1039","og_locale":"fr_FR","og_type":"article","og_title":"La doctrine et l\u2019imposture - D\u00e9rives dans l&#039;eglise catholique","og_description":". Les ap\u00f4tres du Christ et les nouveaux \u00e9vang\u00e9lisateurs . Saint Gr\u00e9goire le Grand (v. 540-604), pape et docteur de l&rsquo;\u00c9glise Hom\u00e9lies sur les \u00e9vangiles, n\u00b0 27 ; PL 76, 1204 (trad. Jean expliqu\u00e9, DDB 1985, p. 119 rev.) . \u00ab Mon commandement, le voici : aimez-vous les uns les autres comme je vous ai &hellip; Read More &rarr;","og_url":"http:\/\/WWW.derivesdansleglisecatholique.fr\/?page_id=1039","og_site_name":"D\u00e9rives dans l&#039;eglise catholique","article_modified_time":"2017-05-23T19:51:54+00:00","twitter_misc":{"Dur\u00e9e de lecture estim\u00e9e":"5 minutes"},"schema":{"@context":"https:\/\/schema.org","@graph":[{"@type":"WebPage","@id":"http:\/\/WWW.derivesdansleglisecatholique.fr\/?page_id=1039","url":"http:\/\/WWW.derivesdansleglisecatholique.fr\/?page_id=1039","name":"La doctrine et l\u2019imposture - D\u00e9rives dans l&#039;eglise catholique","isPartOf":{"@id":"http:\/\/WWW.derivesdansleglisecatholique.fr\/#website"},"datePublished":"2017-05-23T19:35:04+00:00","dateModified":"2017-05-23T19:51:54+00:00","breadcrumb":{"@id":"http:\/\/WWW.derivesdansleglisecatholique.fr\/?page_id=1039#breadcrumb"},"inLanguage":"fr-FR","potentialAction":[{"@type":"ReadAction","target":["http:\/\/WWW.derivesdansleglisecatholique.fr\/?page_id=1039"]}]},{"@type":"BreadcrumbList","@id":"http:\/\/WWW.derivesdansleglisecatholique.fr\/?page_id=1039#breadcrumb","itemListElement":[{"@type":"ListItem","position":1,"name":"Accueil","item":"http:\/\/WWW.derivesdansleglisecatholique.fr\/"},{"@type":"ListItem","position":2,"name":"La doctrine et l\u2019imposture"}]},{"@type":"WebSite","@id":"http:\/\/WWW.derivesdansleglisecatholique.fr\/#website","url":"http:\/\/WWW.derivesdansleglisecatholique.fr\/","name":"D\u00e9rives dans l&#039;eglise catholique","description":"Justice et V\u00e9rit\u00e9 pour les familles","potentialAction":[{"@type":"SearchAction","target":{"@type":"EntryPoint","urlTemplate":"http:\/\/WWW.derivesdansleglisecatholique.fr\/?s={search_term_string}"},"query-input":{"@type":"PropertyValueSpecification","valueRequired":true,"valueName":"search_term_string"}}],"inLanguage":"fr-FR"}]}},"_links":{"self":[{"href":"http:\/\/WWW.derivesdansleglisecatholique.fr\/index.php?rest_route=\/wp\/v2\/pages\/1039","targetHints":{"allow":["GET"]}}],"collection":[{"href":"http:\/\/WWW.derivesdansleglisecatholique.fr\/index.php?rest_route=\/wp\/v2\/pages"}],"about":[{"href":"http:\/\/WWW.derivesdansleglisecatholique.fr\/index.php?rest_route=\/wp\/v2\/types\/page"}],"author":[{"embeddable":true,"href":"http:\/\/WWW.derivesdansleglisecatholique.fr\/index.php?rest_route=\/wp\/v2\/users\/2"}],"replies":[{"embeddable":true,"href":"http:\/\/WWW.derivesdansleglisecatholique.fr\/index.php?rest_route=%2Fwp%2Fv2%2Fcomments&post=1039"}],"version-history":[{"count":7,"href":"http:\/\/WWW.derivesdansleglisecatholique.fr\/index.php?rest_route=\/wp\/v2\/pages\/1039\/revisions"}],"predecessor-version":[{"id":1048,"href":"http:\/\/WWW.derivesdansleglisecatholique.fr\/index.php?rest_route=\/wp\/v2\/pages\/1039\/revisions\/1048"}],"wp:attachment":[{"href":"http:\/\/WWW.derivesdansleglisecatholique.fr\/index.php?rest_route=%2Fwp%2Fv2%2Fmedia&parent=1039"}],"curies":[{"name":"wp","href":"https:\/\/api.w.org\/{rel}","templated":true}]}}