{"id":1146,"date":"2017-06-22T14:44:16","date_gmt":"2017-06-22T13:44:16","guid":{"rendered":"http:\/\/WWW.derivesdansleglisecatholique.fr\/?page_id=1146"},"modified":"2017-06-22T15:01:38","modified_gmt":"2017-06-22T14:01:38","slug":"appel-aux-parents","status":"publish","type":"page","link":"http:\/\/WWW.derivesdansleglisecatholique.fr\/?page_id=1146","title":{"rendered":"Un appel aux parents"},"content":{"rendered":"<p style=\"padding-left: 30px;\"><span style=\"color: #ffcc99;\">.<\/span><\/p>\n<p style=\"padding-left: 30px;\"><span style=\"font-family: 'times new roman', times, serif; font-size: 16pt;\">Ces gourous qui se savent prot\u00e9g\u00e9s d\u00e9truiront sans vergogne vos familles en manipulant vos enfants. Ils les asserviront tout en salissant, \u00e0 leurs yeux, votre image de parents. \u00a0<\/span><\/p>\n<p style=\"padding-left: 30px;\"><span style=\"font-family: 'times new roman', times, serif; font-size: 16pt;\">Mais, vous ne devez pas avoir peur. Certains parents leur ont r\u00e9sist\u00e9 et continuent leur combat, \u00e0 travers ce site notamment, pour \u00e9viter que d\u2019autres familles ne soient an\u00e9anties mais aussi afin que la v\u00e9rit\u00e9 \u00e9clate au grand jour.<\/span><\/p>\n<p style=\"padding-left: 30px;\"><span style=\"font-family: 'times new roman', times, serif; font-size: 16pt;\">Ce qui rend furieux ces infatu\u00e9s, ce sont les familles heureuses. H\u00e9las\u00a0! L\u2019Eglise leur laisse le pouvoir de les d\u00e9truire par le psycho-spirituel, mal inqualifiable, qui enserre ces jeunes dans ses griffes.<\/span><\/p>\n<p style=\"padding-left: 30px;\"><span style=\"font-family: 'times new roman', times, serif; color: #ffcc99;\">.<\/span><\/p>\n<p style=\"padding-left: 30px; text-align: center;\"><span style=\"font-family: 'times new roman', times, serif; color: #0000ff; font-size: 18pt;\"><strong>Parents, soyez vigilants, battez-vous, \u00a0r\u00e9sistez\u00a0!<\/strong><\/span><\/p>\n<p><span style=\"color: #ffcc99;\">.<\/span><\/p>\n<p style=\"padding-left: 30px;\"><span style=\"font-family: 'times new roman', times, serif; font-size: 16pt;\">Un jour vos enfants retrouveront la lumi\u00e8re. Ils red\u00e9couvriront l\u2019amour. Ils sauront combien vous les aimez. La v\u00e9rit\u00e9 est en route\u00a0! Aidons-la\u00a0! A voir tant de scandales \u00e9touff\u00e9s depuis des ann\u00e9es,\u00a0 qui \u00e9clatent dans\u00a0 les m\u00e9dias, il semble que ce temps soit arriv\u00e9 \u2026 \u00a0<\/span><\/p>\n<p><span style=\"font-family: 'times new roman', times, serif; color: #ffcc99;\">.<\/span><\/p>\n<p style=\"padding-left: 30px; text-align: center;\"><span style=\"color: #0000ff; font-size: 18pt; font-family: 'times new roman', times, serif;\"><strong>Matthieu ch.10 V 26<\/strong><\/span><\/p>\n<p style=\"padding-left: 30px; text-align: center;\"><span style=\"color: #0000ff; font-size: 18pt; font-family: 'times new roman', times, serif;\"><strong>\u00ab\u00a0\u2026Ne les craignez donc point; car il n&rsquo;y a rien de cach\u00e9 qui ne doive \u00eatre d\u00e9couvert, ni de secret qui ne doive \u00eatre connu\u2026\u00a0\u00bb<\/strong><\/span><\/p>\n<p>&nbsp;<\/p>\n<p style=\"padding-left: 30px; text-align: center;\"><span style=\"font-size: 16pt;\"><a href=\"http:\/\/www.derivesdansleglisecatholique.fr\/?page_id=16\"><strong><span style=\"font-family: 'times new roman', times, serif;\">Pour nous contacter<\/span><\/strong><\/a><\/span><\/p>\n<p style=\"padding-left: 30px;\"><span style=\"color: #ffcc99;\">.<\/span><\/p>\n","protected":false},"excerpt":{"rendered":"<p>. Ces gourous qui se savent prot\u00e9g\u00e9s d\u00e9truiront sans vergogne vos familles en manipulant vos enfants. Ils les asserviront tout en salissant, \u00e0 leurs yeux, votre image de parents. \u00a0 Mais, vous ne devez pas avoir peur. Certains parents leur ont r\u00e9sist\u00e9 et continuent leur combat, \u00e0 travers ce site notamment, pour \u00e9viter que d\u2019autres <span class=\"ellipsis\">&hellip;<\/span> <span class=\"more-link-wrap\"><a href=\"http:\/\/WWW.derivesdansleglisecatholique.fr\/?page_id=1146\" class=\"more-link\"><span>Read More &rarr;<\/span><\/a><\/span><\/p>\n","protected":false},"author":3,"featured_media":0,"parent":0,"menu_order":0,"comment_status":"closed","ping_status":"closed","template":"","meta":{"footnotes":""},"class_list":["post-1146","page","type-page","status-publish","hentry"],"yoast_head":"<!-- This site is optimized with the Yoast SEO plugin v27.4 - https:\/\/yoast.com\/product\/yoast-seo-wordpress\/ -->\n<title>Un appel aux parents - D\u00e9rives dans l&#039;eglise catholique<\/title>\n<meta name=\"robots\" content=\"index, follow, max-snippet:-1, max-image-preview:large, max-video-preview:-1\" \/>\n<link rel=\"canonical\" href=\"http:\/\/WWW.derivesdansleglisecatholique.fr\/?page_id=1146\" \/>\n<meta property=\"og:locale\" content=\"fr_FR\" \/>\n<meta property=\"og:type\" content=\"article\" \/>\n<meta property=\"og:title\" content=\"Un appel aux parents - D\u00e9rives dans l&#039;eglise catholique\" \/>\n<meta property=\"og:description\" content=\". Ces gourous qui se savent prot\u00e9g\u00e9s d\u00e9truiront sans vergogne vos familles en manipulant vos enfants. Ils les asserviront tout en salissant, \u00e0 leurs yeux, votre image de parents. \u00a0 Mais, vous ne devez pas avoir peur. Certains parents leur ont r\u00e9sist\u00e9 et continuent leur combat, \u00e0 travers ce site notamment, pour \u00e9viter que d\u2019autres &hellip; Read More &rarr;\" \/>\n<meta property=\"og:url\" content=\"http:\/\/WWW.derivesdansleglisecatholique.fr\/?page_id=1146\" \/>\n<meta property=\"og:site_name\" content=\"D\u00e9rives dans l&#039;eglise catholique\" \/>\n<meta property=\"article:modified_time\" content=\"2017-06-22T14:01:38+00:00\" \/>\n<meta name=\"twitter:label1\" content=\"Dur\u00e9e de lecture estim\u00e9e\" \/>\n\t<meta name=\"twitter:data1\" content=\"1 minute\" \/>\n<script type=\"application\/ld+json\" class=\"yoast-schema-graph\">{\"@context\":\"https:\\\/\\\/schema.org\",\"@graph\":[{\"@type\":\"WebPage\",\"@id\":\"http:\\\/\\\/WWW.derivesdansleglisecatholique.fr\\\/?page_id=1146\",\"url\":\"http:\\\/\\\/WWW.derivesdansleglisecatholique.fr\\\/?page_id=1146\",\"name\":\"Un appel aux parents - D\u00e9rives dans l&#039;eglise catholique\",\"isPartOf\":{\"@id\":\"http:\\\/\\\/WWW.derivesdansleglisecatholique.fr\\\/#website\"},\"datePublished\":\"2017-06-22T13:44:16+00:00\",\"dateModified\":\"2017-06-22T14:01:38+00:00\",\"breadcrumb\":{\"@id\":\"http:\\\/\\\/WWW.derivesdansleglisecatholique.fr\\\/?page_id=1146#breadcrumb\"},\"inLanguage\":\"fr-FR\",\"potentialAction\":[{\"@type\":\"ReadAction\",\"target\":[\"http:\\\/\\\/WWW.derivesdansleglisecatholique.fr\\\/?page_id=1146\"]}]},{\"@type\":\"BreadcrumbList\",\"@id\":\"http:\\\/\\\/WWW.derivesdansleglisecatholique.fr\\\/?page_id=1146#breadcrumb\",\"itemListElement\":[{\"@type\":\"ListItem\",\"position\":1,\"name\":\"Accueil\",\"item\":\"http:\\\/\\\/WWW.derivesdansleglisecatholique.fr\\\/\"},{\"@type\":\"ListItem\",\"position\":2,\"name\":\"Un appel aux parents\"}]},{\"@type\":\"WebSite\",\"@id\":\"http:\\\/\\\/WWW.derivesdansleglisecatholique.fr\\\/#website\",\"url\":\"http:\\\/\\\/WWW.derivesdansleglisecatholique.fr\\\/\",\"name\":\"D\u00e9rives dans l&#039;eglise catholique\",\"description\":\"Justice et V\u00e9rit\u00e9 pour les familles\",\"potentialAction\":[{\"@type\":\"SearchAction\",\"target\":{\"@type\":\"EntryPoint\",\"urlTemplate\":\"http:\\\/\\\/WWW.derivesdansleglisecatholique.fr\\\/?s={search_term_string}\"},\"query-input\":{\"@type\":\"PropertyValueSpecification\",\"valueRequired\":true,\"valueName\":\"search_term_string\"}}],\"inLanguage\":\"fr-FR\"}]}<\/script>\n<!-- \/ Yoast SEO plugin. -->","yoast_head_json":{"title":"Un appel aux parents - D\u00e9rives dans l&#039;eglise catholique","robots":{"index":"index","follow":"follow","max-snippet":"max-snippet:-1","max-image-preview":"max-image-preview:large","max-video-preview":"max-video-preview:-1"},"canonical":"http:\/\/WWW.derivesdansleglisecatholique.fr\/?page_id=1146","og_locale":"fr_FR","og_type":"article","og_title":"Un appel aux parents - D\u00e9rives dans l&#039;eglise catholique","og_description":". Ces gourous qui se savent prot\u00e9g\u00e9s d\u00e9truiront sans vergogne vos familles en manipulant vos enfants. Ils les asserviront tout en salissant, \u00e0 leurs yeux, votre image de parents. \u00a0 Mais, vous ne devez pas avoir peur. Certains parents leur ont r\u00e9sist\u00e9 et continuent leur combat, \u00e0 travers ce site notamment, pour \u00e9viter que d\u2019autres &hellip; Read More &rarr;","og_url":"http:\/\/WWW.derivesdansleglisecatholique.fr\/?page_id=1146","og_site_name":"D\u00e9rives dans l&#039;eglise catholique","article_modified_time":"2017-06-22T14:01:38+00:00","twitter_misc":{"Dur\u00e9e de lecture estim\u00e9e":"1 minute"},"schema":{"@context":"https:\/\/schema.org","@graph":[{"@type":"WebPage","@id":"http:\/\/WWW.derivesdansleglisecatholique.fr\/?page_id=1146","url":"http:\/\/WWW.derivesdansleglisecatholique.fr\/?page_id=1146","name":"Un appel aux parents - D\u00e9rives dans l&#039;eglise catholique","isPartOf":{"@id":"http:\/\/WWW.derivesdansleglisecatholique.fr\/#website"},"datePublished":"2017-06-22T13:44:16+00:00","dateModified":"2017-06-22T14:01:38+00:00","breadcrumb":{"@id":"http:\/\/WWW.derivesdansleglisecatholique.fr\/?page_id=1146#breadcrumb"},"inLanguage":"fr-FR","potentialAction":[{"@type":"ReadAction","target":["http:\/\/WWW.derivesdansleglisecatholique.fr\/?page_id=1146"]}]},{"@type":"BreadcrumbList","@id":"http:\/\/WWW.derivesdansleglisecatholique.fr\/?page_id=1146#breadcrumb","itemListElement":[{"@type":"ListItem","position":1,"name":"Accueil","item":"http:\/\/WWW.derivesdansleglisecatholique.fr\/"},{"@type":"ListItem","position":2,"name":"Un appel aux parents"}]},{"@type":"WebSite","@id":"http:\/\/WWW.derivesdansleglisecatholique.fr\/#website","url":"http:\/\/WWW.derivesdansleglisecatholique.fr\/","name":"D\u00e9rives dans l&#039;eglise catholique","description":"Justice et V\u00e9rit\u00e9 pour les familles","potentialAction":[{"@type":"SearchAction","target":{"@type":"EntryPoint","urlTemplate":"http:\/\/WWW.derivesdansleglisecatholique.fr\/?s={search_term_string}"},"query-input":{"@type":"PropertyValueSpecification","valueRequired":true,"valueName":"search_term_string"}}],"inLanguage":"fr-FR"}]}},"_links":{"self":[{"href":"http:\/\/WWW.derivesdansleglisecatholique.fr\/index.php?rest_route=\/wp\/v2\/pages\/1146","targetHints":{"allow":["GET"]}}],"collection":[{"href":"http:\/\/WWW.derivesdansleglisecatholique.fr\/index.php?rest_route=\/wp\/v2\/pages"}],"about":[{"href":"http:\/\/WWW.derivesdansleglisecatholique.fr\/index.php?rest_route=\/wp\/v2\/types\/page"}],"author":[{"embeddable":true,"href":"http:\/\/WWW.derivesdansleglisecatholique.fr\/index.php?rest_route=\/wp\/v2\/users\/3"}],"replies":[{"embeddable":true,"href":"http:\/\/WWW.derivesdansleglisecatholique.fr\/index.php?rest_route=%2Fwp%2Fv2%2Fcomments&post=1146"}],"version-history":[{"count":7,"href":"http:\/\/WWW.derivesdansleglisecatholique.fr\/index.php?rest_route=\/wp\/v2\/pages\/1146\/revisions"}],"predecessor-version":[{"id":1155,"href":"http:\/\/WWW.derivesdansleglisecatholique.fr\/index.php?rest_route=\/wp\/v2\/pages\/1146\/revisions\/1155"}],"wp:attachment":[{"href":"http:\/\/WWW.derivesdansleglisecatholique.fr\/index.php?rest_route=%2Fwp%2Fv2%2Fmedia&parent=1146"}],"curies":[{"name":"wp","href":"https:\/\/api.w.org\/{rel}","templated":true}]}}