{"id":829,"date":"2017-03-23T16:33:21","date_gmt":"2017-03-23T15:33:21","guid":{"rendered":"http:\/\/WWW.derivesdansleglisecatholique.fr\/?page_id=829"},"modified":"2021-08-09T13:20:34","modified_gmt":"2021-08-09T12:20:34","slug":"le-coin-des-jeunes","status":"publish","type":"page","link":"http:\/\/WWW.derivesdansleglisecatholique.fr\/?page_id=829","title":{"rendered":"Le coin des jeunes"},"content":{"rendered":"<p style=\"padding-left: 30px;\"><span style=\"color: #ffcc99;\">.<\/span><\/p>\n<p style=\"padding-left: 30px; text-align: center;\"><span style=\"color: #0000ff; font-size: 14pt;\"><strong><span style=\"font-family: 'times new roman', times, serif;\">A d\u00e9couvrir : \u00a0des Flyers &#8230; des t\u00e9moignages &#8230; des tests &#8230; QR CODE du site.<\/span><\/strong><\/span><\/p>\n<p><a href=\"http:\/\/WWW.derivesdansleglisecatholique.fr\/?attachment_id=4527\" rel=\"attachment wp-att-4527\"><img loading=\"lazy\" decoding=\"async\" class=\"aligncenter wp-image-4527 size-full\" src=\"http:\/\/derivesdansleglisecatholique.fr\/wp-content\/uploads\/2018\/03\/Pour-les-jeunes.jpg\" alt=\"\" width=\"538\" height=\"612\" srcset=\"http:\/\/derivesdansleglisecatholique.fr\/wp-content\/uploads\/2018\/03\/Pour-les-jeunes.jpg 538w, http:\/\/derivesdansleglisecatholique.fr\/wp-content\/uploads\/2018\/03\/Pour-les-jeunes-264x300.jpg 264w\" sizes=\"auto, (max-width: 538px) 100vw, 538px\" \/><\/a><\/p>\n<p><a href=\"http:\/\/WWW.derivesdansleglisecatholique.fr\/?attachment_id=4528\" rel=\"attachment wp-att-4528\"><img loading=\"lazy\" decoding=\"async\" class=\"aligncenter wp-image-4528 size-full\" src=\"http:\/\/derivesdansleglisecatholique.fr\/wp-content\/uploads\/2018\/03\/temoignage.jpg\" alt=\"\" width=\"604\" height=\"664\" srcset=\"http:\/\/derivesdansleglisecatholique.fr\/wp-content\/uploads\/2018\/03\/temoignage.jpg 604w, http:\/\/derivesdansleglisecatholique.fr\/wp-content\/uploads\/2018\/03\/temoignage-273x300.jpg 273w\" sizes=\"auto, (max-width: 604px) 100vw, 604px\" \/><\/a><\/p>\n<p style=\"text-align: center; padding-left: 30px;\"><a href=\"http:\/\/derivesdansleglisecatholique.fr\/wp-content\/uploads\/2017\/12\/Flyer-A4-\u00e0-plier-en-3-jeunes-en-danger-sessions-spi-de-fin-dann\u00e9e.pdf\" target=\"_blank\" rel=\"noopener\">Flyer A4 \u00e0 plier en 3<\/a><\/p>\n<p style=\"text-align: center; padding-left: 30px;\"><a href=\"http:\/\/derivesdansleglisecatholique.fr\/wp-content\/uploads\/2017\/12\/sessions-Spi-dhiver-pour-les-jeunes.pdf\" target=\"_blank\" rel=\"noopener\">Session d&rsquo;hiver pour les jeunes<\/a><\/p>\n<p style=\"padding-left: 30px; text-align: center;\"><a href=\"http:\/\/WWW.derivesdansleglisecatholique.fr\/?attachment_id=4110\" rel=\"attachment wp-att-4110\"><img loading=\"lazy\" decoding=\"async\" class=\"alignnone wp-image-4110 size-full\" src=\"http:\/\/derivesdansleglisecatholique.fr\/wp-content\/uploads\/2018\/02\/DWkC6eJW4AEum55-1.jpg\" alt=\"\" width=\"846\" height=\"1200\" srcset=\"http:\/\/derivesdansleglisecatholique.fr\/wp-content\/uploads\/2018\/02\/DWkC6eJW4AEum55-1.jpg 846w, http:\/\/derivesdansleglisecatholique.fr\/wp-content\/uploads\/2018\/02\/DWkC6eJW4AEum55-1-212x300.jpg 212w, http:\/\/derivesdansleglisecatholique.fr\/wp-content\/uploads\/2018\/02\/DWkC6eJW4AEum55-1-768x1089.jpg 768w, http:\/\/derivesdansleglisecatholique.fr\/wp-content\/uploads\/2018\/02\/DWkC6eJW4AEum55-1-722x1024.jpg 722w\" sizes=\"auto, (max-width: 846px) 100vw, 846px\" \/><\/a><\/p>\n<p><a href=\"http:\/\/derivesdansleglisecatholique.fr\/wp-content\/uploads\/2017\/12\/flyer1.png\"><img loading=\"lazy\" decoding=\"async\" class=\"aligncenter wp-image-2980 size-full\" src=\"http:\/\/derivesdansleglisecatholique.fr\/wp-content\/uploads\/2017\/12\/flyer1.png\" alt=\"\" width=\"428\" height=\"627\" srcset=\"http:\/\/derivesdansleglisecatholique.fr\/wp-content\/uploads\/2017\/12\/flyer1.png 428w, http:\/\/derivesdansleglisecatholique.fr\/wp-content\/uploads\/2017\/12\/flyer1-205x300.png 205w\" sizes=\"auto, (max-width: 428px) 100vw, 428px\" \/><\/a><\/p>\n<p><a href=\"http:\/\/derivesdansleglisecatholique.fr\/wp-content\/uploads\/2017\/12\/flyer2.png\"><img loading=\"lazy\" decoding=\"async\" class=\"aligncenter wp-image-2981 size-full\" src=\"http:\/\/derivesdansleglisecatholique.fr\/wp-content\/uploads\/2017\/12\/flyer2.png\" alt=\"\" width=\"455\" height=\"581\" srcset=\"http:\/\/derivesdansleglisecatholique.fr\/wp-content\/uploads\/2017\/12\/flyer2.png 455w, http:\/\/derivesdansleglisecatholique.fr\/wp-content\/uploads\/2017\/12\/flyer2-235x300.png 235w\" sizes=\"auto, (max-width: 455px) 100vw, 455px\" \/><\/a><\/p>\n<p>&nbsp;<\/p>\n<p><span style=\"color: #ffcc99;\">.<\/span><\/p>\n<p><a href=\"http:\/\/derivesdansleglisecatholique.fr\/wp-content\/uploads\/2017\/03\/flyerCath.jpg\"><img loading=\"lazy\" decoding=\"async\" class=\"size-medium wp-image-826 aligncenter\" src=\"http:\/\/derivesdansleglisecatholique.fr\/wp-content\/uploads\/2017\/03\/flyerCath-176x300.jpg\" alt=\"\" width=\"176\" height=\"300\" srcset=\"http:\/\/derivesdansleglisecatholique.fr\/wp-content\/uploads\/2017\/03\/flyerCath-176x300.jpg 176w, http:\/\/derivesdansleglisecatholique.fr\/wp-content\/uploads\/2017\/03\/flyerCath-768x1309.jpg 768w, http:\/\/derivesdansleglisecatholique.fr\/wp-content\/uploads\/2017\/03\/flyerCath-601x1024.jpg 601w, http:\/\/derivesdansleglisecatholique.fr\/wp-content\/uploads\/2017\/03\/flyerCath.jpg 800w\" sizes=\"auto, (max-width: 176px) 100vw, 176px\" \/><\/a><\/p>\n<p><a href=\"http:\/\/pncds72.free.fr\/306_beatitudes\/306_10_agathe.mp3\" target=\"_blank\" rel=\"noopener\"><img loading=\"lazy\" decoding=\"async\" class=\"wp-image-831 aligncenter\" src=\"http:\/\/derivesdansleglisecatholique.fr\/wp-content\/uploads\/2017\/03\/Temoignage-300x240.jpg\" alt=\"\" width=\"174\" height=\"139\" \/><\/a><\/p>\n<p><a href=\"http:\/\/derivesdansleglisecatholique.fr\/wp-content\/uploads\/2017\/03\/QR-code.jpg\"><img loading=\"lazy\" decoding=\"async\" class=\" wp-image-835 aligncenter\" src=\"http:\/\/derivesdansleglisecatholique.fr\/wp-content\/uploads\/2017\/03\/QR-code-300x211.jpg\" alt=\"\" width=\"418\" height=\"294\" srcset=\"http:\/\/derivesdansleglisecatholique.fr\/wp-content\/uploads\/2017\/03\/QR-code-300x211.jpg 300w, http:\/\/derivesdansleglisecatholique.fr\/wp-content\/uploads\/2017\/03\/QR-code.jpg 497w\" sizes=\"auto, (max-width: 418px) 100vw, 418px\" \/><\/a><\/p>\n","protected":false},"excerpt":{"rendered":"<p>. A d\u00e9couvrir : \u00a0des Flyers &#8230; des t\u00e9moignages &#8230; des tests &#8230; QR CODE du site. Flyer A4 \u00e0 plier en 3 Session d&rsquo;hiver pour les jeunes &nbsp; .<\/p>\n","protected":false},"author":3,"featured_media":0,"parent":0,"menu_order":0,"comment_status":"closed","ping_status":"closed","template":"","meta":{"footnotes":""},"class_list":["post-829","page","type-page","status-publish","hentry"],"yoast_head":"<!-- This site is optimized with the Yoast SEO plugin v27.4 - https:\/\/yoast.com\/product\/yoast-seo-wordpress\/ -->\n<title>Le coin des jeunes - D\u00e9rives dans l&#039;eglise catholique<\/title>\n<meta name=\"robots\" content=\"index, follow, max-snippet:-1, max-image-preview:large, max-video-preview:-1\" \/>\n<link rel=\"canonical\" href=\"http:\/\/WWW.derivesdansleglisecatholique.fr\/?page_id=829\" \/>\n<meta property=\"og:locale\" content=\"fr_FR\" \/>\n<meta property=\"og:type\" content=\"article\" \/>\n<meta property=\"og:title\" content=\"Le coin des jeunes - D\u00e9rives dans l&#039;eglise catholique\" \/>\n<meta property=\"og:description\" content=\". A d\u00e9couvrir : \u00a0des Flyers &#8230; des t\u00e9moignages &#8230; des tests &#8230; QR CODE du site. Flyer A4 \u00e0 plier en 3 Session d&rsquo;hiver pour les jeunes &nbsp; .\" \/>\n<meta property=\"og:url\" content=\"http:\/\/WWW.derivesdansleglisecatholique.fr\/?page_id=829\" \/>\n<meta property=\"og:site_name\" content=\"D\u00e9rives dans l&#039;eglise catholique\" \/>\n<meta property=\"article:modified_time\" content=\"2021-08-09T12:20:34+00:00\" \/>\n<meta property=\"og:image\" content=\"http:\/\/derivesdansleglisecatholique.fr\/wp-content\/uploads\/2018\/03\/Pour-les-jeunes.jpg\" \/>\n<meta name=\"twitter:label1\" content=\"Dur\u00e9e de lecture estim\u00e9e\" \/>\n\t<meta name=\"twitter:data1\" content=\"2 minutes\" \/>\n<script type=\"application\/ld+json\" class=\"yoast-schema-graph\">{\"@context\":\"https:\\\/\\\/schema.org\",\"@graph\":[{\"@type\":\"WebPage\",\"@id\":\"http:\\\/\\\/WWW.derivesdansleglisecatholique.fr\\\/?page_id=829\",\"url\":\"http:\\\/\\\/WWW.derivesdansleglisecatholique.fr\\\/?page_id=829\",\"name\":\"Le coin des jeunes - D\u00e9rives dans l&#039;eglise catholique\",\"isPartOf\":{\"@id\":\"http:\\\/\\\/WWW.derivesdansleglisecatholique.fr\\\/#website\"},\"primaryImageOfPage\":{\"@id\":\"http:\\\/\\\/WWW.derivesdansleglisecatholique.fr\\\/?page_id=829#primaryimage\"},\"image\":{\"@id\":\"http:\\\/\\\/WWW.derivesdansleglisecatholique.fr\\\/?page_id=829#primaryimage\"},\"thumbnailUrl\":\"http:\\\/\\\/derivesdansleglisecatholique.fr\\\/wp-content\\\/uploads\\\/2018\\\/03\\\/Pour-les-jeunes.jpg\",\"datePublished\":\"2017-03-23T15:33:21+00:00\",\"dateModified\":\"2021-08-09T12:20:34+00:00\",\"breadcrumb\":{\"@id\":\"http:\\\/\\\/WWW.derivesdansleglisecatholique.fr\\\/?page_id=829#breadcrumb\"},\"inLanguage\":\"fr-FR\",\"potentialAction\":[{\"@type\":\"ReadAction\",\"target\":[\"http:\\\/\\\/WWW.derivesdansleglisecatholique.fr\\\/?page_id=829\"]}]},{\"@type\":\"ImageObject\",\"inLanguage\":\"fr-FR\",\"@id\":\"http:\\\/\\\/WWW.derivesdansleglisecatholique.fr\\\/?page_id=829#primaryimage\",\"url\":\"http:\\\/\\\/derivesdansleglisecatholique.fr\\\/wp-content\\\/uploads\\\/2018\\\/03\\\/Pour-les-jeunes.jpg\",\"contentUrl\":\"http:\\\/\\\/derivesdansleglisecatholique.fr\\\/wp-content\\\/uploads\\\/2018\\\/03\\\/Pour-les-jeunes.jpg\"},{\"@type\":\"BreadcrumbList\",\"@id\":\"http:\\\/\\\/WWW.derivesdansleglisecatholique.fr\\\/?page_id=829#breadcrumb\",\"itemListElement\":[{\"@type\":\"ListItem\",\"position\":1,\"name\":\"Accueil\",\"item\":\"http:\\\/\\\/WWW.derivesdansleglisecatholique.fr\\\/\"},{\"@type\":\"ListItem\",\"position\":2,\"name\":\"Le coin des jeunes\"}]},{\"@type\":\"WebSite\",\"@id\":\"http:\\\/\\\/WWW.derivesdansleglisecatholique.fr\\\/#website\",\"url\":\"http:\\\/\\\/WWW.derivesdansleglisecatholique.fr\\\/\",\"name\":\"D\u00e9rives dans l&#039;eglise catholique\",\"description\":\"Justice et V\u00e9rit\u00e9 pour les familles\",\"potentialAction\":[{\"@type\":\"SearchAction\",\"target\":{\"@type\":\"EntryPoint\",\"urlTemplate\":\"http:\\\/\\\/WWW.derivesdansleglisecatholique.fr\\\/?s={search_term_string}\"},\"query-input\":{\"@type\":\"PropertyValueSpecification\",\"valueRequired\":true,\"valueName\":\"search_term_string\"}}],\"inLanguage\":\"fr-FR\"}]}<\/script>\n<!-- \/ Yoast SEO plugin. -->","yoast_head_json":{"title":"Le coin des jeunes - D\u00e9rives dans l&#039;eglise catholique","robots":{"index":"index","follow":"follow","max-snippet":"max-snippet:-1","max-image-preview":"max-image-preview:large","max-video-preview":"max-video-preview:-1"},"canonical":"http:\/\/WWW.derivesdansleglisecatholique.fr\/?page_id=829","og_locale":"fr_FR","og_type":"article","og_title":"Le coin des jeunes - D\u00e9rives dans l&#039;eglise catholique","og_description":". A d\u00e9couvrir : \u00a0des Flyers &#8230; des t\u00e9moignages &#8230; des tests &#8230; QR CODE du site. Flyer A4 \u00e0 plier en 3 Session d&rsquo;hiver pour les jeunes &nbsp; .","og_url":"http:\/\/WWW.derivesdansleglisecatholique.fr\/?page_id=829","og_site_name":"D\u00e9rives dans l&#039;eglise catholique","article_modified_time":"2021-08-09T12:20:34+00:00","og_image":[{"url":"http:\/\/derivesdansleglisecatholique.fr\/wp-content\/uploads\/2018\/03\/Pour-les-jeunes.jpg","type":"","width":"","height":""}],"twitter_misc":{"Dur\u00e9e de lecture estim\u00e9e":"2 minutes"},"schema":{"@context":"https:\/\/schema.org","@graph":[{"@type":"WebPage","@id":"http:\/\/WWW.derivesdansleglisecatholique.fr\/?page_id=829","url":"http:\/\/WWW.derivesdansleglisecatholique.fr\/?page_id=829","name":"Le coin des jeunes - D\u00e9rives dans l&#039;eglise catholique","isPartOf":{"@id":"http:\/\/WWW.derivesdansleglisecatholique.fr\/#website"},"primaryImageOfPage":{"@id":"http:\/\/WWW.derivesdansleglisecatholique.fr\/?page_id=829#primaryimage"},"image":{"@id":"http:\/\/WWW.derivesdansleglisecatholique.fr\/?page_id=829#primaryimage"},"thumbnailUrl":"http:\/\/derivesdansleglisecatholique.fr\/wp-content\/uploads\/2018\/03\/Pour-les-jeunes.jpg","datePublished":"2017-03-23T15:33:21+00:00","dateModified":"2021-08-09T12:20:34+00:00","breadcrumb":{"@id":"http:\/\/WWW.derivesdansleglisecatholique.fr\/?page_id=829#breadcrumb"},"inLanguage":"fr-FR","potentialAction":[{"@type":"ReadAction","target":["http:\/\/WWW.derivesdansleglisecatholique.fr\/?page_id=829"]}]},{"@type":"ImageObject","inLanguage":"fr-FR","@id":"http:\/\/WWW.derivesdansleglisecatholique.fr\/?page_id=829#primaryimage","url":"http:\/\/derivesdansleglisecatholique.fr\/wp-content\/uploads\/2018\/03\/Pour-les-jeunes.jpg","contentUrl":"http:\/\/derivesdansleglisecatholique.fr\/wp-content\/uploads\/2018\/03\/Pour-les-jeunes.jpg"},{"@type":"BreadcrumbList","@id":"http:\/\/WWW.derivesdansleglisecatholique.fr\/?page_id=829#breadcrumb","itemListElement":[{"@type":"ListItem","position":1,"name":"Accueil","item":"http:\/\/WWW.derivesdansleglisecatholique.fr\/"},{"@type":"ListItem","position":2,"name":"Le coin des jeunes"}]},{"@type":"WebSite","@id":"http:\/\/WWW.derivesdansleglisecatholique.fr\/#website","url":"http:\/\/WWW.derivesdansleglisecatholique.fr\/","name":"D\u00e9rives dans l&#039;eglise catholique","description":"Justice et V\u00e9rit\u00e9 pour les familles","potentialAction":[{"@type":"SearchAction","target":{"@type":"EntryPoint","urlTemplate":"http:\/\/WWW.derivesdansleglisecatholique.fr\/?s={search_term_string}"},"query-input":{"@type":"PropertyValueSpecification","valueRequired":true,"valueName":"search_term_string"}}],"inLanguage":"fr-FR"}]}},"_links":{"self":[{"href":"http:\/\/WWW.derivesdansleglisecatholique.fr\/index.php?rest_route=\/wp\/v2\/pages\/829","targetHints":{"allow":["GET"]}}],"collection":[{"href":"http:\/\/WWW.derivesdansleglisecatholique.fr\/index.php?rest_route=\/wp\/v2\/pages"}],"about":[{"href":"http:\/\/WWW.derivesdansleglisecatholique.fr\/index.php?rest_route=\/wp\/v2\/types\/page"}],"author":[{"embeddable":true,"href":"http:\/\/WWW.derivesdansleglisecatholique.fr\/index.php?rest_route=\/wp\/v2\/users\/3"}],"replies":[{"embeddable":true,"href":"http:\/\/WWW.derivesdansleglisecatholique.fr\/index.php?rest_route=%2Fwp%2Fv2%2Fcomments&post=829"}],"version-history":[{"count":15,"href":"http:\/\/WWW.derivesdansleglisecatholique.fr\/index.php?rest_route=\/wp\/v2\/pages\/829\/revisions"}],"predecessor-version":[{"id":6550,"href":"http:\/\/WWW.derivesdansleglisecatholique.fr\/index.php?rest_route=\/wp\/v2\/pages\/829\/revisions\/6550"}],"wp:attachment":[{"href":"http:\/\/WWW.derivesdansleglisecatholique.fr\/index.php?rest_route=%2Fwp%2Fv2%2Fmedia&parent=829"}],"curies":[{"name":"wp","href":"https:\/\/api.w.org\/{rel}","templated":true}]}}