{"id":984,"date":"2017-04-21T11:22:28","date_gmt":"2017-04-21T10:22:28","guid":{"rendered":"http:\/\/WWW.derivesdansleglisecatholique.fr\/?page_id=984"},"modified":"2017-04-21T12:55:28","modified_gmt":"2017-04-21T11:55:28","slug":"honoreras-pere-mere","status":"publish","type":"page","link":"http:\/\/WWW.derivesdansleglisecatholique.fr\/?page_id=984","title":{"rendered":"Tu honoreras ton p\u00e8re et ta m\u00e8re"},"content":{"rendered":"<p style=\"padding-left: 30px;\"><span style=\"color: #ffcc99;\">.<\/span><\/p>\n<p style=\"padding-left: 30px;\"><span style=\"font-family: 'times new roman', times, serif; font-size: 12pt;\">Il ne suffit pas d\u2019utiliser la phrase tronqu\u00e9e de l\u2019\u00e9vangile de St Matthieu\u00a0 \u00ab\u00a0tu quitteras ton p\u00e8re et ta m\u00e8re\u00a0\u00bb pour couper les liens entre un jeune et ses parents.<\/span><\/p>\n<p style=\"padding-left: 30px;\"><span style=\"color: #ffcc99;\">.<\/span><\/p>\n<p style=\"padding-left: 30px;\"><span style=\"font-family: 'times new roman', times, serif; font-size: 12pt;\">Voir sur le site\u00a0:<\/span><\/p>\n<p style=\"padding-left: 30px;\"><span style=\"font-family: 'times new roman', times, serif; font-size: 12pt;\"><a href=\"http:\/\/www.derivesdansleglisecatholique.fr\/?page_id=977\">TU QUITTERAS TON P\u00c8RE ET TA M\u00c8RE<\/a><\/span><\/p>\n<p style=\"padding-left: 30px;\"><span style=\"color: #ffcc99;\">.<\/span><\/p>\n<p style=\"padding-left: 30px;\"><span style=\"font-family: 'times new roman', times, serif; font-size: 12pt;\">Il faut aussi \u00ab\u00a0achever\u00a0\u00bb les parents. Pour cela, la religiosit\u00e9 psycho-spirituelle d\u00e9voie \u00a0le 4\u00e8me commandement, bien encombrant pour les gourous.\u00a0<\/span><span style=\"font-family: 'times new roman', times, serif; font-size: 12pt;\">Pour seul exemple entre autres, en page 207 du livre d\u2019Anne Merlo, \u00ab\u00a0Maman, l\u00e2che-moi car je vais vers le P\u00e8re\u00a0\u00bb Editions premi\u00e8re partie, 2011, voici ce passage d\u2019une haine ahurissante contre le lien parental, au sujet de la fa\u00e7on d\u2019honorer les parents\u00a0:<\/span><\/p>\n<p style=\"padding-left: 30px;\"><span style=\"font-family: 'times new roman', times, serif; font-size: 12pt;\"><em>\u00ab\u00a0Nous pourrons les honorer <\/em>\u00a0<em>vraiment en acceptant qu\u2019ils souffrent mais qu\u2019il s\u2019agit de leurs souffrances, de leurs choix de vie sans que nous ayons besoin de les faire n\u00f4tres. Nous pourrons les assister de nos biens dans leurs besoins les plus \u00e9l\u00e9mentaires, et m\u00eame les assister dans leur mort \u00e0 condition que ce soit un choix libre de notre part. Ce n\u2019est pas honorer nos parents que de r\u00e9pondre \u00e0 leurs chantages affectifs, ni d\u2019ob\u00e9ir aux lois familiales tacites ou non qu\u2019ils ont mises en place. Nous devons acqu\u00e9rir cette libert\u00e9 de ne nous occuper d\u2019eux que si nous l\u2019avons d\u00e9cid\u00e9 joyeusement, et sans r\u00e9pondre \u00e0 ce qu\u2019ils exigent, faisant pression sur nous au moyen de la culpabilit\u00e9\u00a0\u00bb.<\/em><\/span><\/p>\n<p style=\"padding-left: 30px;\"><span style=\"color: #ffcc99;\">.<\/span><\/p>\n<p style=\"padding-left: 30px;\"><span style=\"font-family: 'times new roman', times, serif; font-size: 12pt;\"><strong>Non, on n\u2019a pas le choix d\u2019assister ou pas ses parents, on a le devoir moral de s\u2019en occuper dans leur vieillesse, qu\u2019on soit chr\u00e9tien ou non d\u2019ailleurs. Les parents n\u2019ont pas mis en place des lois familiales, elles existent dans toutes les soci\u00e9t\u00e9s et le lien parent-enfant est \u00e0 la base de toute soci\u00e9t\u00e9, qu\u2019elle soit la\u00efque ou religieuse\u00a0!<\/strong><\/span><\/p>\n<p style=\"padding-left: 30px;\"><span style=\"color: #ffcc99;\">.<\/span><\/p>\n<p style=\"padding-left: 30px;\"><span style=\"font-family: 'times new roman', times, serif; font-size: 12pt;\">Dans ce texte, les parents ont le mauvais r\u00f4le, sont accus\u00e9s de faire du chantage affectif, etc. En fait, l\u2019auteur veut nous faire croire que s\u2019occuper de sa famille est le fruit d\u2019une d\u00e9cision totalement libre, alors que c\u2019est aussi un devoir moral. <strong>Cette fausse doctrine se traduit dans les faits\u00a0: \u00e9clatement des familles, refus d\u2019assistance \u00e0 ses propres parents, et comme des t\u00e9moignages le montrent, \u00a0rejet du fr\u00e8re ou de la s\u0153ur qui s\u2019en occupe.<\/strong><\/span><\/p>\n<p style=\"padding-left: 30px;\"><span style=\"color: #ffcc99;\">.<\/span><\/p>\n<p style=\"padding-left: 30px;\"><span style=\"font-family: 'times new roman', times, serif; font-size: 12pt; color: #0000ff;\"><strong>Que dit le Cat\u00e9chisme de l\u2019Eglise catholique\u00a0?<\/strong><\/span><\/p>\n<p style=\"padding-left: 30px;\"><span style=\"color: #ffcc99;\">.<\/span><\/p>\n<p style=\"padding-left: 30px;\"><span style=\"font-family: 'times new roman', times, serif; font-size: 12pt;\"><strong>\u00ab\u00a0<\/strong><strong>Le quatri\u00e8me commandement\u00a0\u00bb<\/strong><\/span><\/p>\n<p style=\"padding-left: 30px;\"><span style=\"font-family: 'times new roman', times, serif; font-size: 12pt;\">\u00ab\u00a0Honore\u00a0ton\u00a0p\u00e8re\u00a0et ta\u00a0m\u00e8re\u00a0afin\u00a0d\u2019avoir\u00a0longue\u00a0vie\u00a0sur la\u00a0terre\u00a0que le\u00a0Seigneur\u00a0ton\u00a0Dieu\u00a0te\u00a0donne\u00a0(Ex\u00a020,\u00a012).\u00a0\u00bb<\/span><\/p>\n<p style=\"padding-left: 30px;\"><span style=\"font-family: 'times new roman', times, serif; font-size: 12pt;\">\u00ab\u00a0Il leur \u00e9tait\u00a0soumis\u00a0(Lc 2,\u00a051).\u00a0\u00bb<\/span><\/p>\n<p style=\"padding-left: 30px;\"><span style=\"font-family: 'times new roman', times, serif; font-size: 12pt;\">Le\u00a0Seigneur\u00a0J\u00e9sus\u00a0a\u00a0lui-m\u00eame\u00a0rappel\u00e9\u00a0la\u00a0force\u00a0de ce \u00a0\u00bb\u00a0commandement\u00a0de\u00a0Dieu\u00a0\u00a0\u00bb (Mc\u00a07,\u00a08 -13).<\/span><\/p>\n<p style=\"padding-left: 30px;\"><span style=\"font-family: 'times new roman', times, serif; font-size: 12pt;\">L\u2019Ap\u00f4tre\u00a0enseigne\u00a0:<\/span><\/p>\n<p style=\"padding-left: 30px;\"><span style=\"font-family: 'times new roman', times, serif; font-size: 12pt;\">\u00a0\u00bb\u00a0Enfants,\u00a0ob\u00e9issez\u00a0\u00e0 vos\u00a0parents, dans le\u00a0Seigneur\u00a0: cela est\u00a0juste. \u2018Honore\u00a0ton\u00a0p\u00e8re\u00a0et ta\u00a0m\u00e8re\u2019,\u00a0tel est le premier commandement\u00a0 auquel\u00a0soit\u00a0attach\u00e9\u00a0une\u00a0promesse\u00a0: \u2018pour que tu t\u2019en\u00a0trouves\u00a0bien et\u00a0jouisses\u00a0d\u2019une\u00a0longue\u00a0vie\u00a0sur la\u00a0terre\u2019\u00a0\u00a0\u00bb (Ep\u00a06,\u00a01<a href=\"http:\/\/www.vatican.va\/archive\/FRA0013\/1G.HTM\">3<\/a>\u00a0;\u00a0cf.\u00a0Dt\u00a05,\u00a016).<\/span><\/p>\n<p style=\"padding-left: 30px;\"><span style=\"color: #ffcc99;\">.<\/span><\/p>\n<p style=\"padding-left: 30px;\"><span style=\"font-family: 'times new roman', times, serif; font-size: 12pt;\">2197<em>\u00a0<\/em>Le\u00a0quatri\u00e8me\u00a0commandement\u00a0ouvre\u00a0la\u00a0seconde\u00a0table. <\/span><\/p>\n<p style=\"padding-left: 30px;\"><span style=\"font-family: 'times new roman', times, serif; font-size: 12pt;\">Il\u00a0indique\u00a0l\u2019ordre\u00a0de la\u00a0charit\u00e9.\u00a0Dieu\u00a0a\u00a0voulu\u00a0qu\u2019apr\u00e8s Lui, nous\u00a0honorions\u00a0nos\u00a0parents\u00a0\u00e0 qui nous\u00a0devons\u00a0la\u00a0vie\u00a0et qui nous ont\u00a0transmis\u00a0la\u00a0connaissance\u00a0de\u00a0Dieu. Nous sommes\u00a0tenus\u00a0d\u2019honorer\u00a0et de\u00a0respecter\u00a0tous ceux que\u00a0Dieu, pour notre bien, a\u00a0rev\u00eatus\u00a0de son\u00a0autorit\u00e9.<\/span><\/p>\n<p style=\"padding-left: 30px;\"><span style=\"color: #ffcc99;\">.<\/span><\/p>\n<p style=\"padding-left: 30px;\"><span style=\"font-family: 'times new roman', times, serif; font-size: 12pt;\">2198<em>\u00a0<\/em>Ce\u00a0pr\u00e9cepte\u00a0s\u2019exprime\u00a0sous la\u00a0forme\u00a0positive\u00a0de\u00a0devoirs\u00a0\u00e0\u00a0accomplir.<\/span><\/p>\n<p style=\"padding-left: 30px;\"><span style=\"font-family: 'times new roman', times, serif; font-size: 12pt;\">Il\u00a0annonce\u00a0les\u00a0commandements\u00a0suivants\u00a0qui\u00a0concernent\u00a0un\u00a0respect\u00a0particulier\u00a0de la\u00a0vie, du\u00a0mariage, des\u00a0biens\u00a0terrestres, de la\u00a0parole. Il\u00a0constitue\u00a0l\u2019un des\u00a0fondements\u00a0de la\u00a0doctrine\u00a0sociale\u00a0de l\u2019\u00c9glise.<\/span><\/p>\n<p style=\"padding-left: 30px;\"><span style=\"color: #ffcc99;\">.<\/span><\/p>\n<p style=\"padding-left: 30px;\"><span style=\"font-family: 'times new roman', times, serif; font-size: 12pt;\">2199<em>\u00a0<\/em>Le\u00a0quatri\u00e8me\u00a0commandement\u00a0s\u2019adresse\u00a0express\u00e9ment\u00a0aux\u00a0enfants\u00a0dans leurs\u00a0relations\u00a0avec leurs\u00a0p\u00e8re\u00a0et\u00a0m\u00e8re, parce que cette\u00a0relation\u00a0est la plus\u00a0universelle.<\/span><\/p>\n<p style=\"padding-left: 30px;\"><span style=\"font-family: 'times new roman', times, serif; font-size: 12pt;\"> Il\u00a0concerne\u00a0\u00e9galement\u00a0les\u00a0rapports\u00a0de\u00a0parent\u00e9\u00a0avec les\u00a0membres\u00a0du\u00a0groupe\u00a0familial. <\/span><\/p>\n<p style=\"padding-left: 30px;\"><span style=\"font-family: 'times new roman', times, serif; font-size: 12pt;\">Il demande de\u00a0rendre\u00a0honneur,\u00a0affection\u00a0et\u00a0reconnaissance\u00a0aux\u00a0a\u00efeux\u00a0et aux\u00a0anc\u00eatres. Il s\u2019\u00e9tend\u00a0enfin aux\u00a0devoirs\u00a0des\u00a0\u00e9l\u00e8ves\u00a0\u00e0 l\u2019\u00e9gard\u00a0du\u00a0ma\u00eetre, des\u00a0employ\u00e9s\u00a0\u00e0 l\u2019\u00e9gard\u00a0des\u00a0employeurs, des\u00a0subordonn\u00e9s\u00a0\u00e0 l\u2019\u00e9gard\u00a0de leurs\u00a0chefs, des\u00a0citoyens\u00a0\u00e0 l\u2019\u00e9gard\u00a0de leur\u00a0patrie, de ceux qui l\u2019administrent\u00a0ou la\u00a0gouvernent.<\/span><\/p>\n<p style=\"padding-left: 30px;\"><span style=\"color: #ffcc99; font-family: 'times new roman', times, serif; font-size: 12pt;\">.<\/span><\/p>\n<p style=\"padding-left: 30px;\"><span style=\"font-family: 'times new roman', times, serif; font-size: 12pt;\">Ce\u00a0commandement\u00a0implique\u00a0et\u00a0sous-entend\u00a0les\u00a0devoirs\u00a0des\u00a0parents,\u00a0tuteurs,\u00a0ma\u00eetres,\u00a0chefs,\u00a0magistrats,\u00a0gouvernants, de tous ceux qui\u00a0exercent\u00a0une\u00a0autorit\u00e9\u00a0sur\u00a0autrui\u00a0ou sur une\u00a0communaut\u00e9\u00a0de\u00a0personnes.<\/span><\/p>\n<p style=\"padding-left: 30px;\"><span style=\"color: #ffcc99; font-family: 'times new roman', times, serif; font-size: 12pt;\">.<\/span><\/p>\n<p style=\"padding-left: 30px;\"><span style=\"font-family: 'times new roman', times, serif; font-size: 12pt;\">2200<em>\u00a0<\/em>L\u2019observation\u00a0du\u00a0quatri\u00e8me\u00a0commandement\u00a0comporte\u00a0sa\u00a0r\u00e9compense\u00a0:<\/span><\/p>\n<p style=\"padding-left: 30px;\"><span style=\"font-family: 'times new roman', times, serif; font-size: 12pt;\"> \u00a0\u00bb\u00a0Honore\u00a0ton\u00a0p\u00e8re\u00a0et ta\u00a0m\u00e8re\u00a0afin\u00a0d\u2019avoir\u00a0longue\u00a0vie\u00a0sur la\u00a0terre\u00a0que le\u00a0Seigneur\u00a0ton\u00a0Dieu\u00a0te\u00a0donne\u00a0\u00a0\u00bb (Ex\u00a020,\u00a012\u00a0; Dt 5,\u00a016). Le\u00a0respect\u00a0de ce\u00a0commandement\u00a0procure\u00a0avec les\u00a0fruits\u00a0spirituels, des\u00a0fruits\u00a0temporels\u00a0de\u00a0paix\u00a0et de\u00a0prosp\u00e9rit\u00e9. Au\u00a0contraire, l\u2019inobservance\u00a0de ce\u00a0commandement\u00a0entra\u00eene\u00a0de\u00a0grands\u00a0dommages\u00a0pour les\u00a0communaut\u00e9s\u00a0et pour les\u00a0personnes humaines.\u00a0\u00bb<\/span><\/p>\n<p style=\"padding-left: 30px;\"><span style=\"font-family: 'times new roman', times, serif; font-size: 12pt; color: #ffcc99;\"><strong>\u00a0.<\/strong><\/span><\/p>\n<p style=\"padding-left: 30px;\"><span style=\"font-family: 'times new roman', times, serif; font-size: 12pt;\"><strong>On constate que la doctrine psycho-spirituelle n\u2019a rien \u00e0 voir avec la doctrine catholique. Quand de plus on lit ce que pr\u00e9cise le cat\u00e9chisme de l\u2019Eglise pr\u00e9cise en conclusion\u00a0:<\/strong><\/span><\/p>\n<p style=\"padding-left: 30px;\"><span style=\"font-family: 'times new roman', times, serif; font-size: 12pt;\"><strong>\u00ab\u00a0(\u2026)\u00a0 l\u2019inobservance\u00a0de ce\u00a0commandement\u00a0entra\u00eene\u00a0de\u00a0grands\u00a0dommages\u00a0pour les\u00a0communaut\u00e9s\u00a0et pour les\u00a0personnes humaines.\u00a0\u00bb<\/strong><\/span><\/p>\n<p style=\"padding-left: 30px;\"><span style=\"color: #ffcc99;\">.<\/span><\/p>\n<p style=\"padding-left: 30px; text-align: center;\"><span style=\"font-family: 'times new roman', times, serif; font-size: 14pt; color: #0000ff;\"><strong>Il est donc scandaleux que Rome ferme les yeux sur pareilles d\u00e9viances, <\/strong><\/span><\/p>\n<p style=\"padding-left: 30px; text-align: center;\"><span style=\"font-family: 'times new roman', times, serif; font-size: 14pt; color: #0000ff;\"><strong>ce qui laisse en suspend la question sur la v\u00e9ritable raison de ce silence.<\/strong><\/span><\/p>\n<p style=\"padding-left: 30px; text-align: center;\"><span style=\"color: #ffcc99;\">.<\/span><\/p>\n","protected":false},"excerpt":{"rendered":"<p>. Il ne suffit pas d\u2019utiliser la phrase tronqu\u00e9e de l\u2019\u00e9vangile de St Matthieu\u00a0 \u00ab\u00a0tu quitteras ton p\u00e8re et ta m\u00e8re\u00a0\u00bb pour couper les liens entre un jeune et ses parents. . Voir sur le site\u00a0: TU QUITTERAS TON P\u00c8RE ET TA M\u00c8RE . Il faut aussi \u00ab\u00a0achever\u00a0\u00bb les parents. Pour cela, la religiosit\u00e9 psycho-spirituelle <span class=\"ellipsis\">&hellip;<\/span> <span class=\"more-link-wrap\"><a href=\"http:\/\/WWW.derivesdansleglisecatholique.fr\/?page_id=984\" class=\"more-link\"><span>Read More &rarr;<\/span><\/a><\/span><\/p>\n","protected":false},"author":3,"featured_media":0,"parent":0,"menu_order":0,"comment_status":"closed","ping_status":"closed","template":"","meta":{"footnotes":""},"class_list":["post-984","page","type-page","status-publish","hentry"],"yoast_head":"<!-- This site is optimized with the Yoast SEO plugin v27.4 - https:\/\/yoast.com\/product\/yoast-seo-wordpress\/ -->\n<title>Tu honoreras ton p\u00e8re et ta m\u00e8re - D\u00e9rives dans l&#039;eglise catholique<\/title>\n<meta name=\"robots\" content=\"index, follow, max-snippet:-1, max-image-preview:large, max-video-preview:-1\" \/>\n<link rel=\"canonical\" href=\"http:\/\/WWW.derivesdansleglisecatholique.fr\/?page_id=984\" \/>\n<meta property=\"og:locale\" content=\"fr_FR\" \/>\n<meta property=\"og:type\" content=\"article\" \/>\n<meta property=\"og:title\" content=\"Tu honoreras ton p\u00e8re et ta m\u00e8re - D\u00e9rives dans l&#039;eglise catholique\" \/>\n<meta property=\"og:description\" content=\". Il ne suffit pas d\u2019utiliser la phrase tronqu\u00e9e de l\u2019\u00e9vangile de St Matthieu\u00a0 \u00ab\u00a0tu quitteras ton p\u00e8re et ta m\u00e8re\u00a0\u00bb pour couper les liens entre un jeune et ses parents. . Voir sur le site\u00a0: TU QUITTERAS TON P\u00c8RE ET TA M\u00c8RE . Il faut aussi \u00ab\u00a0achever\u00a0\u00bb les parents. Pour cela, la religiosit\u00e9 psycho-spirituelle &hellip; Read More &rarr;\" \/>\n<meta property=\"og:url\" content=\"http:\/\/WWW.derivesdansleglisecatholique.fr\/?page_id=984\" \/>\n<meta property=\"og:site_name\" content=\"D\u00e9rives dans l&#039;eglise catholique\" \/>\n<meta property=\"article:modified_time\" content=\"2017-04-21T11:55:28+00:00\" \/>\n<meta name=\"twitter:label1\" content=\"Dur\u00e9e de lecture estim\u00e9e\" \/>\n\t<meta name=\"twitter:data1\" content=\"5 minutes\" \/>\n<script type=\"application\/ld+json\" class=\"yoast-schema-graph\">{\"@context\":\"https:\\\/\\\/schema.org\",\"@graph\":[{\"@type\":\"WebPage\",\"@id\":\"http:\\\/\\\/WWW.derivesdansleglisecatholique.fr\\\/?page_id=984\",\"url\":\"http:\\\/\\\/WWW.derivesdansleglisecatholique.fr\\\/?page_id=984\",\"name\":\"Tu honoreras ton p\u00e8re et ta m\u00e8re - D\u00e9rives dans l&#039;eglise catholique\",\"isPartOf\":{\"@id\":\"https:\\\/\\\/WWW.derivesdansleglisecatholique.fr\\\/#website\"},\"datePublished\":\"2017-04-21T10:22:28+00:00\",\"dateModified\":\"2017-04-21T11:55:28+00:00\",\"breadcrumb\":{\"@id\":\"http:\\\/\\\/WWW.derivesdansleglisecatholique.fr\\\/?page_id=984#breadcrumb\"},\"inLanguage\":\"fr-FR\",\"potentialAction\":[{\"@type\":\"ReadAction\",\"target\":[\"http:\\\/\\\/WWW.derivesdansleglisecatholique.fr\\\/?page_id=984\"]}]},{\"@type\":\"BreadcrumbList\",\"@id\":\"http:\\\/\\\/WWW.derivesdansleglisecatholique.fr\\\/?page_id=984#breadcrumb\",\"itemListElement\":[{\"@type\":\"ListItem\",\"position\":1,\"name\":\"Accueil\",\"item\":\"https:\\\/\\\/WWW.derivesdansleglisecatholique.fr\\\/\"},{\"@type\":\"ListItem\",\"position\":2,\"name\":\"Tu honoreras ton p\u00e8re et ta m\u00e8re\"}]},{\"@type\":\"WebSite\",\"@id\":\"https:\\\/\\\/WWW.derivesdansleglisecatholique.fr\\\/#website\",\"url\":\"https:\\\/\\\/WWW.derivesdansleglisecatholique.fr\\\/\",\"name\":\"D\u00e9rives dans l&#039;eglise catholique\",\"description\":\"Justice et V\u00e9rit\u00e9 pour les familles\",\"potentialAction\":[{\"@type\":\"SearchAction\",\"target\":{\"@type\":\"EntryPoint\",\"urlTemplate\":\"https:\\\/\\\/WWW.derivesdansleglisecatholique.fr\\\/?s={search_term_string}\"},\"query-input\":{\"@type\":\"PropertyValueSpecification\",\"valueRequired\":true,\"valueName\":\"search_term_string\"}}],\"inLanguage\":\"fr-FR\"}]}<\/script>\n<!-- \/ Yoast SEO plugin. -->","yoast_head_json":{"title":"Tu honoreras ton p\u00e8re et ta m\u00e8re - D\u00e9rives dans l&#039;eglise catholique","robots":{"index":"index","follow":"follow","max-snippet":"max-snippet:-1","max-image-preview":"max-image-preview:large","max-video-preview":"max-video-preview:-1"},"canonical":"http:\/\/WWW.derivesdansleglisecatholique.fr\/?page_id=984","og_locale":"fr_FR","og_type":"article","og_title":"Tu honoreras ton p\u00e8re et ta m\u00e8re - D\u00e9rives dans l&#039;eglise catholique","og_description":". Il ne suffit pas d\u2019utiliser la phrase tronqu\u00e9e de l\u2019\u00e9vangile de St Matthieu\u00a0 \u00ab\u00a0tu quitteras ton p\u00e8re et ta m\u00e8re\u00a0\u00bb pour couper les liens entre un jeune et ses parents. . Voir sur le site\u00a0: TU QUITTERAS TON P\u00c8RE ET TA M\u00c8RE . Il faut aussi \u00ab\u00a0achever\u00a0\u00bb les parents. Pour cela, la religiosit\u00e9 psycho-spirituelle &hellip; Read More &rarr;","og_url":"http:\/\/WWW.derivesdansleglisecatholique.fr\/?page_id=984","og_site_name":"D\u00e9rives dans l&#039;eglise catholique","article_modified_time":"2017-04-21T11:55:28+00:00","twitter_misc":{"Dur\u00e9e de lecture estim\u00e9e":"5 minutes"},"schema":{"@context":"https:\/\/schema.org","@graph":[{"@type":"WebPage","@id":"http:\/\/WWW.derivesdansleglisecatholique.fr\/?page_id=984","url":"http:\/\/WWW.derivesdansleglisecatholique.fr\/?page_id=984","name":"Tu honoreras ton p\u00e8re et ta m\u00e8re - D\u00e9rives dans l&#039;eglise catholique","isPartOf":{"@id":"https:\/\/WWW.derivesdansleglisecatholique.fr\/#website"},"datePublished":"2017-04-21T10:22:28+00:00","dateModified":"2017-04-21T11:55:28+00:00","breadcrumb":{"@id":"http:\/\/WWW.derivesdansleglisecatholique.fr\/?page_id=984#breadcrumb"},"inLanguage":"fr-FR","potentialAction":[{"@type":"ReadAction","target":["http:\/\/WWW.derivesdansleglisecatholique.fr\/?page_id=984"]}]},{"@type":"BreadcrumbList","@id":"http:\/\/WWW.derivesdansleglisecatholique.fr\/?page_id=984#breadcrumb","itemListElement":[{"@type":"ListItem","position":1,"name":"Accueil","item":"https:\/\/WWW.derivesdansleglisecatholique.fr\/"},{"@type":"ListItem","position":2,"name":"Tu honoreras ton p\u00e8re et ta m\u00e8re"}]},{"@type":"WebSite","@id":"https:\/\/WWW.derivesdansleglisecatholique.fr\/#website","url":"https:\/\/WWW.derivesdansleglisecatholique.fr\/","name":"D\u00e9rives dans l&#039;eglise catholique","description":"Justice et V\u00e9rit\u00e9 pour les familles","potentialAction":[{"@type":"SearchAction","target":{"@type":"EntryPoint","urlTemplate":"https:\/\/WWW.derivesdansleglisecatholique.fr\/?s={search_term_string}"},"query-input":{"@type":"PropertyValueSpecification","valueRequired":true,"valueName":"search_term_string"}}],"inLanguage":"fr-FR"}]}},"_links":{"self":[{"href":"http:\/\/WWW.derivesdansleglisecatholique.fr\/index.php?rest_route=\/wp\/v2\/pages\/984","targetHints":{"allow":["GET"]}}],"collection":[{"href":"http:\/\/WWW.derivesdansleglisecatholique.fr\/index.php?rest_route=\/wp\/v2\/pages"}],"about":[{"href":"http:\/\/WWW.derivesdansleglisecatholique.fr\/index.php?rest_route=\/wp\/v2\/types\/page"}],"author":[{"embeddable":true,"href":"http:\/\/WWW.derivesdansleglisecatholique.fr\/index.php?rest_route=\/wp\/v2\/users\/3"}],"replies":[{"embeddable":true,"href":"http:\/\/WWW.derivesdansleglisecatholique.fr\/index.php?rest_route=%2Fwp%2Fv2%2Fcomments&post=984"}],"version-history":[{"count":9,"href":"http:\/\/WWW.derivesdansleglisecatholique.fr\/index.php?rest_route=\/wp\/v2\/pages\/984\/revisions"}],"predecessor-version":[{"id":995,"href":"http:\/\/WWW.derivesdansleglisecatholique.fr\/index.php?rest_route=\/wp\/v2\/pages\/984\/revisions\/995"}],"wp:attachment":[{"href":"http:\/\/WWW.derivesdansleglisecatholique.fr\/index.php?rest_route=%2Fwp%2Fv2%2Fmedia&parent=984"}],"curies":[{"name":"wp","href":"https:\/\/api.w.org\/{rel}","templated":true}]}}