{"id":144,"date":"2016-12-23T15:47:16","date_gmt":"2016-12-23T14:47:16","guid":{"rendered":"http:\/\/WWW.derivesdansleglisecatholique.fr\/?page_id=144"},"modified":"2016-12-31T22:16:57","modified_gmt":"2016-12-31T21:16:57","slug":"rupture","status":"publish","type":"page","link":"https:\/\/WWW.derivesdansleglisecatholique.fr\/?page_id=144","title":{"rendered":"Les ruptures familiales"},"content":{"rendered":"<p>&nbsp;<\/p>\n<p style=\"padding-left: 30px;\"><span style=\"font-size: 12pt; font-family: times new roman,times,serif;\">Lorsqu\u2019un enfant quitte la maison familiale pour faire sa vie d\u2019\u00e9tudiant ou pour travailler, il prend son ind\u00e9pendance\u00a0 sans rupture affective, sans rupture avec son milieu social, sans rupture avec ses amis. Sa vie continue. En revanche, trop souvent, d\u00e8s son entr\u00e9e en communaut\u00e9 charismatique le jeune va changer n\u00e9gativement. Les parents constatent chez lui une d\u00e9stabilisation, un mal-\u00eatre. <strong>Ils ne reconnaissent plus leur enfant. C\u2019est lui apparemment, et c\u2019est un tout autre, un \u00e9tranger.<\/strong> Il argue maintes excuses pour ne pas venir les voir. Quand enfin, les parents, les fr\u00e8res et s\u0153urs se font une joie de l\u2019accueillir, Il ne s\u2019int\u00e8gre plus \u00e0 la vie familiale.\u00a0 Il va leur exprimer du m\u00e9pris, de l\u2019agressivit\u00e9, du rejet. Il se place au dessus de ce qu\u2019il manifeste \u00eatre la banalit\u00e9 de leur vie. Chacun comprend\u00a0 d\u2019autant moins que leurs questions ne feront qu\u2019empirer la situation. \u00a0A ce stade, ils ne le savent pas encore, mais il \u00a0subi le formatage d\u2019une emprise sectaire.<\/span><\/p>\n<p style=\"padding-left: 30px;\"><span style=\"color: #ffcc99;\">.<\/span><\/p>\n<p style=\"text-align: center; padding-left: 30px;\"><span style=\"font-size: 12pt; font-family: times new roman,times,serif; color: #0000ff;\"><strong><span style=\"font-size: 14pt;\">Les \u00e9tapes de la d\u00e9stabilisation\u00a0:<\/span> <\/strong><\/span><\/p>\n<p style=\"padding-left: 30px; text-align: left;\"><span style=\"color: #ffcc99;\">.<\/span><\/p>\n<p style=\"padding-left: 30px;\"><span style=\"font-size: 12pt; font-family: times new roman,times,serif;\">Le jeune qui rencontre le renouveau est aussit\u00f4t plong\u00e9 dans la religiosit\u00e9 psycho-spirituelle qui va \u00ab\u00a0revisiter l\u2019histoire familiale\u00a0\u00bb. <strong>Il est greff\u00e9 dans une communaut\u00e9 qui a pris la place de sa famille. <\/strong>Pour cela, par des psychotechniques sectaires, on remplace son enfance par de faux souvenirs. Il est ainsi capt\u00e9 dans le cursus de \u00ab\u00a0blessure-gu\u00e9rison\u00a0\u00bb qui est le fondement faussement religieux de la communaut\u00e9. <strong>Pour y vivre, il faut \u00eatre \u00ab\u00a0bless\u00e9\u00a0\u00bb.<\/strong> C\u2019est le ciment communautaire.\u00a0\u00a0<\/span><\/p>\n<p style=\"padding-left: 30px;\"><span style=\"font-size: 12pt; font-family: times new roman,times,serif;\"><strong>\u00a0<\/strong><\/span><\/p>\n<p style=\"padding-left: 30px;\"><span style=\"font-size: 12pt; font-family: times new roman,times,serif;\">Le premier effet en est sa d\u00e9stabilisation puisqu\u2019il \u00ab\u00a0d\u00e9couvre\u00a0\u00bb que son histoire familiale dans laquelle il s\u2019enracine n\u2019est pas celle qu\u2019il croyait. Ce qui touche profond\u00e9ment \u00e0 la question fondamentale\u00a0: qui suis-je\u00a0? Il ne sait plus. <strong>Son avenir a bascul\u00e9. Il est perdu\u2026<\/strong><\/span><\/p>\n<p style=\"padding-left: 30px;\"><span style=\"font-size: 12pt; font-family: times new roman,times,serif;\"><strong>\u00a0<\/strong><\/span><\/p>\n<p style=\"padding-left: 30px;\"><span style=\"font-size: 12pt; font-family: times new roman,times,serif;\">Le second effet, par voie de cons\u00e9quences en est la d\u00e9stabilisation des membres de sa famille.<\/span><\/p>\n<p style=\"padding-left: 30px;\"><span style=\"font-size: 12pt; font-family: times new roman,times,serif;\">Plus personne n\u2019est \u00e0 sa place. La cl\u00e9 de communication est perdue. Les parents ne savent plus. Ils vont se poser mille questions, se culpabiliser. Ce qui ne change rien. Il leur faudra du temps pour comprendre que leur enfant est une marionnette dans les mains du gourou. Du temps pour prendre conscience que l\u2019amour qu\u2019il porte \u00e0 leur enfant est d\u00e9voy\u00e9 et utilis\u00e9 contre eux par le m\u00eame gourou.<\/span><\/p>\n<p style=\"padding-left: 30px;\"><span style=\"color: #ffcc99;\">.<\/span><\/p>\n<p style=\"text-align: center; padding-left: 30px;\"><span style=\"font-size: 14pt; font-family: times new roman,times,serif;\"><strong><span style=\"color: #0000ff;\">L\u2019amour des parents d\u00e9voy\u00e9 et utilis\u00e9 par le gourou.\u00a0<\/span> <\/strong><\/span><\/p>\n<p style=\"padding-left: 30px;\"><span style=\"font-size: 12pt; font-family: times new roman,times,serif;\"><strong>\u00a0<\/strong><\/span><\/p>\n<p style=\"padding-left: 30px;\"><span style=\"font-size: 12pt; font-family: times new roman,times,serif;\">Viendra le moment o\u00f9 les parents r\u00e9agiront devant le naufrage de leur enfant et \u00e0 l\u2019agression qu\u2019ils subissent. D\u2019autant plus que le jeune d\u00e9stabilis\u00e9, \u00a0est aussi \u00a0en difficult\u00e9s. On ne renie pas ses parents, on ne coupe pas ses racines sans souffrance. C\u2019est une phase qui pourrait mettre l\u2019emprise en p\u00e9ril. Il faut donc maintenir le jeune sous les \u00ab\u00a0th\u00e9rapies\u00a0\u00bb fallacieuses psycho-spirituelle pour l\u2019isoler de ses parents. Bien pire, pour \u00ab\u00a0gu\u00e9rir\u00a0\u00bb de ses \u00ab\u00a0blessures\u00a0\u00bb imput\u00e9es \u00e0 ses parents \u00ab\u00a0d\u00e9montr\u00e9s\u00a0\u00bb nocifs, <strong>on va lui imposer de rompre ses liens avec eux dans des \u00ab\u00a0pri\u00e8res de d\u00e9livrance\u00a0\u00bb qui sont des<\/strong> <strong>exorcismes sauvages d\u2019une violence insoutenable. <\/strong><\/span><\/p>\n<p style=\"padding-left: 30px;\"><span style=\"font-size: 12pt; font-family: times new roman,times,serif;\">Cela pourrait ne pas suffire. Donc l\u2019argument de force est la parole d\u2019Evangile maintes fois cit\u00e9e dans la Bible qui lui sera r\u00e9p\u00e9t\u00e9 en leitmotiv \u00a0<strong>\u00ab\u00a0 <em>L\u2019homme quittera son p\u00e8re et sa m\u00e8re\u2026\u00a0\u00bb<\/em><\/strong> en omettant soigneusement la fin de la phrase \u00ab\u00a0 <em>et ils ne feront plus qu\u2019une seule chair\u00a0\u00bb. <strong>\u00a0<\/strong><\/em>Cette phrase concerne le mariage et ne suppose pas le rejet des parents, de son histoire, de sa vie. Elle d\u00e9montre clairement comment se forme un couple. Cette phrase tronqu\u00e9e est d\u00e9voy\u00e9e pour justifier la rupture du jeune avec sa famille.<\/span><\/p>\n<p style=\"padding-left: 30px;\"><span style=\"font-size: 12pt; font-family: times new roman,times,serif;\">C\u2019est d\u2019autant plus vrai que lorsque les parents se posent les bonnes questions et les r\u00e9percutent aux responsables eccl\u00e9siaux, on les qualifiera de <strong>\u00ab\u00a0parents fusionnels\u00a0\u00bb.<\/strong> Un pi\u00e8tre argument. Il est facile de constater que par leur \u00e9ducation, <strong>ils ont donn\u00e9 la libert\u00e9 \u00e0 leur enfant et que s\u2019ils r\u00e9agissent, c\u2019est parce que d\u2019autres la lui ont prise. <\/strong><\/span><\/p>\n<p style=\"padding-left: 30px;\"><span style=\"color: #ffcc99;\">.<\/span><\/p>\n<p style=\"padding-left: 30px; text-align: center;\"><span style=\"font-size: 14pt; font-family: times new roman,times,serif;\"><strong><span style=\"color: #0000ff;\">La soumission\u00a0 par le v\u0153u abusif d\u2019ob\u00e9issance\u00a0:<\/span> <\/strong><\/span><\/p>\n<p style=\"padding-left: 30px;\"><span style=\"font-size: 12pt; font-family: times new roman,times,serif;\"><strong>\u00a0<\/strong><\/span><\/p>\n<p style=\"padding-left: 30px;\"><span style=\"font-size: 12pt; font-family: times new roman,times,serif;\"><strong>\u00a0<\/strong>Le jeune est soumis au responsable par des v\u0153ux religieux qui n\u2019ont aucune raison d\u2019\u00eatre dans une communaut\u00e9 de la\u00efcs. Il ne servent qu\u2019\u00e0 imposer la volont\u00e9 du responsable \u00e0 l\u2019adepte. Mais dans une communaut\u00e9 religieuse o\u00f9 le voeu d\u2019ob\u00e9issance est licite, il peut \u00eatre aussi utilis\u00e9 abusivement.<\/span><\/p>\n<p style=\"padding-left: 30px;\"><span style=\"color: #ffcc99;\">.<\/span><\/p>\n<p style=\"text-align: center; padding-left: 30px;\"><span style=\"font-size: 14pt; font-family: times new roman,times,serif;\"><strong><span style=\"color: #0000ff;\">La \u00a0destruction\u00a0:\u00a0<\/span> <\/strong><\/span><\/p>\n<p style=\"padding-left: 30px;\"><span style=\"font-size: 12pt; font-family: times new roman,times,serif;\"><strong>\u00a0<\/strong><\/span><\/p>\n<p style=\"padding-left: 30px;\"><span style=\"font-size: 12pt; font-family: times new roman,times,serif;\">On dit bien au jeune que la famille, c\u2019est sa communaut\u00e9. <strong>Sa vie personnelle ne lui appartient plus elle est amalgam\u00e9e au groupe communautaire. <\/strong>Donc pourquoi irait-il au bapt\u00eame d\u2019un neveu, assister un membre de sa famille malade, rencontrer ses fr\u00e8res et soeurs voire visiter les siens\u00a0? \u00a0Il n\u2019est plus concern\u00e9. Dieu le veut \u00e0 son service, particuli\u00e8rement dans le travail qu\u2019on exige de lui \u00a0pour la communaut\u00e9.<\/span><\/p>\n<p style=\"padding-left: 30px;\"><span style=\"font-size: 12pt; font-family: times new roman,times,serif;\">Les parents imposeront parfois leur visite de quelques heures. Non sans difficult\u00e9\u00a0: le jour, l\u2019heure, ne doivent pas d\u00e9ranger la communaut\u00e9. Quand enfin, ils peuvent rencontrer leur enfant, ce n\u2019est pas simple. Les questions concernant la communaut\u00e9 sont \u00e0 \u00e9viter pour ne pas avoir des retours d\u2019agressivit\u00e9. Ils parlent de la famille, des amis, donnent des nouvelles des uns et des autres, \u00e9voquent des souvenirs. Pour une heure ou deux, ils essaient d\u2019int\u00e9grer leur enfant dans son v\u00e9cu familial. Un danger vite \u00e9cart\u00e9. Lorsque les parents seront partis le jeune devra rendre compte de son entretien avec eux. Au nom de l\u2019ob\u00e9issance. Ce qui est une violence faite \u00e0 l\u2019encontre tant du jeune que des parents. <strong>On imposera de plus en plus au jeune ce qu\u2019il doit dire ou ne pas dire \u00e0 ses parents. De telles mani\u00e8res que peu \u00e0 peu toute relation sera impossible. <\/strong><\/span><\/p>\n<p style=\"padding-left: 30px;\"><span style=\"font-size: 12pt; font-family: times new roman,times,serif;\">Parfois, cependant, le jeune sera autoris\u00e9 \u00e0 aller visiter bri\u00e8vement ses parents. Mais cela n\u2019est pas gratuit. Devant son d\u00e9nuement, justifi\u00e9 par le v\u0153u de pauvret\u00e9 tout aussi abusif, ses parents vont pourvoir \u00e0 ses besoins, Il repart avec des chaussures, des\u00a0 v\u00eatements neufs, des m\u00e9dicaments, souvent de l\u2019argent. Autant que la communaut\u00e9 n\u2019aura pas \u00e0 d\u00e9bourser. Ce n\u2019est pas pour cela qu\u2019il donnera ensuite des nouvelles \u00e0 ses parents. Tout est d\u00fb. <strong>Bien des parents se sont lass\u00e9s d\u2019\u00eatre des distributeurs de billets de banque. Malheureusement, les parents qui ne donnent plus, n\u2019existent plus.<\/strong> C\u2019est d\u2019autant plus facile que souvent, un jeune est envoy\u00e9 dans une autre communaut\u00e9, parfois \u00e0 l\u2019\u00e9tranger,\u00a0 sans que les parents en soient inform\u00e9s. <strong>Leur enfant n\u2019est plus une personne, c\u2019est un objet. <\/strong><\/span><\/p>\n<p style=\"padding-left: 30px;\"><span style=\"font-size: 12pt; font-family: times new roman,times,serif;\"><strong>\u00a0<\/strong><\/span><\/p>\n<p style=\"text-align: center; padding-left: 30px;\"><span style=\"font-size: 14pt; font-family: times new roman,times,serif; color: #0000ff;\"><strong>Conclusion<\/strong><\/span><\/p>\n<p style=\"text-align: center; padding-left: 30px;\"><span style=\"color: #ffcc99;\">.<\/span><\/p>\n<p style=\"padding-left: 30px;\"><span style=\"font-size: 12pt; font-family: times new roman,times,serif;\">Ce processus scandaleux d\u2019utilisation de jeunes au seul profit d\u2019une communaut\u00e9 s\u2019apparent \u00e0 un syst\u00e8me esclavagiste. Ce processus de destruction des liens familiaux bri\u00e8vement r\u00e9sum\u00e9 ici, est inhumain, port\u00e9 par une violence insoutenable. Il s\u2019apparente \u00e0 une id\u00e9ologie totalitaire. Cela\u00a0 doit \u00eatre d\u00e9nonc\u00e9 avec force.<\/span><\/p>\n<p style=\"padding-left: 30px;\"><span style=\"color: #ffcc99;\">.<\/span><\/p>\n","protected":false},"excerpt":{"rendered":"<p>&nbsp; Lorsqu\u2019un enfant quitte la maison familiale pour faire sa vie d\u2019\u00e9tudiant ou pour travailler, il prend son ind\u00e9pendance\u00a0 sans rupture affective, sans rupture avec son milieu social, sans rupture avec ses amis. Sa vie continue. En revanche, trop souvent, d\u00e8s son entr\u00e9e en communaut\u00e9 charismatique le jeune va changer n\u00e9gativement. Les parents constatent chez <span class=\"ellipsis\">&hellip;<\/span> <span class=\"more-link-wrap\"><a href=\"https:\/\/WWW.derivesdansleglisecatholique.fr\/?page_id=144\" class=\"more-link\"><span>Read More &rarr;<\/span><\/a><\/span><\/p>\n","protected":false},"author":2,"featured_media":0,"parent":0,"menu_order":0,"comment_status":"closed","ping_status":"closed","template":"","meta":{"footnotes":""},"class_list":["post-144","page","type-page","status-publish","hentry"],"yoast_head":"<!-- This site is optimized with the Yoast SEO plugin v27.4 - https:\/\/yoast.com\/product\/yoast-seo-wordpress\/ -->\n<title>Les ruptures familiales - D\u00e9rives dans l&#039;eglise catholique<\/title>\n<meta name=\"robots\" content=\"index, follow, max-snippet:-1, max-image-preview:large, max-video-preview:-1\" \/>\n<link rel=\"canonical\" href=\"https:\/\/WWW.derivesdansleglisecatholique.fr\/?page_id=144\" \/>\n<meta property=\"og:locale\" content=\"fr_FR\" \/>\n<meta property=\"og:type\" content=\"article\" \/>\n<meta property=\"og:title\" content=\"Les ruptures familiales - D\u00e9rives dans l&#039;eglise catholique\" \/>\n<meta property=\"og:description\" content=\"&nbsp; Lorsqu\u2019un enfant quitte la maison familiale pour faire sa vie d\u2019\u00e9tudiant ou pour travailler, il prend son ind\u00e9pendance\u00a0 sans rupture affective, sans rupture avec son milieu social, sans rupture avec ses amis. Sa vie continue. En revanche, trop souvent, d\u00e8s son entr\u00e9e en communaut\u00e9 charismatique le jeune va changer n\u00e9gativement. Les parents constatent chez &hellip; Read More &rarr;\" \/>\n<meta property=\"og:url\" content=\"https:\/\/WWW.derivesdansleglisecatholique.fr\/?page_id=144\" \/>\n<meta property=\"og:site_name\" content=\"D\u00e9rives dans l&#039;eglise catholique\" \/>\n<meta property=\"article:modified_time\" content=\"2016-12-31T21:16:57+00:00\" \/>\n<meta name=\"twitter:label1\" content=\"Dur\u00e9e de lecture estim\u00e9e\" \/>\n\t<meta name=\"twitter:data1\" content=\"6 minutes\" \/>\n<script type=\"application\/ld+json\" class=\"yoast-schema-graph\">{\"@context\":\"https:\\\/\\\/schema.org\",\"@graph\":[{\"@type\":\"WebPage\",\"@id\":\"https:\\\/\\\/WWW.derivesdansleglisecatholique.fr\\\/?page_id=144\",\"url\":\"https:\\\/\\\/WWW.derivesdansleglisecatholique.fr\\\/?page_id=144\",\"name\":\"Les ruptures familiales - D\u00e9rives dans l&#039;eglise catholique\",\"isPartOf\":{\"@id\":\"http:\\\/\\\/WWW.derivesdansleglisecatholique.fr\\\/#website\"},\"datePublished\":\"2016-12-23T14:47:16+00:00\",\"dateModified\":\"2016-12-31T21:16:57+00:00\",\"breadcrumb\":{\"@id\":\"https:\\\/\\\/WWW.derivesdansleglisecatholique.fr\\\/?page_id=144#breadcrumb\"},\"inLanguage\":\"fr-FR\",\"potentialAction\":[{\"@type\":\"ReadAction\",\"target\":[\"https:\\\/\\\/WWW.derivesdansleglisecatholique.fr\\\/?page_id=144\"]}]},{\"@type\":\"BreadcrumbList\",\"@id\":\"https:\\\/\\\/WWW.derivesdansleglisecatholique.fr\\\/?page_id=144#breadcrumb\",\"itemListElement\":[{\"@type\":\"ListItem\",\"position\":1,\"name\":\"Accueil\",\"item\":\"http:\\\/\\\/WWW.derivesdansleglisecatholique.fr\\\/\"},{\"@type\":\"ListItem\",\"position\":2,\"name\":\"Les ruptures familiales\"}]},{\"@type\":\"WebSite\",\"@id\":\"http:\\\/\\\/WWW.derivesdansleglisecatholique.fr\\\/#website\",\"url\":\"http:\\\/\\\/WWW.derivesdansleglisecatholique.fr\\\/\",\"name\":\"D\u00e9rives dans l&#039;eglise catholique\",\"description\":\"Justice et V\u00e9rit\u00e9 pour les familles\",\"potentialAction\":[{\"@type\":\"SearchAction\",\"target\":{\"@type\":\"EntryPoint\",\"urlTemplate\":\"http:\\\/\\\/WWW.derivesdansleglisecatholique.fr\\\/?s={search_term_string}\"},\"query-input\":{\"@type\":\"PropertyValueSpecification\",\"valueRequired\":true,\"valueName\":\"search_term_string\"}}],\"inLanguage\":\"fr-FR\"}]}<\/script>\n<!-- \/ Yoast SEO plugin. -->","yoast_head_json":{"title":"Les ruptures familiales - D\u00e9rives dans l&#039;eglise catholique","robots":{"index":"index","follow":"follow","max-snippet":"max-snippet:-1","max-image-preview":"max-image-preview:large","max-video-preview":"max-video-preview:-1"},"canonical":"https:\/\/WWW.derivesdansleglisecatholique.fr\/?page_id=144","og_locale":"fr_FR","og_type":"article","og_title":"Les ruptures familiales - D\u00e9rives dans l&#039;eglise catholique","og_description":"&nbsp; Lorsqu\u2019un enfant quitte la maison familiale pour faire sa vie d\u2019\u00e9tudiant ou pour travailler, il prend son ind\u00e9pendance\u00a0 sans rupture affective, sans rupture avec son milieu social, sans rupture avec ses amis. Sa vie continue. En revanche, trop souvent, d\u00e8s son entr\u00e9e en communaut\u00e9 charismatique le jeune va changer n\u00e9gativement. Les parents constatent chez &hellip; Read More &rarr;","og_url":"https:\/\/WWW.derivesdansleglisecatholique.fr\/?page_id=144","og_site_name":"D\u00e9rives dans l&#039;eglise catholique","article_modified_time":"2016-12-31T21:16:57+00:00","twitter_misc":{"Dur\u00e9e de lecture estim\u00e9e":"6 minutes"},"schema":{"@context":"https:\/\/schema.org","@graph":[{"@type":"WebPage","@id":"https:\/\/WWW.derivesdansleglisecatholique.fr\/?page_id=144","url":"https:\/\/WWW.derivesdansleglisecatholique.fr\/?page_id=144","name":"Les ruptures familiales - D\u00e9rives dans l&#039;eglise catholique","isPartOf":{"@id":"http:\/\/WWW.derivesdansleglisecatholique.fr\/#website"},"datePublished":"2016-12-23T14:47:16+00:00","dateModified":"2016-12-31T21:16:57+00:00","breadcrumb":{"@id":"https:\/\/WWW.derivesdansleglisecatholique.fr\/?page_id=144#breadcrumb"},"inLanguage":"fr-FR","potentialAction":[{"@type":"ReadAction","target":["https:\/\/WWW.derivesdansleglisecatholique.fr\/?page_id=144"]}]},{"@type":"BreadcrumbList","@id":"https:\/\/WWW.derivesdansleglisecatholique.fr\/?page_id=144#breadcrumb","itemListElement":[{"@type":"ListItem","position":1,"name":"Accueil","item":"http:\/\/WWW.derivesdansleglisecatholique.fr\/"},{"@type":"ListItem","position":2,"name":"Les ruptures familiales"}]},{"@type":"WebSite","@id":"http:\/\/WWW.derivesdansleglisecatholique.fr\/#website","url":"http:\/\/WWW.derivesdansleglisecatholique.fr\/","name":"D\u00e9rives dans l&#039;eglise catholique","description":"Justice et V\u00e9rit\u00e9 pour les familles","potentialAction":[{"@type":"SearchAction","target":{"@type":"EntryPoint","urlTemplate":"http:\/\/WWW.derivesdansleglisecatholique.fr\/?s={search_term_string}"},"query-input":{"@type":"PropertyValueSpecification","valueRequired":true,"valueName":"search_term_string"}}],"inLanguage":"fr-FR"}]}},"_links":{"self":[{"href":"https:\/\/WWW.derivesdansleglisecatholique.fr\/index.php?rest_route=\/wp\/v2\/pages\/144","targetHints":{"allow":["GET"]}}],"collection":[{"href":"https:\/\/WWW.derivesdansleglisecatholique.fr\/index.php?rest_route=\/wp\/v2\/pages"}],"about":[{"href":"https:\/\/WWW.derivesdansleglisecatholique.fr\/index.php?rest_route=\/wp\/v2\/types\/page"}],"author":[{"embeddable":true,"href":"https:\/\/WWW.derivesdansleglisecatholique.fr\/index.php?rest_route=\/wp\/v2\/users\/2"}],"replies":[{"embeddable":true,"href":"https:\/\/WWW.derivesdansleglisecatholique.fr\/index.php?rest_route=%2Fwp%2Fv2%2Fcomments&post=144"}],"version-history":[{"count":5,"href":"https:\/\/WWW.derivesdansleglisecatholique.fr\/index.php?rest_route=\/wp\/v2\/pages\/144\/revisions"}],"predecessor-version":[{"id":351,"href":"https:\/\/WWW.derivesdansleglisecatholique.fr\/index.php?rest_route=\/wp\/v2\/pages\/144\/revisions\/351"}],"wp:attachment":[{"href":"https:\/\/WWW.derivesdansleglisecatholique.fr\/index.php?rest_route=%2Fwp%2Fv2%2Fmedia&parent=144"}],"curies":[{"name":"wp","href":"https:\/\/api.w.org\/{rel}","templated":true}]}}