{"id":243,"date":"2016-12-30T14:30:41","date_gmt":"2016-12-30T13:30:41","guid":{"rendered":"http:\/\/WWW.derivesdansleglisecatholique.fr\/?page_id=243"},"modified":"2016-12-30T21:33:38","modified_gmt":"2016-12-30T20:33:38","slug":"avant-dentrer-en-communaute","status":"publish","type":"page","link":"https:\/\/WWW.derivesdansleglisecatholique.fr\/?page_id=243","title":{"rendered":"R\u00e9flexions avant d&rsquo;entrer en communaut\u00e9"},"content":{"rendered":"<p style=\"text-align: center;\"><span style=\"color: #0000ff; font-family: times new roman,times,serif; font-size: 14pt;\"><strong>\u00a0<\/strong><\/span><\/p>\n<p style=\"padding-left: 30px;\"><span style=\"font-family: times new roman,times,serif; font-size: 12pt;\">Vous avez rencontr\u00e9 une communaut\u00e9 qui vous attire. Vous projetez d\u2019y entrer. Voici quelques points de r\u00e9flexion que nous vous proposons avant que vous ne \u00ab\u00a0sautiez le pas\u00a0\u00bb\u00a0:<\/span><\/p>\n<p style=\"padding-left: 30px;\"><span style=\"color: #ffcc99;\">.<\/span><\/p>\n<p style=\"text-align: center;\"><span style=\"color: #0000ff; font-family: times new roman,times,serif; font-size: 14pt;\"><strong>Dans quelles conditions s\u2019est fait le recrutement\u00a0?<\/strong><\/span><\/p>\n<p style=\"padding-left: 30px;\"><span style=\"font-family: times new roman,times,serif; font-size: 12pt;\">&#8211; Comment avez-vous rencontr\u00e9 cette communaut\u00e9\u00a0? Dans un rassemblement de jeunes, un groupe de pri\u00e8re, une session de gu\u00e9rison, une retraite charismatique, un foyer d\u2019\u00e9tudiants\u00a0? \u00a0\u00a0&#8211; &#8211; Qui et quoi vous a fait basculer vers ce choix\u00a0? Avant de vous d\u00e9cider, avez-vous pris le temps de la r\u00e9flexion, d\u2019un accompagnement personnel avec un pr\u00eatre qui ne fait pas partie de ces groupes, ou avez-vous d\u00e9couvert votre vocation avec un membre engag\u00e9 dans ce mouvement\u00a0?<\/span><\/p>\n<p style=\"padding-left: 30px;\"><span style=\"font-family: times new roman,times,serif; font-size: 12pt;\">&#8211; Votre d\u00e9cision sera d\u00e9terminante de votre avenir. Vous a-t-on fait arr\u00eater vos \u00e9tudes\u00a0? Changer radicalement votre vie\u00a0? Couper vos relations avec vos amis\u00a0croyants ou pas ? Distendre vos liens familiaux\u00a0?<\/span><\/p>\n<p style=\"padding-left: 30px;\"><span style=\"color: #ffcc99;\">.<\/span><\/p>\n<p style=\"text-align: center;\"><span style=\"color: #0000ff; font-family: times new roman,times,serif; font-size: 14pt;\"><strong>A savoir\u00a0:<\/strong><\/span><\/p>\n<p style=\"padding-left: 30px;\"><span style=\"font-family: times new roman,times,serif; font-size: 12pt;\">&#8211; une engagement de vocation demande de la r\u00e9flexion et du temps. Il ne peut se faire sous le coup d\u2019une \u00e9motion, d\u2019une \u00ab\u00a0parole de connaissance\u00a0\u00bb ou d\u2019un pr\u00e9tendu appel sugg\u00e9r\u00e9 par une personne.<\/span><\/p>\n<p style=\"padding-left: 30px;\"><span style=\"font-family: times new roman,times,serif; font-size: 12pt;\">&#8211; des \u00e9tudes stopp\u00e9es, auront peu de chance d\u2019\u00eatre reprises. Si vous voulez un jour quitter la communaut\u00e9, vous aurez des difficult\u00e9s \u00e0 \u00a0vous r\u00e9ins\u00e9rer dans la vie active.<\/span><\/p>\n<p style=\"padding-left: 30px;\"><span style=\"font-family: times new roman,times,serif; font-size: 12pt;\">&#8211; une communaut\u00e9 saine respecte le v\u00e9cu de chacun et \u00e0 ce titre ne peut exiger votre rupture avec qui que ce soit.<\/span><\/p>\n<p style=\"padding-left: 30px;\"><span style=\"font-family: times new roman,times,serif; font-size: 12pt;\">&#8211; Un engagement religieux normal est dans la continuit\u00e9 de la\u00a0 vie dans sa r\u00e9alit\u00e9. Ce n\u2019est pas un passage radical dans une autre vie, un autre monde.<\/span><\/p>\n<p style=\"padding-left: 30px;\"><span style=\"color: #ffcc99;\">.<\/span><\/p>\n<p style=\"text-align: center; padding-left: 30px;\"><span style=\"color: #0000ff; font-family: times new roman,times,serif; font-size: 14pt;\"><strong>Des \u00e9l\u00e9ments \u00e0 ne pas n\u00e9gliger\u00a0:<\/strong><\/span><\/p>\n<p style=\"padding-left: 30px;\"><span style=\"font-family: times new roman,times,serif; font-size: 12pt;\">&#8211; Consulter les statuts de mani\u00e8re \u00e0 savoir s\u2019il s\u2019agit d\u2019une Communaut\u00e9 religieuse, d\u2019une Congr\u00e9gation, d\u2019un Institut de vie consacr\u00e9e ou d\u2019une Association de la\u00efcs.<\/span><\/p>\n<p style=\"padding-left: 30px;\"><span style=\"font-family: times new roman,times,serif; font-size: 12pt;\">&#8211; \u00a0V\u00e9rifier sous quel r\u00e9gime social vous allez \u00eatre pris en compte\u00a0: cotisations sociales, remboursements maladie, hospitalisation etc. Sans oublier la prise en charge de vos cotisations de retraite. Autant d\u2019\u00e9l\u00e9ments concrets auxquels on ne pense pas assez. Des communautaires \u00e2g\u00e9s ou d\u2019ex-communautaires,\u00a0 faute d\u2019y avoir pens\u00e9 se retrouvent aujourd\u2019hui sans ressources apr\u00e8s avoir travaill\u00e9 au seul profit de la communaut\u00e9 durant des ann\u00e9es.<\/span><\/p>\n<p style=\"padding-left: 30px;\"><span style=\"font-family: times new roman,times,serif; font-size: 12pt;\">&#8211; La communaut\u00e9 se pr\u00e9sente peut-\u00eatre comme une communaut\u00e9 religieuse, ses membres sont en habit religieux. Il faut savoir qu\u2019une \u00ab\u00a0association de la\u00efcs\u00a0\u00bb qui est le statut de la majorit\u00e9 des communaut\u00e9s du renouveau, n\u2019est pas une communaut\u00e9 religieuse. L\u2019habit est une mascarade.<\/span><\/p>\n<p>&nbsp;<\/p>\n<p style=\"text-align: center;\"><span style=\"color: #0000ff; font-family: times new roman,times,serif; font-size: 14pt;\"><strong>La diff\u00e9rence est de taille\u00a0:<\/strong><\/span><\/p>\n<p style=\"padding-left: 30px;\"><span style=\"font-family: times new roman,times,serif; font-size: 12pt;\">&#8211; Une communaut\u00e9 religieuse reconnue comme telle dans l\u2019Eglise est d\u00e9clar\u00e9e telle \u00e0 la pr\u00e9fecture. Les jeunes qui y entrent sont soumis \u00e0 des v\u0153ux religieux de pauvret\u00e9, ob\u00e9issance, chastet\u00e9, reconnus par l\u2019Eglise. Normalement, ils b\u00e9n\u00e9ficient de la couverture sociale de la communaut\u00e9. S\u2019ils tombent malades, la communaut\u00e9 doit les assumer. Ils s\u2019engagent envers la communaut\u00e9 tout autant qu\u2019elle est engag\u00e9e\u00a0envers eux.<\/span><\/p>\n<p style=\"padding-left: 30px;\"><span style=\"font-family: times new roman,times,serif; font-size: 12pt;\">&#8211; Une association de la\u00efcs d\u00e9clar\u00e9e telle dans l\u2019Eglise et \u00e0 la pr\u00e9fecture, re\u00e7oit des jeunes mais ne leur assure aucun avenir. Les v\u0153ux religieux n\u2019ont aucun sens et sont irrecevables puisqu\u2019il s\u2019agit d\u2019un engagement la\u00efc r\u00e9vocable \u00e0 tout instant, et non religieux.<\/span><\/p>\n<p style=\"padding-left: 30px;\"><span style=\"font-family: times new roman,times,serif; font-size: 12pt;\">&#8211; Dans la plupart de ces communaut\u00e9s de la\u00efcs, en habit, voulant vivre comme des moines, les v\u0153ux religieux sont impos\u00e9s. Ce sont des v\u0153ux abusifs qui n\u2019ont aucune valeur. Le jeune s\u2019engage mais ni la communaut\u00e9, ni l\u2019Eglise n\u2019est engag\u00e9 envers lui. Il peut se retrouver un jour devant la porte, avec pour bagage ses seules larmes, et ses ann\u00e9es perdues. On lui dira qu\u2019il \u00e9tait \u00ab\u00a0b\u00e9n\u00e9vole\u00a0\u00bb et \u00e0 ce titre n\u2019a aucun droit.<\/span><\/p>\n<p style=\"padding-left: 30px;\"><span style=\"color: #ffcc99;\">.<\/span><\/p>\n<p style=\"text-align: center;\"><span style=\"color: #0000ff; font-family: times new roman,times,serif; font-size: 14pt;\"><strong>&#8211; Le statut des familles est encore plus probl\u00e9matique, surtout avec des enfants<\/strong>.<\/span><\/p>\n<p style=\"padding-left: 30px;\"><span style=\"font-family: times new roman,times,serif; font-size: 12pt;\">Il y a le couple engag\u00e9 dans le mariage avec son v\u00e9cu propre, le couple parental investit de l\u2019autorit\u00e9 parentale et les enfants. Au vu des t\u00e9moignages que nous avons, cela pose de nombreuses questions puisque la famille est sous d\u00e9pendance du responsable de la communaut\u00e9\u00a0:<\/span><\/p>\n<p style=\"padding-left: 30px;\"><span style=\"font-family: times new roman,times,serif; font-size: 12pt;\">&#8211; Quelle intimit\u00e9 de couple a-t-il\u00a0? Sous quelle d\u00e9pendance est-il\u00a0?<\/span><\/p>\n<p style=\"padding-left: 30px;\"><span style=\"font-family: times new roman,times,serif; font-size: 12pt;\">&#8211; Qui exerce l\u2019autorit\u00e9 parentale\u00a0: les parents ou le responsable de la communaut\u00e9\u00a0?<\/span><\/p>\n<p style=\"padding-left: 30px;\"><span style=\"font-family: times new roman,times,serif; font-size: 12pt;\">&#8211; Quelle est la place de la famille dans la communaut\u00e9\u00a0?<\/span><\/p>\n<p style=\"padding-left: 30px;\"><span style=\"font-family: times new roman,times,serif; font-size: 12pt;\">&#8211; Quelle d\u00e9pendance\u00a0? Quels moyens mat\u00e9riels personnels\u00a0? Qui d\u00e9cide des besoins\u00a0? Qui g\u00e8re l\u2019argent\u00a0?<\/span><\/p>\n<p style=\"padding-left: 30px;\"><span style=\"font-family: times new roman,times,serif; font-size: 12pt;\">&#8211; A-t-on le droit d\u2019engager des enfants dans une telle exp\u00e9rience\u00a0?<\/span><\/p>\n<p style=\"padding-left: 30px;\"><span style=\"color: #ffcc99;\">.<\/span><\/p>\n<p style=\"text-align: center;\"><span style=\"color: #0000ff; font-family: times new roman,times,serif; font-size: 14pt;\"><strong>A savoir\u00a0:<\/strong><\/span><\/p>\n<p style=\"padding-left: 30px;\"><span style=\"font-family: times new roman,times,serif; font-size: 12pt;\">&#8211; Un couple mari\u00e9 est engag\u00e9 devant la soci\u00e9t\u00e9 civile envers laquelle il a des devoirs et qui lui donne des droits. Il doit avoir la libert\u00e9 d\u2019\u00e9duquer ses enfants et pour cela en avoir les moyens financiers. Personne ne peut se substituer \u00e0 cet engagement.<\/span><\/p>\n<p style=\"padding-left: 30px;\"><span style=\"font-family: times new roman,times,serif; font-size: 12pt;\">&#8211; Ce couple, s\u2019il est catholique,\u00a0 est uni par le sacrement de mariage. Personne n\u2019a le droit de s\u2019ins\u00e9rer, de p\u00e9n\u00e9trer ou d\u2019interpr\u00e9ter le v\u00e9cu des \u00e9poux, voire d\u2019imposer un mode de vie, au nom d\u2019une d\u00e9marche pr\u00e9tendument de foi.<\/span><\/p>\n<p style=\"padding-left: 30px;\"><span style=\"font-family: times new roman,times,serif; font-size: 12pt;\">&#8211; Le couple doit garder l\u2019autorit\u00e9 parentale et la libert\u00e9 d\u2019exercer ce droit sans avoir \u00e0 en r\u00e9f\u00e9rer \u00e0 un \u00ab\u00a0sup\u00e9rieur\u00a0\u00bb religieux.<\/span><\/p>\n<p style=\"padding-left: 30px;\"><span style=\"font-family: times new roman,times,serif; font-size: 12pt;\">&#8211; Les enfants n\u2019ont pas \u00e0 \u00eatre soumis \u00e0 une autre autorit\u00e9 que celle de leurs parents.<\/span><\/p>\n<p style=\"padding-left: 30px;\"><span style=\"font-family: times new roman,times,serif; font-size: 12pt;\">&#8211; Ils doivent pouvoir voir librement leurs grands parents, leur famille dont les f\u00eates familiales doivent \u00eatre prioritairement respect\u00e9es.<\/span><\/p>\n<p style=\"padding-left: 30px;\"><span style=\"font-family: times new roman,times,serif; font-size: 12pt;\">&#8211; L\u2019engagement de leurs parents ne doit pas d\u00e9terminer de leur vie. Ce qui pose une question de bon sens\u00a0: que font les enfants dans ces communaut\u00e9s\u00a0? <strong>Le mariage est une vocation, quel amalgame de \u00ab\u00a0vocation\u00a0\u00bb confuse veut-on imposer aux familles\u00a0? Avec quels risques\u00a0?<\/strong><\/span><\/p>\n<p style=\"padding-left: 30px;\"><span style=\"color: #ffcc99;\">.<\/span><\/p>\n<p style=\"text-align: center;\"><span style=\"color: #0000ff; font-size: 14pt;\"><strong><span style=\"font-family: times new roman,times,serif;\">En aucun cas la communaut\u00e9 ne doit prendre la place de la famille. Toutes les relations familiales et relationnelles doivent \u00eatre respect\u00e9es.\u00a0<\/span> <\/strong><\/span><\/p>\n<p style=\"text-align: center;\"><span style=\"color: #ffcc99;\">.<\/span><\/p>\n","protected":false},"excerpt":{"rendered":"<p>\u00a0 Vous avez rencontr\u00e9 une communaut\u00e9 qui vous attire. Vous projetez d\u2019y entrer. Voici quelques points de r\u00e9flexion que nous vous proposons avant que vous ne \u00ab\u00a0sautiez le pas\u00a0\u00bb\u00a0: . Dans quelles conditions s\u2019est fait le recrutement\u00a0? &#8211; Comment avez-vous rencontr\u00e9 cette communaut\u00e9\u00a0? Dans un rassemblement de jeunes, un groupe de pri\u00e8re, une session de <span class=\"ellipsis\">&hellip;<\/span> <span class=\"more-link-wrap\"><a href=\"https:\/\/WWW.derivesdansleglisecatholique.fr\/?page_id=243\" class=\"more-link\"><span>Read More &rarr;<\/span><\/a><\/span><\/p>\n","protected":false},"author":2,"featured_media":0,"parent":0,"menu_order":0,"comment_status":"closed","ping_status":"closed","template":"","meta":{"footnotes":""},"class_list":["post-243","page","type-page","status-publish","hentry"],"yoast_head":"<!-- This site is optimized with the Yoast SEO plugin v27.4 - https:\/\/yoast.com\/product\/yoast-seo-wordpress\/ -->\n<title>R\u00e9flexions avant d&#039;entrer en communaut\u00e9 - D\u00e9rives dans l&#039;eglise catholique<\/title>\n<meta name=\"robots\" content=\"index, follow, max-snippet:-1, max-image-preview:large, max-video-preview:-1\" \/>\n<link rel=\"canonical\" href=\"https:\/\/WWW.derivesdansleglisecatholique.fr\/?page_id=243\" \/>\n<meta property=\"og:locale\" content=\"fr_FR\" \/>\n<meta property=\"og:type\" content=\"article\" \/>\n<meta property=\"og:title\" content=\"R\u00e9flexions avant d&#039;entrer en communaut\u00e9 - D\u00e9rives dans l&#039;eglise catholique\" \/>\n<meta property=\"og:description\" content=\"\u00a0 Vous avez rencontr\u00e9 une communaut\u00e9 qui vous attire. Vous projetez d\u2019y entrer. Voici quelques points de r\u00e9flexion que nous vous proposons avant que vous ne \u00ab\u00a0sautiez le pas\u00a0\u00bb\u00a0: . Dans quelles conditions s\u2019est fait le recrutement\u00a0? &#8211; Comment avez-vous rencontr\u00e9 cette communaut\u00e9\u00a0? Dans un rassemblement de jeunes, un groupe de pri\u00e8re, une session de &hellip; Read More &rarr;\" \/>\n<meta property=\"og:url\" content=\"https:\/\/WWW.derivesdansleglisecatholique.fr\/?page_id=243\" \/>\n<meta property=\"og:site_name\" content=\"D\u00e9rives dans l&#039;eglise catholique\" \/>\n<meta property=\"article:modified_time\" content=\"2016-12-30T20:33:38+00:00\" \/>\n<meta name=\"twitter:label1\" content=\"Dur\u00e9e de lecture estim\u00e9e\" \/>\n\t<meta name=\"twitter:data1\" content=\"5 minutes\" \/>\n<script type=\"application\/ld+json\" class=\"yoast-schema-graph\">{\"@context\":\"https:\\\/\\\/schema.org\",\"@graph\":[{\"@type\":\"WebPage\",\"@id\":\"https:\\\/\\\/WWW.derivesdansleglisecatholique.fr\\\/?page_id=243\",\"url\":\"https:\\\/\\\/WWW.derivesdansleglisecatholique.fr\\\/?page_id=243\",\"name\":\"R\u00e9flexions avant d'entrer en communaut\u00e9 - D\u00e9rives dans l&#039;eglise catholique\",\"isPartOf\":{\"@id\":\"http:\\\/\\\/WWW.derivesdansleglisecatholique.fr\\\/#website\"},\"datePublished\":\"2016-12-30T13:30:41+00:00\",\"dateModified\":\"2016-12-30T20:33:38+00:00\",\"breadcrumb\":{\"@id\":\"https:\\\/\\\/WWW.derivesdansleglisecatholique.fr\\\/?page_id=243#breadcrumb\"},\"inLanguage\":\"fr-FR\",\"potentialAction\":[{\"@type\":\"ReadAction\",\"target\":[\"https:\\\/\\\/WWW.derivesdansleglisecatholique.fr\\\/?page_id=243\"]}]},{\"@type\":\"BreadcrumbList\",\"@id\":\"https:\\\/\\\/WWW.derivesdansleglisecatholique.fr\\\/?page_id=243#breadcrumb\",\"itemListElement\":[{\"@type\":\"ListItem\",\"position\":1,\"name\":\"Accueil\",\"item\":\"http:\\\/\\\/WWW.derivesdansleglisecatholique.fr\\\/\"},{\"@type\":\"ListItem\",\"position\":2,\"name\":\"R\u00e9flexions avant d&rsquo;entrer en communaut\u00e9\"}]},{\"@type\":\"WebSite\",\"@id\":\"http:\\\/\\\/WWW.derivesdansleglisecatholique.fr\\\/#website\",\"url\":\"http:\\\/\\\/WWW.derivesdansleglisecatholique.fr\\\/\",\"name\":\"D\u00e9rives dans l&#039;eglise catholique\",\"description\":\"Justice et V\u00e9rit\u00e9 pour les familles\",\"potentialAction\":[{\"@type\":\"SearchAction\",\"target\":{\"@type\":\"EntryPoint\",\"urlTemplate\":\"http:\\\/\\\/WWW.derivesdansleglisecatholique.fr\\\/?s={search_term_string}\"},\"query-input\":{\"@type\":\"PropertyValueSpecification\",\"valueRequired\":true,\"valueName\":\"search_term_string\"}}],\"inLanguage\":\"fr-FR\"}]}<\/script>\n<!-- \/ Yoast SEO plugin. -->","yoast_head_json":{"title":"R\u00e9flexions avant d'entrer en communaut\u00e9 - D\u00e9rives dans l&#039;eglise catholique","robots":{"index":"index","follow":"follow","max-snippet":"max-snippet:-1","max-image-preview":"max-image-preview:large","max-video-preview":"max-video-preview:-1"},"canonical":"https:\/\/WWW.derivesdansleglisecatholique.fr\/?page_id=243","og_locale":"fr_FR","og_type":"article","og_title":"R\u00e9flexions avant d'entrer en communaut\u00e9 - D\u00e9rives dans l&#039;eglise catholique","og_description":"\u00a0 Vous avez rencontr\u00e9 une communaut\u00e9 qui vous attire. Vous projetez d\u2019y entrer. Voici quelques points de r\u00e9flexion que nous vous proposons avant que vous ne \u00ab\u00a0sautiez le pas\u00a0\u00bb\u00a0: . Dans quelles conditions s\u2019est fait le recrutement\u00a0? &#8211; Comment avez-vous rencontr\u00e9 cette communaut\u00e9\u00a0? Dans un rassemblement de jeunes, un groupe de pri\u00e8re, une session de &hellip; Read More &rarr;","og_url":"https:\/\/WWW.derivesdansleglisecatholique.fr\/?page_id=243","og_site_name":"D\u00e9rives dans l&#039;eglise catholique","article_modified_time":"2016-12-30T20:33:38+00:00","twitter_misc":{"Dur\u00e9e de lecture estim\u00e9e":"5 minutes"},"schema":{"@context":"https:\/\/schema.org","@graph":[{"@type":"WebPage","@id":"https:\/\/WWW.derivesdansleglisecatholique.fr\/?page_id=243","url":"https:\/\/WWW.derivesdansleglisecatholique.fr\/?page_id=243","name":"R\u00e9flexions avant d'entrer en communaut\u00e9 - D\u00e9rives dans l&#039;eglise catholique","isPartOf":{"@id":"http:\/\/WWW.derivesdansleglisecatholique.fr\/#website"},"datePublished":"2016-12-30T13:30:41+00:00","dateModified":"2016-12-30T20:33:38+00:00","breadcrumb":{"@id":"https:\/\/WWW.derivesdansleglisecatholique.fr\/?page_id=243#breadcrumb"},"inLanguage":"fr-FR","potentialAction":[{"@type":"ReadAction","target":["https:\/\/WWW.derivesdansleglisecatholique.fr\/?page_id=243"]}]},{"@type":"BreadcrumbList","@id":"https:\/\/WWW.derivesdansleglisecatholique.fr\/?page_id=243#breadcrumb","itemListElement":[{"@type":"ListItem","position":1,"name":"Accueil","item":"http:\/\/WWW.derivesdansleglisecatholique.fr\/"},{"@type":"ListItem","position":2,"name":"R\u00e9flexions avant d&rsquo;entrer en communaut\u00e9"}]},{"@type":"WebSite","@id":"http:\/\/WWW.derivesdansleglisecatholique.fr\/#website","url":"http:\/\/WWW.derivesdansleglisecatholique.fr\/","name":"D\u00e9rives dans l&#039;eglise catholique","description":"Justice et V\u00e9rit\u00e9 pour les familles","potentialAction":[{"@type":"SearchAction","target":{"@type":"EntryPoint","urlTemplate":"http:\/\/WWW.derivesdansleglisecatholique.fr\/?s={search_term_string}"},"query-input":{"@type":"PropertyValueSpecification","valueRequired":true,"valueName":"search_term_string"}}],"inLanguage":"fr-FR"}]}},"_links":{"self":[{"href":"https:\/\/WWW.derivesdansleglisecatholique.fr\/index.php?rest_route=\/wp\/v2\/pages\/243","targetHints":{"allow":["GET"]}}],"collection":[{"href":"https:\/\/WWW.derivesdansleglisecatholique.fr\/index.php?rest_route=\/wp\/v2\/pages"}],"about":[{"href":"https:\/\/WWW.derivesdansleglisecatholique.fr\/index.php?rest_route=\/wp\/v2\/types\/page"}],"author":[{"embeddable":true,"href":"https:\/\/WWW.derivesdansleglisecatholique.fr\/index.php?rest_route=\/wp\/v2\/users\/2"}],"replies":[{"embeddable":true,"href":"https:\/\/WWW.derivesdansleglisecatholique.fr\/index.php?rest_route=%2Fwp%2Fv2%2Fcomments&post=243"}],"version-history":[{"count":14,"href":"https:\/\/WWW.derivesdansleglisecatholique.fr\/index.php?rest_route=\/wp\/v2\/pages\/243\/revisions"}],"predecessor-version":[{"id":321,"href":"https:\/\/WWW.derivesdansleglisecatholique.fr\/index.php?rest_route=\/wp\/v2\/pages\/243\/revisions\/321"}],"wp:attachment":[{"href":"https:\/\/WWW.derivesdansleglisecatholique.fr\/index.php?rest_route=%2Fwp%2Fv2%2Fmedia&parent=243"}],"curies":[{"name":"wp","href":"https:\/\/api.w.org\/{rel}","templated":true}]}}