{"id":269,"date":"2016-12-30T15:15:47","date_gmt":"2016-12-30T14:15:47","guid":{"rendered":"http:\/\/WWW.derivesdansleglisecatholique.fr\/?page_id=269"},"modified":"2016-12-30T21:38:19","modified_gmt":"2016-12-30T20:38:19","slug":"lappel-de-nouvelle-evangelisation","status":"publish","type":"page","link":"https:\/\/WWW.derivesdansleglisecatholique.fr\/?page_id=269","title":{"rendered":"L\u2019appel de la nouvelle \u00e9vang\u00e9lisation"},"content":{"rendered":"<p>&nbsp;<\/p>\n<p><strong>\u00a0<\/strong><\/p>\n<p style=\"padding-left: 30px;\"><span style=\"font-size: 14pt; font-family: times new roman,times,serif; color: #0000ff;\"><strong>L\u2019impact des \u00ab\u00a0grands t\u00e9moins\u00a0\u00bb<\/strong><\/span><\/p>\n<p style=\"padding-left: 30px;\"><span style=\"font-size: 12pt; font-family: times new roman,times,serif;\">Les jeunes sont cibl\u00e9s tr\u00e8s t\u00f4t. Dans les aum\u00f4neries d\u2019\u00e9coles cathos, plut\u00f4t \u00ab\u00a0bobos\u00a0\u00bb, il faut le dire, on invite de \u00ab\u00a0grand t\u00e9moins\u00a0\u00bb charismatiques. On est \u00ab\u00a0ouvert\u00a0\u00bb. Sont invit\u00e9s \u00e0 venir\u00a0 d\u2019anciens taulards convertis, d\u2019anciens flambeurs, des caboss\u00e9s de la mis\u00e8re, dont la vie rel\u00e8ve de faits divers bien \u00e9loign\u00e9s du milieu familial de ces jeunes. C\u2019est donc le \u00ab\u00a0grand frisson\u00a0\u00bb. Pr\u00e9cisons bien pour \u00e9viter tout proc\u00e8s d\u2019intention, que nous n\u2019avons aucun jugement \u00e0 porter sur ces personnes que nous respectons et qui sont nos fr\u00e8res dans la foi. Nos grands parents nous disaient avec juste raison \u00ab\u00a0\u00e0 tout p\u00e9ch\u00e9, \u00e0 tout mal, mis\u00e9ricorde\u00a0\u00bb.<\/span><\/p>\n<p style=\"padding-left: 30px;\"><span style=\"font-size: 12pt; font-family: times new roman,times,serif;\">Mais ces t\u00e9moignages de ces vies plus que chaotiques, ont-t-ils de l\u2019int\u00e9r\u00eat\u00a0? <strong>Faut-il s\u2019exhiber pour t\u00e9moigner\u00a0? Jeter en p\u00e2ture malsaine ses turpitudes\u00a0?<\/strong>\u00a0 L\u2019Evangile nous donne la r\u00e9ponse. L\u2019Evangile de St Marc, chapitre 16, verset 9, \u00a0nous dit \u00ab\u2026\u00a0ressuscit\u00e9 le matin, le premier jour de la semaine, J\u00e9sus apparut d\u2019abord \u00e0 Marie Madeleine, de laquelle il avait expuls\u00e9 sept d\u00e9mons.\u00a0\u00bb. \u00a0Sept d\u00e9mons, c\u2019\u00e9tait le pire\u00a0! C\u2019est ce qu\u2019il nous suffit de savoir. Et d\u2019apprendre d\u2019elle qu\u2019elle a \u00e9t\u00e9 pardonn\u00e9e parce qu\u2019elle a beaucoup aim\u00e9.<\/span><\/p>\n<p style=\"padding-left: 30px;\"><span style=\"font-size: 12pt; font-family: times new roman,times,serif;\"><strong>Vers o\u00f9 dirige-t-on le regard des jeunes vers celui qui pardonne o\u00f9 vers le cloaque du converti dont on n\u2019a que faire\u00a0?<\/strong> \u00a0On aimerait savoir ce que les parents pensent de ces t\u00e9moignages exhibitionnistes qui n\u2019annoncent que leurs auteurs. Les aum\u00f4neries d\u2019\u00e9tudiants ont droit aux m\u00eames m\u00e9thodes qui ressemblent plus \u00e0 de la t\u00e9l\u00e9-r\u00e9alit\u00e9 qu\u2019\u00e0 la beaut\u00e9 de l\u2019Evangile. Pour exemple, un seul pr\u00eatre, grand \u00ab\u00a0bless\u00e9 de la vie\u00a0\u00bb et grand converti devant l\u2019Eternel, form\u00e9 \u00e0 ces m\u00e9thodes, qui manipule bien les r\u00e9seaux sociaux comme les personnes, qui raconte sa vie avec des d\u00e9tails dont on se passerait, jeune, brillant, tr\u00e8s s\u00e9ducteur, fait \u00ab\u00a0un tabac\u00a0\u00bb\u00a0! A voir son blog, il a toute une cour.<\/span><\/p>\n<p style=\"padding-left: 30px;\"><span style=\"font-size: 12pt; font-family: times new roman,times,serif;\">C\u2019est une cat\u00e9ch\u00e8se de \u00ab\u00a0vedettes\u00a0\u00bb qui s\u00e9duisent des jeunes et les captent. <strong>C\u2019est un chemin qui peut facilement d\u00e9raper <\/strong><\/span><\/p>\n<p style=\"padding-left: 30px;\"><span style=\"font-size: 12pt; font-family: times new roman,times,serif;\"><strong>La prudence rappelle que s\u00e9duction rime avec r\u00e9duction.<\/strong> Un pr\u00eatre, qui se veut le copain des adolescents et se comporte comme eux, est immature. Lorsqu\u2019il \u00e9vang\u00e9lise selon ses m\u00e9thodes fond\u00e9es sur son histoire personnelle, il attire un jeune dans l\u2019exp\u00e9rience de sa propre vie et il se donne en exemple. <strong>Le jeune est r\u00e9duit \u00e0 devenir son miroir<\/strong>. Un pr\u00eatre doit \u00eatre un guide, un conseiller, pour cela il est \u00e0 l\u2019\u00e9coute du\u00a0 jeune,\u00a0 c\u2019est le v\u00e9cu de ce jeune\u00a0 qui est premier. Un pr\u00eatre n\u2019a pas \u00e0 \u00e9taler sa vie.<\/span><\/p>\n<p style=\"padding-left: 30px;\"><span style=\"color: #ffcc99;\">.<\/span><\/p>\n<p style=\"padding-left: 30px;\"><span style=\"font-size: 14pt; font-family: times new roman,times,serif; color: #0000ff;\"><strong>Les \u00e9coles d\u2019\u00e9vang\u00e9lisation<\/strong><\/span><\/p>\n<p style=\"padding-left: 30px;\"><span style=\"font-size: 12pt; font-family: times new roman,times,serif;\">Parlons maintenant des \u00ab\u00a0\u00e9coles d\u2019\u00e9vang\u00e9lisation\u00a0\u00bb charismatiques qui fleurissent un peu partout. Les jeunes stoppent leurs \u00e9tudes pour cela, souvent sans l\u2019accord des parents, pour y \u00ab\u00a0donner\u00a0\u00bb\u00a0 un an ou deux. C\u2019est bien connu, nos ados sont g\u00e9n\u00e9reux, enthousiastes, ils aiment les grandes causes, le plein vent, faire sauter les carcans.<\/span><\/p>\n<p style=\"padding-left: 30px;\"><span style=\"font-size: 12pt; font-family: times new roman,times,serif;\">S\u00e9duits par ce temps pass\u00e9 au service de l\u2019Eglise, de Dieu, pour soi-disant discerner leur avenir et \u00e9vang\u00e9liser, \u00a0les voil\u00e0 partis. Ils sont beaux et rayonnants. \u00a0Ils vont t\u00e9moigner \u00e0 leur tour non de leur cocon familial sans int\u00e9r\u00eat pour la cause, mais de leurs \u00ab\u00a0mis\u00e8res\u00a0\u00bb\u00a0 familiales, fabriqu\u00e9es selon la \u00ab\u00a0relecture\u00a0\u00bb charismatique de leur vie, leur rencontre salvatrice du dieu de la communaut\u00e9, pr\u00e9tendument catholique,\u00a0 et \u2026recrutent d\u2019autres jeunes. <strong>De la fa\u00e7on dont\u00a0 on proc\u00e8de dans les sectes<\/strong>..<\/span><\/p>\n<p style=\"padding-left: 30px;\"><span style=\"font-size: 12pt; font-family: times new roman,times,serif;\">Certains vont se retrouver \u00e0 <strong>\u00e9vang\u00e9liser dans les quartiers chauds<\/strong> o\u00f9 ils d\u00e9couvriront ce qu\u2019ils n\u2019imaginaient pas dans leur milieu familial qui a rempli son r\u00f4le en les prot\u00e9geant. Mais aller dire \u00ab\u00a0J\u00e9sus t\u2019aime\u00a0\u00bb aux personnes ab\u00eem\u00e9es, cela n\u2019a pas de prix sinon celui de l\u2019inconscience. Ces jeunes ne sont pas \u00e0 leur place. <strong>N\u2019y a-t-il pas quelque chose de malsain \u00e0 propulser ces jeunes adolescents dans ces bas-fond<\/strong>\u00a0? Il faudrait une s\u00e9rieuse remise en cause du pr\u00e9texte d\u2019\u00e9vang\u00e9lisation, lorsqu\u2019on entend les t\u00e9moignages bien concrets des \u00e9ducateurs de rue qui ne tiennent pas des ann\u00e9es dans ce travail l\u00e0, malgr\u00e9 leur solide formation.<\/span><\/p>\n<p style=\"padding-left: 30px;\"><span style=\"font-size: 12pt; font-family: times new roman,times,serif;\"><strong>C\u2019est la nouvelle \u00e9vang\u00e9lisation qui fait tr\u00e8s souvent appel au glauque, aux chemins chaotiques, aux conversions qui font recette.<\/strong> La vie discr\u00e8te, humble et priante, de la sainte famille \u00e0 Nazareth, n\u2019aurait eu aucune chance l\u00e0-dedans.<\/span><\/p>\n<p style=\"padding-left: 30px;\"><span style=\"font-size: 12pt; font-family: times new roman,times,serif;\">Quant \u00e0 l\u2019\u00e9vang\u00e9lisation, les \u00e9coles qui portent ce programme fonctionnent bien puisqu\u2019\u00e0 la fin de chaque promotion, <strong>des jeunes y \u00ab\u00a0d\u00e9couvrent\u00a0\u00bb leur vocation et partent faire nombre dans des communaut\u00e9s charismatiques pour la plupart. <\/strong><\/span><\/p>\n<p style=\"padding-left: 30px;\"><span style=\"color: #ffcc99;\">.<\/span><\/p>\n<p style=\"padding-left: 30px;\"><span style=\"font-size: 14pt; font-family: times new roman,times,serif; color: #0000ff;\"><strong>Une multitude de propositions pour les jeunes<\/strong><\/span><\/p>\n<p style=\"padding-left: 30px;\"><span style=\"font-size: 12pt; font-family: times new roman,times,serif;\">Il y a aussi les temps forts de sessions de jeunes, dans des communaut\u00e9s charismatiques. Il suffit de surfer sur Internet pour voir une pl\u00e9thore de propositions. Mais toutes ont les m\u00eames bases et les m\u00eames m\u00e9thodes. <strong>Les plus nocives sont une relecture d\u00e9labrante de la vie<\/strong> de ces ados, revue selon les faux souvenirs induits par le psycho-spirituel. Quant aux rassemblements\u00a0 qui regroupent des milliers de jeunes pour des messes, ils \u00a0ressemblent plus \u00e0 une rave party qu\u2019\u00e0 des Eucharistie. Son \u00e0 fond, lumi\u00e8res laser fulgurantes, danses en transes et foule hurlante. Une nouvelle mani\u00e8re de prier\u00a0?<\/span><\/p>\n<p style=\"padding-left: 30px;\"><span style=\"font-size: 12pt; font-family: times new roman,times,serif;\">Le drame reste que c\u2019est la religiosit\u00e9 du renouveau charismatique qui est d\u00e9vers\u00e9e, pas celle de l\u2019Eglise catholique. <strong>Ces jeunes de bonne foi, format\u00e9s dans ces \u00ab\u00a0lieux d\u2019Eglise\u00a0\u00bb, sans le savoir vont \u00e0 leur tour faire des adeptes<\/strong>. C\u2019est l\u2019\u00e9glise de demain. A moins que ce Titanic qui n\u2019a plus de ma\u00eetre \u00e0 bord, ne heurte un iceberg\u2026<\/span><\/p>\n<p style=\"padding-left: 30px;\"><span style=\"color: #ffcc99;\">.<\/span><\/p>\n","protected":false},"excerpt":{"rendered":"<p>&nbsp; \u00a0 L\u2019impact des \u00ab\u00a0grands t\u00e9moins\u00a0\u00bb Les jeunes sont cibl\u00e9s tr\u00e8s t\u00f4t. Dans les aum\u00f4neries d\u2019\u00e9coles cathos, plut\u00f4t \u00ab\u00a0bobos\u00a0\u00bb, il faut le dire, on invite de \u00ab\u00a0grand t\u00e9moins\u00a0\u00bb charismatiques. On est \u00ab\u00a0ouvert\u00a0\u00bb. Sont invit\u00e9s \u00e0 venir\u00a0 d\u2019anciens taulards convertis, d\u2019anciens flambeurs, des caboss\u00e9s de la mis\u00e8re, dont la vie rel\u00e8ve de faits divers bien \u00e9loign\u00e9s <span class=\"ellipsis\">&hellip;<\/span> <span class=\"more-link-wrap\"><a href=\"https:\/\/WWW.derivesdansleglisecatholique.fr\/?page_id=269\" class=\"more-link\"><span>Read More &rarr;<\/span><\/a><\/span><\/p>\n","protected":false},"author":2,"featured_media":0,"parent":0,"menu_order":0,"comment_status":"closed","ping_status":"closed","template":"","meta":{"footnotes":""},"class_list":["post-269","page","type-page","status-publish","hentry"],"yoast_head":"<!-- This site is optimized with the Yoast SEO plugin v27.4 - https:\/\/yoast.com\/product\/yoast-seo-wordpress\/ -->\n<title>L\u2019appel de la nouvelle \u00e9vang\u00e9lisation - D\u00e9rives dans l&#039;eglise catholique<\/title>\n<meta name=\"robots\" content=\"index, follow, max-snippet:-1, max-image-preview:large, max-video-preview:-1\" \/>\n<link rel=\"canonical\" href=\"https:\/\/WWW.derivesdansleglisecatholique.fr\/?page_id=269\" \/>\n<meta property=\"og:locale\" content=\"fr_FR\" \/>\n<meta property=\"og:type\" content=\"article\" \/>\n<meta property=\"og:title\" content=\"L\u2019appel de la nouvelle \u00e9vang\u00e9lisation - D\u00e9rives dans l&#039;eglise catholique\" \/>\n<meta property=\"og:description\" content=\"&nbsp; \u00a0 L\u2019impact des \u00ab\u00a0grands t\u00e9moins\u00a0\u00bb Les jeunes sont cibl\u00e9s tr\u00e8s t\u00f4t. Dans les aum\u00f4neries d\u2019\u00e9coles cathos, plut\u00f4t \u00ab\u00a0bobos\u00a0\u00bb, il faut le dire, on invite de \u00ab\u00a0grand t\u00e9moins\u00a0\u00bb charismatiques. On est \u00ab\u00a0ouvert\u00a0\u00bb. Sont invit\u00e9s \u00e0 venir\u00a0 d\u2019anciens taulards convertis, d\u2019anciens flambeurs, des caboss\u00e9s de la mis\u00e8re, dont la vie rel\u00e8ve de faits divers bien \u00e9loign\u00e9s &hellip; Read More &rarr;\" \/>\n<meta property=\"og:url\" content=\"https:\/\/WWW.derivesdansleglisecatholique.fr\/?page_id=269\" \/>\n<meta property=\"og:site_name\" content=\"D\u00e9rives dans l&#039;eglise catholique\" \/>\n<meta property=\"article:modified_time\" content=\"2016-12-30T20:38:19+00:00\" \/>\n<meta name=\"twitter:label1\" content=\"Dur\u00e9e de lecture estim\u00e9e\" \/>\n\t<meta name=\"twitter:data1\" content=\"5 minutes\" \/>\n<script type=\"application\/ld+json\" class=\"yoast-schema-graph\">{\"@context\":\"https:\\\/\\\/schema.org\",\"@graph\":[{\"@type\":\"WebPage\",\"@id\":\"https:\\\/\\\/WWW.derivesdansleglisecatholique.fr\\\/?page_id=269\",\"url\":\"https:\\\/\\\/WWW.derivesdansleglisecatholique.fr\\\/?page_id=269\",\"name\":\"L\u2019appel de la nouvelle \u00e9vang\u00e9lisation - D\u00e9rives dans l&#039;eglise catholique\",\"isPartOf\":{\"@id\":\"http:\\\/\\\/WWW.derivesdansleglisecatholique.fr\\\/#website\"},\"datePublished\":\"2016-12-30T14:15:47+00:00\",\"dateModified\":\"2016-12-30T20:38:19+00:00\",\"breadcrumb\":{\"@id\":\"https:\\\/\\\/WWW.derivesdansleglisecatholique.fr\\\/?page_id=269#breadcrumb\"},\"inLanguage\":\"fr-FR\",\"potentialAction\":[{\"@type\":\"ReadAction\",\"target\":[\"https:\\\/\\\/WWW.derivesdansleglisecatholique.fr\\\/?page_id=269\"]}]},{\"@type\":\"BreadcrumbList\",\"@id\":\"https:\\\/\\\/WWW.derivesdansleglisecatholique.fr\\\/?page_id=269#breadcrumb\",\"itemListElement\":[{\"@type\":\"ListItem\",\"position\":1,\"name\":\"Accueil\",\"item\":\"http:\\\/\\\/WWW.derivesdansleglisecatholique.fr\\\/\"},{\"@type\":\"ListItem\",\"position\":2,\"name\":\"L\u2019appel de la nouvelle \u00e9vang\u00e9lisation\"}]},{\"@type\":\"WebSite\",\"@id\":\"http:\\\/\\\/WWW.derivesdansleglisecatholique.fr\\\/#website\",\"url\":\"http:\\\/\\\/WWW.derivesdansleglisecatholique.fr\\\/\",\"name\":\"D\u00e9rives dans l&#039;eglise catholique\",\"description\":\"Justice et V\u00e9rit\u00e9 pour les familles\",\"potentialAction\":[{\"@type\":\"SearchAction\",\"target\":{\"@type\":\"EntryPoint\",\"urlTemplate\":\"http:\\\/\\\/WWW.derivesdansleglisecatholique.fr\\\/?s={search_term_string}\"},\"query-input\":{\"@type\":\"PropertyValueSpecification\",\"valueRequired\":true,\"valueName\":\"search_term_string\"}}],\"inLanguage\":\"fr-FR\"}]}<\/script>\n<!-- \/ Yoast SEO plugin. -->","yoast_head_json":{"title":"L\u2019appel de la nouvelle \u00e9vang\u00e9lisation - D\u00e9rives dans l&#039;eglise catholique","robots":{"index":"index","follow":"follow","max-snippet":"max-snippet:-1","max-image-preview":"max-image-preview:large","max-video-preview":"max-video-preview:-1"},"canonical":"https:\/\/WWW.derivesdansleglisecatholique.fr\/?page_id=269","og_locale":"fr_FR","og_type":"article","og_title":"L\u2019appel de la nouvelle \u00e9vang\u00e9lisation - D\u00e9rives dans l&#039;eglise catholique","og_description":"&nbsp; \u00a0 L\u2019impact des \u00ab\u00a0grands t\u00e9moins\u00a0\u00bb Les jeunes sont cibl\u00e9s tr\u00e8s t\u00f4t. Dans les aum\u00f4neries d\u2019\u00e9coles cathos, plut\u00f4t \u00ab\u00a0bobos\u00a0\u00bb, il faut le dire, on invite de \u00ab\u00a0grand t\u00e9moins\u00a0\u00bb charismatiques. On est \u00ab\u00a0ouvert\u00a0\u00bb. Sont invit\u00e9s \u00e0 venir\u00a0 d\u2019anciens taulards convertis, d\u2019anciens flambeurs, des caboss\u00e9s de la mis\u00e8re, dont la vie rel\u00e8ve de faits divers bien \u00e9loign\u00e9s &hellip; Read More &rarr;","og_url":"https:\/\/WWW.derivesdansleglisecatholique.fr\/?page_id=269","og_site_name":"D\u00e9rives dans l&#039;eglise catholique","article_modified_time":"2016-12-30T20:38:19+00:00","twitter_misc":{"Dur\u00e9e de lecture estim\u00e9e":"5 minutes"},"schema":{"@context":"https:\/\/schema.org","@graph":[{"@type":"WebPage","@id":"https:\/\/WWW.derivesdansleglisecatholique.fr\/?page_id=269","url":"https:\/\/WWW.derivesdansleglisecatholique.fr\/?page_id=269","name":"L\u2019appel de la nouvelle \u00e9vang\u00e9lisation - D\u00e9rives dans l&#039;eglise catholique","isPartOf":{"@id":"http:\/\/WWW.derivesdansleglisecatholique.fr\/#website"},"datePublished":"2016-12-30T14:15:47+00:00","dateModified":"2016-12-30T20:38:19+00:00","breadcrumb":{"@id":"https:\/\/WWW.derivesdansleglisecatholique.fr\/?page_id=269#breadcrumb"},"inLanguage":"fr-FR","potentialAction":[{"@type":"ReadAction","target":["https:\/\/WWW.derivesdansleglisecatholique.fr\/?page_id=269"]}]},{"@type":"BreadcrumbList","@id":"https:\/\/WWW.derivesdansleglisecatholique.fr\/?page_id=269#breadcrumb","itemListElement":[{"@type":"ListItem","position":1,"name":"Accueil","item":"http:\/\/WWW.derivesdansleglisecatholique.fr\/"},{"@type":"ListItem","position":2,"name":"L\u2019appel de la nouvelle \u00e9vang\u00e9lisation"}]},{"@type":"WebSite","@id":"http:\/\/WWW.derivesdansleglisecatholique.fr\/#website","url":"http:\/\/WWW.derivesdansleglisecatholique.fr\/","name":"D\u00e9rives dans l&#039;eglise catholique","description":"Justice et V\u00e9rit\u00e9 pour les familles","potentialAction":[{"@type":"SearchAction","target":{"@type":"EntryPoint","urlTemplate":"http:\/\/WWW.derivesdansleglisecatholique.fr\/?s={search_term_string}"},"query-input":{"@type":"PropertyValueSpecification","valueRequired":true,"valueName":"search_term_string"}}],"inLanguage":"fr-FR"}]}},"_links":{"self":[{"href":"https:\/\/WWW.derivesdansleglisecatholique.fr\/index.php?rest_route=\/wp\/v2\/pages\/269","targetHints":{"allow":["GET"]}}],"collection":[{"href":"https:\/\/WWW.derivesdansleglisecatholique.fr\/index.php?rest_route=\/wp\/v2\/pages"}],"about":[{"href":"https:\/\/WWW.derivesdansleglisecatholique.fr\/index.php?rest_route=\/wp\/v2\/types\/page"}],"author":[{"embeddable":true,"href":"https:\/\/WWW.derivesdansleglisecatholique.fr\/index.php?rest_route=\/wp\/v2\/users\/2"}],"replies":[{"embeddable":true,"href":"https:\/\/WWW.derivesdansleglisecatholique.fr\/index.php?rest_route=%2Fwp%2Fv2%2Fcomments&post=269"}],"version-history":[{"count":7,"href":"https:\/\/WWW.derivesdansleglisecatholique.fr\/index.php?rest_route=\/wp\/v2\/pages\/269\/revisions"}],"predecessor-version":[{"id":325,"href":"https:\/\/WWW.derivesdansleglisecatholique.fr\/index.php?rest_route=\/wp\/v2\/pages\/269\/revisions\/325"}],"wp:attachment":[{"href":"https:\/\/WWW.derivesdansleglisecatholique.fr\/index.php?rest_route=%2Fwp%2Fv2%2Fmedia&parent=269"}],"curies":[{"name":"wp","href":"https:\/\/api.w.org\/{rel}","templated":true}]}}