{"id":288,"date":"2016-12-30T16:03:17","date_gmt":"2016-12-30T15:03:17","guid":{"rendered":"http:\/\/WWW.derivesdansleglisecatholique.fr\/?page_id=288"},"modified":"2016-12-30T21:51:07","modified_gmt":"2016-12-30T20:51:07","slug":"misericorde-pardon-repentance","status":"publish","type":"page","link":"https:\/\/WWW.derivesdansleglisecatholique.fr\/?page_id=288","title":{"rendered":"Mis\u00e9ricorde, pardon et repentance"},"content":{"rendered":"<p><strong>\u00a0<\/strong><\/p>\n<p style=\"padding-left: 30px;\"><span style=\"font-size: 12pt; font-family: times new roman,times,serif;\">Nos \u00e9v\u00eaques ont ouvert l\u2019ann\u00e9e de la mis\u00e9ricorde, ils sont pass\u00e9s sous la porte de la mis\u00e9ricorde \u00e0 Lourdes\u2026 Puis ils ont cl\u00f4tur\u00e9 l\u2019ann\u00e9e de la mis\u00e9ricorde.<\/span><\/p>\n<p style=\"padding-left: 30px;\"><span style=\"font-size: 12pt; font-family: times new roman,times,serif;\">Ils ont fait \u00e0 Lourdes une messe de\u00a0\u00ab\u00a0repentance\u00a0\u00bb, suivi d\u2019encore d\u2019autres messes de \u00ab\u00a0repentance\u00a0\u00bb\u2026<\/span><\/p>\n<p style=\"padding-left: 30px;\"><span style=\"font-size: 12pt; font-family: times new roman,times,serif;\">Nous leur sugg\u00e9rons une lecture\u00a0:<\/span><\/p>\n<p style=\"padding-left: 30px;\"><span style=\"font-size: 12pt; font-family: times new roman,times,serif;\">Dans votre hom\u00e9lie de la messe de repentance de Lourdes, vous parlez de pardon. Voici \u00a0ce que dit St Jean-Paul II \u00e0 ce sujet dans \u00ab <strong>Dives in misericordia, <\/strong>au ch. 14 \u00bb :<\/span><\/p>\n<p style=\"padding-left: 30px;\"><span style=\"font-size: 12pt; font-family: times new roman,times,serif;\">\u00ab \u2026<strong>Il est \u00e9vident qu&rsquo;une exigence aussi g\u00e9n\u00e9reuse de pardon n&rsquo;annule pas les exigences objectives de la justice. La justice bien comprise constitue pour ainsi dire le but du pardon. Dans aucun passage du message \u00e9vang\u00e9lique, le pardon, ni m\u00eame la mis\u00e9ricorde qui en est la source, ne signifient indulgence envers le mal, envers le scandale, envers le tort caus\u00e9 ou les offenses. En chaque cas, la r\u00e9paration du mal et du scandale, le d\u00e9dommagement du tort caus\u00e9, la satisfaction de l&rsquo;offense sont conditions du pardon. \u00bb <\/strong><\/span><\/p>\n<p style=\"padding-left: 30px;\"><span style=\"font-size: 12pt; font-family: times new roman,times,serif;\">C\u2019est ce que r\u00e9clament les victimes du psycho-spirituel depuis quinze ans ! Votre messe de repentance les a \u00ab oubli\u00e9es \u00bb \u2026<\/span><\/p>\n<p style=\"padding-left: 30px;\"><span style=\"font-size: 12pt; font-family: times new roman,times,serif;\">Croyez-vous\u00a0 qu\u2019une messe solennelle de repentance avec une telle muraille de d\u00e9ni derri\u00e8re, suffise pour redorer le blason de l\u2019\u00e9piscopat ? Ces scandales d\u00e9truisent la foi. Croyez-vous qu\u2019un jour vous n\u2019aurez pas \u00e0 r\u00e9pondre de ce que vous avez fait de vos fr\u00e8res ?<\/span><\/p>\n<p style=\"padding-left: 30px;\"><span style=\"font-size: 12pt; font-family: times new roman,times,serif;\">Nous apprenons par La Croix qu\u2019\u00e0 l\u2019issue de la messe de repentance, les \u00e9v\u00eaques \u00e9taient invit\u00e9s \u00e0 je\u00fbner, <em>\u00ab signe fort de p\u00e9nitence \u00bb. <\/em>Comment ne voyez-vous pas que cela est ind\u00e9cent plaqu\u00e9 au m\u00e9pris, au d\u00e9ni et \u00e0 la souffrance dont vous \u00e9v\u00eaques, par la caution des uns et le silence des autres, \u00eates responsables ? Avez-vous bien int\u00e9gr\u00e9 la monstruosit\u00e9 de la \u00ab p\u00e9nitence \u00bb inflig\u00e9e aux victimes depuis des ann\u00e9es ? Que voulez-vous qu\u2019elles fassent de vos pri\u00e8res !? Quand des jeunes sont ab\u00eem\u00e9s, leur avenir bris\u00e9, des familles d\u00e9truites, quand l\u2019humanit\u00e9 est saccag\u00e9e, ce sont des actes de r\u00e9paration concrets qui sont la seule r\u00e9ponse. Tel que le dit St Jean-Paul II cit\u00e9 plus haut.<\/span><\/p>\n<p style=\"padding-left: 30px;\"><span style=\"color: #ffcc99;\">.<\/span><\/p>\n","protected":false},"excerpt":{"rendered":"<p>\u00a0 Nos \u00e9v\u00eaques ont ouvert l\u2019ann\u00e9e de la mis\u00e9ricorde, ils sont pass\u00e9s sous la porte de la mis\u00e9ricorde \u00e0 Lourdes\u2026 Puis ils ont cl\u00f4tur\u00e9 l\u2019ann\u00e9e de la mis\u00e9ricorde. Ils ont fait \u00e0 Lourdes une messe de\u00a0\u00ab\u00a0repentance\u00a0\u00bb, suivi d\u2019encore d\u2019autres messes de \u00ab\u00a0repentance\u00a0\u00bb\u2026 Nous leur sugg\u00e9rons une lecture\u00a0: Dans votre hom\u00e9lie de la messe de repentance <span class=\"ellipsis\">&hellip;<\/span> <span class=\"more-link-wrap\"><a href=\"https:\/\/WWW.derivesdansleglisecatholique.fr\/?page_id=288\" class=\"more-link\"><span>Read More &rarr;<\/span><\/a><\/span><\/p>\n","protected":false},"author":2,"featured_media":0,"parent":0,"menu_order":0,"comment_status":"closed","ping_status":"closed","template":"","meta":{"footnotes":""},"class_list":["post-288","page","type-page","status-publish","hentry"],"yoast_head":"<!-- This site is optimized with the Yoast SEO plugin v27.4 - https:\/\/yoast.com\/product\/yoast-seo-wordpress\/ -->\n<title>Mis\u00e9ricorde, pardon et repentance - D\u00e9rives dans l&#039;eglise catholique<\/title>\n<meta name=\"robots\" content=\"index, follow, max-snippet:-1, max-image-preview:large, max-video-preview:-1\" \/>\n<link rel=\"canonical\" href=\"http:\/\/WWW.derivesdansleglisecatholique.fr\/?page_id=288\" \/>\n<meta property=\"og:locale\" content=\"fr_FR\" \/>\n<meta property=\"og:type\" content=\"article\" \/>\n<meta property=\"og:title\" content=\"Mis\u00e9ricorde, pardon et repentance - D\u00e9rives dans l&#039;eglise catholique\" \/>\n<meta property=\"og:description\" content=\"\u00a0 Nos \u00e9v\u00eaques ont ouvert l\u2019ann\u00e9e de la mis\u00e9ricorde, ils sont pass\u00e9s sous la porte de la mis\u00e9ricorde \u00e0 Lourdes\u2026 Puis ils ont cl\u00f4tur\u00e9 l\u2019ann\u00e9e de la mis\u00e9ricorde. Ils ont fait \u00e0 Lourdes une messe de\u00a0\u00ab\u00a0repentance\u00a0\u00bb, suivi d\u2019encore d\u2019autres messes de \u00ab\u00a0repentance\u00a0\u00bb\u2026 Nous leur sugg\u00e9rons une lecture\u00a0: Dans votre hom\u00e9lie de la messe de repentance &hellip; Read More &rarr;\" \/>\n<meta property=\"og:url\" content=\"http:\/\/WWW.derivesdansleglisecatholique.fr\/?page_id=288\" \/>\n<meta property=\"og:site_name\" content=\"D\u00e9rives dans l&#039;eglise catholique\" \/>\n<meta property=\"article:modified_time\" content=\"2016-12-30T20:51:07+00:00\" \/>\n<meta name=\"twitter:label1\" content=\"Dur\u00e9e de lecture estim\u00e9e\" \/>\n\t<meta name=\"twitter:data1\" content=\"2 minutes\" \/>\n<script type=\"application\/ld+json\" class=\"yoast-schema-graph\">{\"@context\":\"https:\\\/\\\/schema.org\",\"@graph\":[{\"@type\":\"WebPage\",\"@id\":\"http:\\\/\\\/WWW.derivesdansleglisecatholique.fr\\\/?page_id=288\",\"url\":\"http:\\\/\\\/WWW.derivesdansleglisecatholique.fr\\\/?page_id=288\",\"name\":\"Mis\u00e9ricorde, pardon et repentance - D\u00e9rives dans l&#039;eglise catholique\",\"isPartOf\":{\"@id\":\"http:\\\/\\\/WWW.derivesdansleglisecatholique.fr\\\/#website\"},\"datePublished\":\"2016-12-30T15:03:17+00:00\",\"dateModified\":\"2016-12-30T20:51:07+00:00\",\"breadcrumb\":{\"@id\":\"http:\\\/\\\/WWW.derivesdansleglisecatholique.fr\\\/?page_id=288#breadcrumb\"},\"inLanguage\":\"fr-FR\",\"potentialAction\":[{\"@type\":\"ReadAction\",\"target\":[\"http:\\\/\\\/WWW.derivesdansleglisecatholique.fr\\\/?page_id=288\"]}]},{\"@type\":\"BreadcrumbList\",\"@id\":\"http:\\\/\\\/WWW.derivesdansleglisecatholique.fr\\\/?page_id=288#breadcrumb\",\"itemListElement\":[{\"@type\":\"ListItem\",\"position\":1,\"name\":\"Accueil\",\"item\":\"http:\\\/\\\/WWW.derivesdansleglisecatholique.fr\\\/\"},{\"@type\":\"ListItem\",\"position\":2,\"name\":\"Mis\u00e9ricorde, pardon et repentance\"}]},{\"@type\":\"WebSite\",\"@id\":\"http:\\\/\\\/WWW.derivesdansleglisecatholique.fr\\\/#website\",\"url\":\"http:\\\/\\\/WWW.derivesdansleglisecatholique.fr\\\/\",\"name\":\"D\u00e9rives dans l&#039;eglise catholique\",\"description\":\"Justice et V\u00e9rit\u00e9 pour les familles\",\"potentialAction\":[{\"@type\":\"SearchAction\",\"target\":{\"@type\":\"EntryPoint\",\"urlTemplate\":\"http:\\\/\\\/WWW.derivesdansleglisecatholique.fr\\\/?s={search_term_string}\"},\"query-input\":{\"@type\":\"PropertyValueSpecification\",\"valueRequired\":true,\"valueName\":\"search_term_string\"}}],\"inLanguage\":\"fr-FR\"}]}<\/script>\n<!-- \/ Yoast SEO plugin. -->","yoast_head_json":{"title":"Mis\u00e9ricorde, pardon et repentance - D\u00e9rives dans l&#039;eglise catholique","robots":{"index":"index","follow":"follow","max-snippet":"max-snippet:-1","max-image-preview":"max-image-preview:large","max-video-preview":"max-video-preview:-1"},"canonical":"http:\/\/WWW.derivesdansleglisecatholique.fr\/?page_id=288","og_locale":"fr_FR","og_type":"article","og_title":"Mis\u00e9ricorde, pardon et repentance - D\u00e9rives dans l&#039;eglise catholique","og_description":"\u00a0 Nos \u00e9v\u00eaques ont ouvert l\u2019ann\u00e9e de la mis\u00e9ricorde, ils sont pass\u00e9s sous la porte de la mis\u00e9ricorde \u00e0 Lourdes\u2026 Puis ils ont cl\u00f4tur\u00e9 l\u2019ann\u00e9e de la mis\u00e9ricorde. Ils ont fait \u00e0 Lourdes une messe de\u00a0\u00ab\u00a0repentance\u00a0\u00bb, suivi d\u2019encore d\u2019autres messes de \u00ab\u00a0repentance\u00a0\u00bb\u2026 Nous leur sugg\u00e9rons une lecture\u00a0: Dans votre hom\u00e9lie de la messe de repentance &hellip; Read More &rarr;","og_url":"http:\/\/WWW.derivesdansleglisecatholique.fr\/?page_id=288","og_site_name":"D\u00e9rives dans l&#039;eglise catholique","article_modified_time":"2016-12-30T20:51:07+00:00","twitter_misc":{"Dur\u00e9e de lecture estim\u00e9e":"2 minutes"},"schema":{"@context":"https:\/\/schema.org","@graph":[{"@type":"WebPage","@id":"http:\/\/WWW.derivesdansleglisecatholique.fr\/?page_id=288","url":"http:\/\/WWW.derivesdansleglisecatholique.fr\/?page_id=288","name":"Mis\u00e9ricorde, pardon et repentance - D\u00e9rives dans l&#039;eglise catholique","isPartOf":{"@id":"http:\/\/WWW.derivesdansleglisecatholique.fr\/#website"},"datePublished":"2016-12-30T15:03:17+00:00","dateModified":"2016-12-30T20:51:07+00:00","breadcrumb":{"@id":"http:\/\/WWW.derivesdansleglisecatholique.fr\/?page_id=288#breadcrumb"},"inLanguage":"fr-FR","potentialAction":[{"@type":"ReadAction","target":["http:\/\/WWW.derivesdansleglisecatholique.fr\/?page_id=288"]}]},{"@type":"BreadcrumbList","@id":"http:\/\/WWW.derivesdansleglisecatholique.fr\/?page_id=288#breadcrumb","itemListElement":[{"@type":"ListItem","position":1,"name":"Accueil","item":"http:\/\/WWW.derivesdansleglisecatholique.fr\/"},{"@type":"ListItem","position":2,"name":"Mis\u00e9ricorde, pardon et repentance"}]},{"@type":"WebSite","@id":"http:\/\/WWW.derivesdansleglisecatholique.fr\/#website","url":"http:\/\/WWW.derivesdansleglisecatholique.fr\/","name":"D\u00e9rives dans l&#039;eglise catholique","description":"Justice et V\u00e9rit\u00e9 pour les familles","potentialAction":[{"@type":"SearchAction","target":{"@type":"EntryPoint","urlTemplate":"http:\/\/WWW.derivesdansleglisecatholique.fr\/?s={search_term_string}"},"query-input":{"@type":"PropertyValueSpecification","valueRequired":true,"valueName":"search_term_string"}}],"inLanguage":"fr-FR"}]}},"_links":{"self":[{"href":"https:\/\/WWW.derivesdansleglisecatholique.fr\/index.php?rest_route=\/wp\/v2\/pages\/288","targetHints":{"allow":["GET"]}}],"collection":[{"href":"https:\/\/WWW.derivesdansleglisecatholique.fr\/index.php?rest_route=\/wp\/v2\/pages"}],"about":[{"href":"https:\/\/WWW.derivesdansleglisecatholique.fr\/index.php?rest_route=\/wp\/v2\/types\/page"}],"author":[{"embeddable":true,"href":"https:\/\/WWW.derivesdansleglisecatholique.fr\/index.php?rest_route=\/wp\/v2\/users\/2"}],"replies":[{"embeddable":true,"href":"https:\/\/WWW.derivesdansleglisecatholique.fr\/index.php?rest_route=%2Fwp%2Fv2%2Fcomments&post=288"}],"version-history":[{"count":5,"href":"https:\/\/WWW.derivesdansleglisecatholique.fr\/index.php?rest_route=\/wp\/v2\/pages\/288\/revisions"}],"predecessor-version":[{"id":334,"href":"https:\/\/WWW.derivesdansleglisecatholique.fr\/index.php?rest_route=\/wp\/v2\/pages\/288\/revisions\/334"}],"wp:attachment":[{"href":"https:\/\/WWW.derivesdansleglisecatholique.fr\/index.php?rest_route=%2Fwp%2Fv2%2Fmedia&parent=288"}],"curies":[{"name":"wp","href":"https:\/\/api.w.org\/{rel}","templated":true}]}}