{"id":386,"date":"2017-01-03T15:39:59","date_gmt":"2017-01-03T14:39:59","guid":{"rendered":"http:\/\/WWW.derivesdansleglisecatholique.fr\/?page_id=386"},"modified":"2017-01-03T15:49:25","modified_gmt":"2017-01-03T14:49:25","slug":"st-irenee-toujours-dactualite","status":"publish","type":"page","link":"https:\/\/WWW.derivesdansleglisecatholique.fr\/?page_id=386","title":{"rendered":"St Ir\u00e9n\u00e9e toujours d&rsquo;actualit\u00e9"},"content":{"rendered":"<p style=\"text-align: left;\"><span style=\"color: #ffcc99;\">.<\/span><\/p>\n<p style=\"text-align: center; padding-left: 30px;\"><strong><span style=\"color: #0000ff; font-size: 12pt; font-family: 'times new roman', times, serif;\"><em>La gnose a toujours coexist\u00e9 avec l\u2019Eglise. Selon les \u00e9poques, elle a pris diverses mystifications. Mais c\u2019est toujours la m\u00eame gnose. La pr\u00e9face de Saint Ir\u00e9n\u00e9e dans <\/em><em>Adversus h\u00e6reses<\/em><em> datant du II eme si\u00e8cle, reste d\u2019actualit\u00e9. On peut l\u2019applique sans se tromper \u00e0 la religiosit\u00e9 psycho-spirituelle<\/em>.<\/span><\/strong><\/p>\n<p style=\"text-align: left;\"><span style=\"color: #ffcc99;\">.<\/span><\/p>\n<p style=\"text-align: center;\"><span style=\"font-family: 'times new roman', times, serif; font-size: 14pt;\"><strong>IR\u00c9N\u00c9E DE LYON<\/strong><\/span><\/p>\n<p style=\"text-align: center;\"><span style=\"font-family: 'times new roman', times, serif; font-size: 14pt;\"><strong>Contre les H\u00e9r\u00e9sies<\/strong><\/span><\/p>\n<p style=\"text-align: center;\"><span style=\"font-family: 'times new roman', times, serif; font-size: 14pt;\"> <strong>D\u00e9nonciation et r\u00e9futation de la gnose au nom menteur<\/strong><\/span><\/p>\n<p style=\"text-align: left;\"><span style=\"color: #ffcc99;\">.<\/span><\/p>\n<p style=\"text-align: center;\"><strong>LIVRE I<\/strong><br \/>\n<strong> PR\u00c9FACE<\/strong><\/p>\n<p style=\"text-align: left;\"><span style=\"color: #ffcc99;\">.<\/span><\/p>\n<p style=\"padding-left: 30px;\"><span style=\"font-size: 12pt; font-family: 'times new roman', times, serif;\">Rejetant la v\u00e9rit\u00e9, certains introduisent des discours mensongers et \u00ab des g\u00e9n\u00e9alogies sans fin, plus propres \u00e0 susciter des questions\u00bb, comme le dit l&rsquo;Ap\u00f4tre, \u00abqu&rsquo;\u00e0 b\u00e2tir l&rsquo;\u00e9difice de Dieu fond\u00e9 sur la foi \u00bb. Par une vraisemblance frauduleusement agenc\u00e9e, ils s\u00e9duisent l&rsquo;esprit des ignorants et les r\u00e9duisent \u00e0 leur merci, falsifiant les paroles du Seigneur et se faisant les mauvais interpr\u00e8tes de ce qui a \u00e9t\u00e9 bien exprim\u00e9. Ils causent ainsi la ruine d&rsquo;un grand nombre, en les d\u00e9tournant, sous pr\u00e9texte de \u00abgnose\u00bb, de Celui qui a constitu\u00e9 et ordonn\u00e9 cet univers : comme s&rsquo;ils pouvaient montrer quelque chose de plus \u00e9lev\u00e9 et de plus grand que le Dieu qui a fait le ciel, la terre et tout ce qu&rsquo;ils renferment ! De fa\u00e7on sp\u00e9cieuse, par l&rsquo;art des discours, ils attirent d&rsquo;abord les simples \u00e0 la manie des recherches ; apr\u00e8s quoi, sans plus se soucier de vraisemblance, ils perdent ces malheureux, en inculquant des pens\u00e9es blasph\u00e9matoires et impies \u00e0 l&rsquo;endroit de leur Cr\u00e9ateur \u00e0 des gens incapables de discerner le faux du vrai.<\/span><\/p>\n<p style=\"padding-left: 30px;\"><span style=\"color: #ffcc99; font-size: 12pt; font-family: 'times new roman', times, serif;\">.<\/span><\/p>\n<p style=\"padding-left: 30px;\"><span style=\"font-size: 12pt; font-family: 'times new roman', times, serif;\">L&rsquo;erreur, en effet, n&rsquo;a garde de se montrer telle qu&rsquo;elle est, de peur que, ainsi mise \u00e0 nu, elle ne soit reconnue; mais, s&rsquo;ornant frauduleusement d&rsquo;un v\u00eatement de vraisemblance, elle fait en sorte de para\u00eetre \u2014 chose ridicule \u00e0 dire \u2014 plus vraie que la v\u00e9rit\u00e9 elle-m\u00eame, gr\u00e2ce \u00e0 cette apparence ext\u00e9rieure, aux yeux des ignorants. Comme le disait, \u00e0 propos de ces gens-l\u00e0, un homme sup\u00e9rieur \u00e0 nous : \u00ab La pierre pr\u00e9cieuse, voire de grand prix aux yeux de certains, qu&rsquo;est l&rsquo;\u00e9meraude, se voit insult\u00e9e par un morceau de verre habilement truqu\u00e9, s&rsquo;il ne se rencontre personne qui soit capable de proc\u00e9der \u00e0 un examen et de d\u00e9masquer la fraude. Et lorsque de l&rsquo;airain a \u00e9t\u00e9 m\u00eal\u00e9 \u00e0 l&rsquo;argent, qui donc, s&rsquo;il n&rsquo;est connaisseur, pourra ais\u00e9ment le <\/span>v\u00e9rifier ? \u00bb<\/p>\n<p style=\"padding-left: 30px;\"><span style=\"color: #ffcc99;\">.<\/span><\/p>\n","protected":false},"excerpt":{"rendered":"<p>. La gnose a toujours coexist\u00e9 avec l\u2019Eglise. Selon les \u00e9poques, elle a pris diverses mystifications. Mais c\u2019est toujours la m\u00eame gnose. La pr\u00e9face de Saint Ir\u00e9n\u00e9e dans Adversus h\u00e6reses datant du II eme si\u00e8cle, reste d\u2019actualit\u00e9. On peut l\u2019applique sans se tromper \u00e0 la religiosit\u00e9 psycho-spirituelle. . IR\u00c9N\u00c9E DE LYON Contre les H\u00e9r\u00e9sies D\u00e9nonciation <span class=\"ellipsis\">&hellip;<\/span> <span class=\"more-link-wrap\"><a href=\"https:\/\/WWW.derivesdansleglisecatholique.fr\/?page_id=386\" class=\"more-link\"><span>Read More &rarr;<\/span><\/a><\/span><\/p>\n","protected":false},"author":2,"featured_media":0,"parent":0,"menu_order":0,"comment_status":"closed","ping_status":"closed","template":"","meta":{"footnotes":""},"class_list":["post-386","page","type-page","status-publish","hentry"],"yoast_head":"<!-- This site is optimized with the Yoast SEO plugin v27.4 - https:\/\/yoast.com\/product\/yoast-seo-wordpress\/ -->\n<title>St Ir\u00e9n\u00e9e toujours d&#039;actualit\u00e9 - D\u00e9rives dans l&#039;eglise catholique<\/title>\n<meta name=\"robots\" content=\"index, follow, max-snippet:-1, max-image-preview:large, max-video-preview:-1\" \/>\n<link rel=\"canonical\" href=\"https:\/\/WWW.derivesdansleglisecatholique.fr\/?page_id=386\" \/>\n<meta property=\"og:locale\" content=\"fr_FR\" \/>\n<meta property=\"og:type\" content=\"article\" \/>\n<meta property=\"og:title\" content=\"St Ir\u00e9n\u00e9e toujours d&#039;actualit\u00e9 - D\u00e9rives dans l&#039;eglise catholique\" \/>\n<meta property=\"og:description\" content=\". La gnose a toujours coexist\u00e9 avec l\u2019Eglise. Selon les \u00e9poques, elle a pris diverses mystifications. Mais c\u2019est toujours la m\u00eame gnose. La pr\u00e9face de Saint Ir\u00e9n\u00e9e dans Adversus h\u00e6reses datant du II eme si\u00e8cle, reste d\u2019actualit\u00e9. On peut l\u2019applique sans se tromper \u00e0 la religiosit\u00e9 psycho-spirituelle. . IR\u00c9N\u00c9E DE LYON Contre les H\u00e9r\u00e9sies D\u00e9nonciation &hellip; Read More &rarr;\" \/>\n<meta property=\"og:url\" content=\"https:\/\/WWW.derivesdansleglisecatholique.fr\/?page_id=386\" \/>\n<meta property=\"og:site_name\" content=\"D\u00e9rives dans l&#039;eglise catholique\" \/>\n<meta property=\"article:modified_time\" content=\"2017-01-03T14:49:25+00:00\" \/>\n<meta name=\"twitter:label1\" content=\"Dur\u00e9e de lecture estim\u00e9e\" \/>\n\t<meta name=\"twitter:data1\" content=\"2 minutes\" \/>\n<script type=\"application\/ld+json\" class=\"yoast-schema-graph\">{\"@context\":\"https:\\\/\\\/schema.org\",\"@graph\":[{\"@type\":\"WebPage\",\"@id\":\"https:\\\/\\\/WWW.derivesdansleglisecatholique.fr\\\/?page_id=386\",\"url\":\"https:\\\/\\\/WWW.derivesdansleglisecatholique.fr\\\/?page_id=386\",\"name\":\"St Ir\u00e9n\u00e9e toujours d'actualit\u00e9 - D\u00e9rives dans l&#039;eglise catholique\",\"isPartOf\":{\"@id\":\"http:\\\/\\\/WWW.derivesdansleglisecatholique.fr\\\/#website\"},\"datePublished\":\"2017-01-03T14:39:59+00:00\",\"dateModified\":\"2017-01-03T14:49:25+00:00\",\"breadcrumb\":{\"@id\":\"https:\\\/\\\/WWW.derivesdansleglisecatholique.fr\\\/?page_id=386#breadcrumb\"},\"inLanguage\":\"fr-FR\",\"potentialAction\":[{\"@type\":\"ReadAction\",\"target\":[\"https:\\\/\\\/WWW.derivesdansleglisecatholique.fr\\\/?page_id=386\"]}]},{\"@type\":\"BreadcrumbList\",\"@id\":\"https:\\\/\\\/WWW.derivesdansleglisecatholique.fr\\\/?page_id=386#breadcrumb\",\"itemListElement\":[{\"@type\":\"ListItem\",\"position\":1,\"name\":\"Accueil\",\"item\":\"http:\\\/\\\/WWW.derivesdansleglisecatholique.fr\\\/\"},{\"@type\":\"ListItem\",\"position\":2,\"name\":\"St Ir\u00e9n\u00e9e toujours d&rsquo;actualit\u00e9\"}]},{\"@type\":\"WebSite\",\"@id\":\"http:\\\/\\\/WWW.derivesdansleglisecatholique.fr\\\/#website\",\"url\":\"http:\\\/\\\/WWW.derivesdansleglisecatholique.fr\\\/\",\"name\":\"D\u00e9rives dans l&#039;eglise catholique\",\"description\":\"Justice et V\u00e9rit\u00e9 pour les familles\",\"potentialAction\":[{\"@type\":\"SearchAction\",\"target\":{\"@type\":\"EntryPoint\",\"urlTemplate\":\"http:\\\/\\\/WWW.derivesdansleglisecatholique.fr\\\/?s={search_term_string}\"},\"query-input\":{\"@type\":\"PropertyValueSpecification\",\"valueRequired\":true,\"valueName\":\"search_term_string\"}}],\"inLanguage\":\"fr-FR\"}]}<\/script>\n<!-- \/ Yoast SEO plugin. -->","yoast_head_json":{"title":"St Ir\u00e9n\u00e9e toujours d'actualit\u00e9 - D\u00e9rives dans l&#039;eglise catholique","robots":{"index":"index","follow":"follow","max-snippet":"max-snippet:-1","max-image-preview":"max-image-preview:large","max-video-preview":"max-video-preview:-1"},"canonical":"https:\/\/WWW.derivesdansleglisecatholique.fr\/?page_id=386","og_locale":"fr_FR","og_type":"article","og_title":"St Ir\u00e9n\u00e9e toujours d'actualit\u00e9 - D\u00e9rives dans l&#039;eglise catholique","og_description":". La gnose a toujours coexist\u00e9 avec l\u2019Eglise. Selon les \u00e9poques, elle a pris diverses mystifications. Mais c\u2019est toujours la m\u00eame gnose. La pr\u00e9face de Saint Ir\u00e9n\u00e9e dans Adversus h\u00e6reses datant du II eme si\u00e8cle, reste d\u2019actualit\u00e9. On peut l\u2019applique sans se tromper \u00e0 la religiosit\u00e9 psycho-spirituelle. . IR\u00c9N\u00c9E DE LYON Contre les H\u00e9r\u00e9sies D\u00e9nonciation &hellip; Read More &rarr;","og_url":"https:\/\/WWW.derivesdansleglisecatholique.fr\/?page_id=386","og_site_name":"D\u00e9rives dans l&#039;eglise catholique","article_modified_time":"2017-01-03T14:49:25+00:00","twitter_misc":{"Dur\u00e9e de lecture estim\u00e9e":"2 minutes"},"schema":{"@context":"https:\/\/schema.org","@graph":[{"@type":"WebPage","@id":"https:\/\/WWW.derivesdansleglisecatholique.fr\/?page_id=386","url":"https:\/\/WWW.derivesdansleglisecatholique.fr\/?page_id=386","name":"St Ir\u00e9n\u00e9e toujours d'actualit\u00e9 - D\u00e9rives dans l&#039;eglise catholique","isPartOf":{"@id":"http:\/\/WWW.derivesdansleglisecatholique.fr\/#website"},"datePublished":"2017-01-03T14:39:59+00:00","dateModified":"2017-01-03T14:49:25+00:00","breadcrumb":{"@id":"https:\/\/WWW.derivesdansleglisecatholique.fr\/?page_id=386#breadcrumb"},"inLanguage":"fr-FR","potentialAction":[{"@type":"ReadAction","target":["https:\/\/WWW.derivesdansleglisecatholique.fr\/?page_id=386"]}]},{"@type":"BreadcrumbList","@id":"https:\/\/WWW.derivesdansleglisecatholique.fr\/?page_id=386#breadcrumb","itemListElement":[{"@type":"ListItem","position":1,"name":"Accueil","item":"http:\/\/WWW.derivesdansleglisecatholique.fr\/"},{"@type":"ListItem","position":2,"name":"St Ir\u00e9n\u00e9e toujours d&rsquo;actualit\u00e9"}]},{"@type":"WebSite","@id":"http:\/\/WWW.derivesdansleglisecatholique.fr\/#website","url":"http:\/\/WWW.derivesdansleglisecatholique.fr\/","name":"D\u00e9rives dans l&#039;eglise catholique","description":"Justice et V\u00e9rit\u00e9 pour les familles","potentialAction":[{"@type":"SearchAction","target":{"@type":"EntryPoint","urlTemplate":"http:\/\/WWW.derivesdansleglisecatholique.fr\/?s={search_term_string}"},"query-input":{"@type":"PropertyValueSpecification","valueRequired":true,"valueName":"search_term_string"}}],"inLanguage":"fr-FR"}]}},"_links":{"self":[{"href":"https:\/\/WWW.derivesdansleglisecatholique.fr\/index.php?rest_route=\/wp\/v2\/pages\/386","targetHints":{"allow":["GET"]}}],"collection":[{"href":"https:\/\/WWW.derivesdansleglisecatholique.fr\/index.php?rest_route=\/wp\/v2\/pages"}],"about":[{"href":"https:\/\/WWW.derivesdansleglisecatholique.fr\/index.php?rest_route=\/wp\/v2\/types\/page"}],"author":[{"embeddable":true,"href":"https:\/\/WWW.derivesdansleglisecatholique.fr\/index.php?rest_route=\/wp\/v2\/users\/2"}],"replies":[{"embeddable":true,"href":"https:\/\/WWW.derivesdansleglisecatholique.fr\/index.php?rest_route=%2Fwp%2Fv2%2Fcomments&post=386"}],"version-history":[{"count":8,"href":"https:\/\/WWW.derivesdansleglisecatholique.fr\/index.php?rest_route=\/wp\/v2\/pages\/386\/revisions"}],"predecessor-version":[{"id":396,"href":"https:\/\/WWW.derivesdansleglisecatholique.fr\/index.php?rest_route=\/wp\/v2\/pages\/386\/revisions\/396"}],"wp:attachment":[{"href":"https:\/\/WWW.derivesdansleglisecatholique.fr\/index.php?rest_route=%2Fwp%2Fv2%2Fmedia&parent=386"}],"curies":[{"name":"wp","href":"https:\/\/api.w.org\/{rel}","templated":true}]}}