{"id":774,"date":"2017-03-02T14:51:43","date_gmt":"2017-03-02T13:51:43","guid":{"rendered":"http:\/\/WWW.derivesdansleglisecatholique.fr\/?page_id=774"},"modified":"2017-03-02T15:00:40","modified_gmt":"2017-03-02T14:00:40","slug":"lemprise-mentale-proces-precisions","status":"publish","type":"page","link":"https:\/\/WWW.derivesdansleglisecatholique.fr\/?page_id=774","title":{"rendered":"Pr\u00e9cisions article \u00ab\u00a0La Croix\u00a0\u00bb"},"content":{"rendered":"<p style=\"padding-left: 30px;\"><span style=\"color: #ffcc99;\">.<\/span><\/p>\n<p style=\"padding-left: 30px;\"><span style=\"font-family: 'times new roman', times, serif; font-size: 12pt;\">Nous avons lu avec attention l\u2019article paru\u00a0 dans La Croix\u00a0:<\/span><\/p>\n<p style=\"padding-left: 30px;\"><span style=\"font-family: 'times new roman', times, serif; font-size: 12pt; color: #0000ff;\"><strong>\u00ab\u00a0L\u2019emprise mentale en proc\u00e8s\u00a0\u00bb<\/strong><\/span><\/p>\n<p style=\"padding-left: 30px;\"><span style=\"font-family: 'times new roman', times, serif; font-size: 12pt;\">Christine Legrand, le\u00a024\/02\/2017 \u00e0 0h00<\/span><br \/>\n<span style=\"font-family: 'times new roman', times, serif; font-size: 12pt;\"> Mis \u00e0 jour le\u00a001\/03\/2017 \u00e0 20h01<\/span><\/p>\n<p style=\"padding-left: 30px;\"><span style=\"color: #ffcc99;\">.<\/span><\/p>\n<p style=\"padding-left: 30px;\"><span style=\"font-family: 'times new roman', times, serif; font-size: 12pt;\">\u00ab\u00a0Le proc\u00e8s d\u2019une kin\u00e9sith\u00e9rapeute jug\u00e9e pour abus de faiblesse a permis de r\u00e9v\u00e9ler l\u2019ampleur des d\u00e9g\u00e2ts de \u00ab l\u2019emprise sectaire \u00bb et la difficult\u00e9 de s\u2019en sortir.\u00a0\u00bb<\/span><\/p>\n<p style=\"padding-left: 30px;\"><span style=\"color: #ffcc99;\">.<\/span><\/p>\n<p style=\"padding-left: 30px;\"><span style=\"font-family: 'times new roman', times, serif; font-size: 12pt;\"><a href=\"http:\/\/www.la-croix.com\/Journal\/Lemprise-mentale-proces-2017-02-23-1100827123\">http:\/\/www.la-croix.com\/Journal\/Lemprise-mentale-proces-2017-02-23-1100827123<\/a><\/span><\/p>\n<p style=\"padding-left: 30px;\"><span style=\"color: #ffcc99;\">.<\/span><\/p>\n<p style=\"padding-left: 30px;\"><span style=\"font-family: 'times new roman', times, serif; font-size: 12pt;\">Le journal officiel de l\u2019Eglise, r\u00e9percute avec justesse le proc\u00e8s d\u2019une redoutable manipulatrice qui met sous emprise des personnes par de faux souvenirs induits. Mais qu\u2019en est-il dans\u00a0 l\u2019Eglise o\u00f9 les victimes des m\u00eames causes et avec les m\u00eames cons\u00e9quences d\u00e9nonc\u00e9es dans cet article, sont courageusement \u00ab\u00a0oubli\u00e9es\u00a0\u00bb\u00a0?\u00a0 Des \u00ab\u00a0oublis\u00a0\u00bb que nous ne pouvons laisser passer\u00a0 et\u00a0 qu\u2019il est de notre devoir de combler\u00a0:<\/span><\/p>\n<p style=\"padding-left: 30px;\"><span style=\"color: #ffcc99;\">.<\/span><\/p>\n<p style=\"padding-left: 30px;\"><span style=\"font-family: 'times new roman', times, serif; font-size: 12pt;\"><strong>La Croix dit\u00a0: <\/strong>\u00ab\u00a0C\u2019est un \u00e9trange proc\u00e8s qui s\u2019est d\u00e9roul\u00e9 cette semaine (\u2026). Celui de Marie-Catherine Phanekham, kin\u00e9sith\u00e9rapeute et coach, accus\u00e9e d\u2019avoir implant\u00e9 chez ses patients de \u00ab faux souvenirs \u00bb d\u2019abus sexuels pour les couper de leurs familles et leur soutirer de l\u2019argent.\u00a0\u00bb<\/span><\/p>\n<p style=\"padding-left: 30px;\"><span style=\"font-family: 'times new roman', times, serif; font-size: 12pt;\"><strong>Nous ajoutons\u00a0:<\/strong> c\u2019est aussi un \u00e9trange article. Nous n\u2019avons pas souvenir que ce m\u00eame journal ait \u00e9voqu\u00e9 aussi clairement les \u00ab\u00a0gourous\u00a0\u00bb des communaut\u00e9s charismatiques qui, avec les m\u00eames activit\u00e9s, et les m\u00eame d\u00e9g\u00e2ts s\u00e9vissent dans l\u2019Eglise catholique.\u00a0<\/span><\/p>\n<p style=\"padding-left: 30px;\"><span style=\"color: #ffcc99;\">.<\/span><\/p>\n<p style=\"padding-left: 30px;\"><span style=\"font-family: 'times new roman', times, serif; font-size: 12pt;\"><strong>La Croix dit<\/strong>\u00a0: \u00ab\u00a0Ce proc\u00e8s rare en France (\u2026) se distingue aussi par le profil de ses victimes, la plupart issues de milieux socioprofessionnels privil\u00e9gi\u00e9s.\u00a0\u00bb<\/span><\/p>\n<p style=\"padding-left: 30px;\"><span style=\"font-family: 'times new roman', times, serif; font-size: 12pt;\"><strong>Nous ajoutons<\/strong>\u00a0: dans l\u2019Eglise, il en va de m\u00eame. Ce sont les jeunes et les personnes de milieux favoris\u00e9s qui sont cibl\u00e9es. Les \u00ab\u00a0gourous\u00a0\u00bb visent les personnes qui ont du potentiel financier, intellectuel et relationnel.<\/span><\/p>\n<p style=\"padding-left: 30px;\"><span style=\"color: #ffcc99;\">.<\/span><\/p>\n<p style=\"padding-left: 30px;\"><span style=\"font-family: 'times new roman', times, serif; font-size: 12pt;\"><strong>La Croix dit\u00a0: <\/strong>\u00ab\u00a0D\u2019ex-patientes (\u2026) ont t\u00e9moign\u00e9 \u00e0 la barre \u00eatre litt\u00e9ralement tomb\u00e9es sous l\u2019emprise d\u2019une femme qu\u2019elles \u00e9taient venues consulter sur le conseil de parents ou d\u2019amis.\u00a0\u00bb<\/span><\/p>\n<p style=\"padding-left: 30px;\"><span style=\"font-family: 'times new roman', times, serif; font-size: 12pt;\"><strong>Nous ajoutons\u00a0:<\/strong> c\u2019est bien plus grave dans l\u2019Eglise parce qu\u2019il n\u2019y a pas qu\u2019un manipulateur mais o\u00f9 ils sont\u00a0 devenus l\u00e9gions\u00a0 avec des m\u00e9thodes et des lieux organis\u00e9s de recrutement\u00a0: session de gu\u00e9rison, de relecture de vie, session agap\u00e8, rassemblements charismatiques, rassemblements de jeunes, etc. L\u2019ampleur de ce ph\u00e9nom\u00e8ne permet de dire qu\u2019il est institutionnalis\u00e9.<\/span><\/p>\n<p style=\"padding-left: 30px;\"><span style=\"color: #ffcc99;\">.<\/span><\/p>\n<p style=\"padding-left: 30px;\"><span style=\"font-family: 'times new roman', times, serif; font-size: 12pt;\"><strong>La Croix dit\u00a0:\u00a0<\/strong>\u00ab\u00a0La th\u00e9rapeute faisait remonter (\u2026) de \u00ab faux souvenirs \u00bb pr\u00e9tendument enfouis, notamment d\u2019incestes. (\u2026) La kin\u00e9sith\u00e9rapeute les poussait \u00e0 rompre avec leurs proches, de fa\u00e7on souvent tr\u00e8s violente.\u00a0<em>\u00ab Elle m\u2019a demand\u00e9 de les pulv\u00e9riser. \u00bb \u00ab Elle m\u2019a dit qu\u2019il fallait que je le d\u00e9truise avant qu\u2019il ne me d\u00e9truise. \u00bb<\/em>\u00a0Les plaignantes parlent de\u00a0<em>\u00ab lavage de cerveau \u00bb\u00a0<\/em>et de<em>\u00a0\u00ab mise en \u00e9tat de soumission \u00bb<\/em>.<\/span><\/p>\n<p style=\"padding-left: 30px;\"><span style=\"font-family: 'times new roman', times, serif; font-size: 12pt;\"><strong>Nous ajoutons<\/strong>\u00a0: de nombreuses familles ont saisi l\u2019\u00e9piscopat pour les m\u00eames faits cons\u00e9quents aux m\u00eames causes. Sans autre effet que le rejet et la discrimination des parents.<\/span><\/p>\n<p style=\"padding-left: 30px;\"><span style=\"color: #ffcc99;\">.<\/span><\/p>\n<p style=\"padding-left: 30px;\"><span style=\"font-family: 'times new roman', times, serif; font-size: 12pt;\"><strong>La Croix dit\u00a0: <\/strong>\u00ab\u00a0Elles relatent aussi la fa\u00e7on dont elle leur a soutir\u00e9 de l\u2019argent\u2026\u00a0\u00bb<\/span><\/p>\n<p style=\"padding-left: 30px;\"><span style=\"font-family: 'times new roman', times, serif; font-size: 12pt;\"><strong>Nous ajoutons\u00a0: <\/strong>Il suffit de voir l\u2019empire immobilier et financier de ces communaut\u00e9s charismatiques catholiques d\u00e9viantes pour savoir qu\u2019elles ne s\u00e9vissent pas gratis.<\/span><\/p>\n<p style=\"padding-left: 30px;\"><span style=\"color: #ffcc99;\">.<\/span><\/p>\n<p style=\"padding-left: 30px;\"><span style=\"font-family: 'times new roman', times, serif; font-size: 12pt;\"><strong>La Croix dit<\/strong>\u00a0: Si les plaignantes ont r\u00e9ussi \u00e0 se d\u00e9faire de ce lien mortif\u00e8re, elles en ont gard\u00e9 de lourds traumatismes\u2026.\u00a0\u00bb<\/span><\/p>\n<p style=\"padding-left: 30px;\"><span style=\"font-family: 'times new roman', times, serif; font-size: 12pt;\"><strong>Nous ajoutons\u00a0: <\/strong>Pour voir les d\u00e9g\u00e2ts humains faits dans l\u2019Eglise, il suffit de chercher sur le net pour trouver les articles et parutions\u00a0 qui les d\u00e9noncent dont, entre autres, \u00a0le\u00a0 \u00ab\u00a0le Livre Noir de l\u2019emprise psycho-spirituelle\u00a0\u00bb \u00e9dit\u00e9 par le CCMM.\u00a0<\/span><\/p>\n<p style=\"padding-left: 30px;\"><span style=\"color: #ffcc99;\">.<\/span><\/p>\n<p style=\"padding-left: 30px;\"><span style=\"font-family: 'times new roman', times, serif; font-size: 12pt;\"><strong>La Croix dit<\/strong>\u00a0: \u00ab\u00a0Ce sont ses parents qui sont venus t\u00e9moigner \u00e0 la barre du\u00a0<em>\u00ab changement profond\u00a0<\/em>\u00bb de leur fille apr\u00e8s sa\u00a0<em>\u00ab rencontre \u00bb<\/em>\u00a0avec la th\u00e9rapeute (\u2026) \u00a0Depuis, les ponts sont coup\u00e9s \u2026\u00a0\u00bb<\/span><\/p>\n<p style=\"padding-left: 30px;\"><span style=\"font-family: 'times new roman', times, serif; font-size: 12pt;\"><strong>Nous ajoutons\u00a0:<\/strong> Depuis quinze ans des parents t\u00e9moignent, aupr\u00e8s des responsables eccl\u00e9siaux, dans les m\u00e9dias. Ils d\u00e9noncent cette horreur\u00a0: au nom de Dieu, dans l\u2019Eglise, leurs enfants\u00a0 sont amen\u00e9s \u00e0 les rejeter, \u00e0 subir des exorcismes sauvages pour couper les liens avec leurs anc\u00eatres, leur histoire est falsifi\u00e9e selon les besoin du \u00ab\u00a0gourou\u00a0\u00bb , ils ne savent plus qui ils sont, \u00a0ils sont\u00a0 n\u00e9antis\u00e9s.<\/span><\/p>\n<p style=\"padding-left: 30px;\"><span style=\"color: #ffcc99;\">.<\/span><\/p>\n<p style=\"padding-left: 30px;\"><span style=\"font-family: 'times new roman', times, serif; font-size: 12pt; color: #0000ff;\"><strong>Et cela continue en toute impunit\u00e9 puisque l\u2019\u00e9piscopat laisse faire\u2026<\/strong><\/span><\/p>\n<p style=\"padding-left: 30px;\"><span style=\"color: #ffcc99;\">.<\/span><\/p>\n","protected":false},"excerpt":{"rendered":"<p>. Nous avons lu avec attention l\u2019article paru\u00a0 dans La Croix\u00a0: \u00ab\u00a0L\u2019emprise mentale en proc\u00e8s\u00a0\u00bb Christine Legrand, le\u00a024\/02\/2017 \u00e0 0h00 Mis \u00e0 jour le\u00a001\/03\/2017 \u00e0 20h01 . \u00ab\u00a0Le proc\u00e8s d\u2019une kin\u00e9sith\u00e9rapeute jug\u00e9e pour abus de faiblesse a permis de r\u00e9v\u00e9ler l\u2019ampleur des d\u00e9g\u00e2ts de \u00ab l\u2019emprise sectaire \u00bb et la difficult\u00e9 de s\u2019en sortir.\u00a0\u00bb . <span class=\"ellipsis\">&hellip;<\/span> <span class=\"more-link-wrap\"><a href=\"https:\/\/WWW.derivesdansleglisecatholique.fr\/?page_id=774\" class=\"more-link\"><span>Read More &rarr;<\/span><\/a><\/span><\/p>\n","protected":false},"author":3,"featured_media":0,"parent":0,"menu_order":0,"comment_status":"closed","ping_status":"closed","template":"","meta":{"footnotes":""},"class_list":["post-774","page","type-page","status-publish","hentry"],"yoast_head":"<!-- This site is optimized with the Yoast SEO plugin v27.4 - https:\/\/yoast.com\/product\/yoast-seo-wordpress\/ -->\n<title>Pr\u00e9cisions article &quot;La Croix&quot; - D\u00e9rives dans l&#039;eglise catholique<\/title>\n<meta name=\"robots\" content=\"index, follow, max-snippet:-1, max-image-preview:large, max-video-preview:-1\" \/>\n<link rel=\"canonical\" href=\"https:\/\/WWW.derivesdansleglisecatholique.fr\/?page_id=774\" \/>\n<meta property=\"og:locale\" content=\"fr_FR\" \/>\n<meta property=\"og:type\" content=\"article\" \/>\n<meta property=\"og:title\" content=\"Pr\u00e9cisions article &quot;La Croix&quot; - D\u00e9rives dans l&#039;eglise catholique\" \/>\n<meta property=\"og:description\" content=\". Nous avons lu avec attention l\u2019article paru\u00a0 dans La Croix\u00a0: \u00ab\u00a0L\u2019emprise mentale en proc\u00e8s\u00a0\u00bb Christine Legrand, le\u00a024\/02\/2017 \u00e0 0h00 Mis \u00e0 jour le\u00a001\/03\/2017 \u00e0 20h01 . \u00ab\u00a0Le proc\u00e8s d\u2019une kin\u00e9sith\u00e9rapeute jug\u00e9e pour abus de faiblesse a permis de r\u00e9v\u00e9ler l\u2019ampleur des d\u00e9g\u00e2ts de \u00ab l\u2019emprise sectaire \u00bb et la difficult\u00e9 de s\u2019en sortir.\u00a0\u00bb . &hellip; Read More &rarr;\" \/>\n<meta property=\"og:url\" content=\"https:\/\/WWW.derivesdansleglisecatholique.fr\/?page_id=774\" \/>\n<meta property=\"og:site_name\" content=\"D\u00e9rives dans l&#039;eglise catholique\" \/>\n<meta property=\"article:modified_time\" content=\"2017-03-02T14:00:40+00:00\" \/>\n<meta name=\"twitter:label1\" content=\"Dur\u00e9e de lecture estim\u00e9e\" \/>\n\t<meta name=\"twitter:data1\" content=\"4 minutes\" \/>\n<script type=\"application\/ld+json\" class=\"yoast-schema-graph\">{\"@context\":\"https:\\\/\\\/schema.org\",\"@graph\":[{\"@type\":\"WebPage\",\"@id\":\"https:\\\/\\\/WWW.derivesdansleglisecatholique.fr\\\/?page_id=774\",\"url\":\"https:\\\/\\\/WWW.derivesdansleglisecatholique.fr\\\/?page_id=774\",\"name\":\"Pr\u00e9cisions article \\\"La Croix\\\" - D\u00e9rives dans l&#039;eglise catholique\",\"isPartOf\":{\"@id\":\"https:\\\/\\\/WWW.derivesdansleglisecatholique.fr\\\/#website\"},\"datePublished\":\"2017-03-02T13:51:43+00:00\",\"dateModified\":\"2017-03-02T14:00:40+00:00\",\"breadcrumb\":{\"@id\":\"https:\\\/\\\/WWW.derivesdansleglisecatholique.fr\\\/?page_id=774#breadcrumb\"},\"inLanguage\":\"fr-FR\",\"potentialAction\":[{\"@type\":\"ReadAction\",\"target\":[\"https:\\\/\\\/WWW.derivesdansleglisecatholique.fr\\\/?page_id=774\"]}]},{\"@type\":\"BreadcrumbList\",\"@id\":\"https:\\\/\\\/WWW.derivesdansleglisecatholique.fr\\\/?page_id=774#breadcrumb\",\"itemListElement\":[{\"@type\":\"ListItem\",\"position\":1,\"name\":\"Accueil\",\"item\":\"https:\\\/\\\/WWW.derivesdansleglisecatholique.fr\\\/\"},{\"@type\":\"ListItem\",\"position\":2,\"name\":\"Pr\u00e9cisions article \u00ab\u00a0La Croix\u00a0\u00bb\"}]},{\"@type\":\"WebSite\",\"@id\":\"https:\\\/\\\/WWW.derivesdansleglisecatholique.fr\\\/#website\",\"url\":\"https:\\\/\\\/WWW.derivesdansleglisecatholique.fr\\\/\",\"name\":\"D\u00e9rives dans l&#039;eglise catholique\",\"description\":\"Justice et V\u00e9rit\u00e9 pour les familles\",\"potentialAction\":[{\"@type\":\"SearchAction\",\"target\":{\"@type\":\"EntryPoint\",\"urlTemplate\":\"https:\\\/\\\/WWW.derivesdansleglisecatholique.fr\\\/?s={search_term_string}\"},\"query-input\":{\"@type\":\"PropertyValueSpecification\",\"valueRequired\":true,\"valueName\":\"search_term_string\"}}],\"inLanguage\":\"fr-FR\"}]}<\/script>\n<!-- \/ Yoast SEO plugin. -->","yoast_head_json":{"title":"Pr\u00e9cisions article \"La Croix\" - D\u00e9rives dans l&#039;eglise catholique","robots":{"index":"index","follow":"follow","max-snippet":"max-snippet:-1","max-image-preview":"max-image-preview:large","max-video-preview":"max-video-preview:-1"},"canonical":"https:\/\/WWW.derivesdansleglisecatholique.fr\/?page_id=774","og_locale":"fr_FR","og_type":"article","og_title":"Pr\u00e9cisions article \"La Croix\" - D\u00e9rives dans l&#039;eglise catholique","og_description":". Nous avons lu avec attention l\u2019article paru\u00a0 dans La Croix\u00a0: \u00ab\u00a0L\u2019emprise mentale en proc\u00e8s\u00a0\u00bb Christine Legrand, le\u00a024\/02\/2017 \u00e0 0h00 Mis \u00e0 jour le\u00a001\/03\/2017 \u00e0 20h01 . \u00ab\u00a0Le proc\u00e8s d\u2019une kin\u00e9sith\u00e9rapeute jug\u00e9e pour abus de faiblesse a permis de r\u00e9v\u00e9ler l\u2019ampleur des d\u00e9g\u00e2ts de \u00ab l\u2019emprise sectaire \u00bb et la difficult\u00e9 de s\u2019en sortir.\u00a0\u00bb . &hellip; Read More &rarr;","og_url":"https:\/\/WWW.derivesdansleglisecatholique.fr\/?page_id=774","og_site_name":"D\u00e9rives dans l&#039;eglise catholique","article_modified_time":"2017-03-02T14:00:40+00:00","twitter_misc":{"Dur\u00e9e de lecture estim\u00e9e":"4 minutes"},"schema":{"@context":"https:\/\/schema.org","@graph":[{"@type":"WebPage","@id":"https:\/\/WWW.derivesdansleglisecatholique.fr\/?page_id=774","url":"https:\/\/WWW.derivesdansleglisecatholique.fr\/?page_id=774","name":"Pr\u00e9cisions article \"La Croix\" - D\u00e9rives dans l&#039;eglise catholique","isPartOf":{"@id":"https:\/\/WWW.derivesdansleglisecatholique.fr\/#website"},"datePublished":"2017-03-02T13:51:43+00:00","dateModified":"2017-03-02T14:00:40+00:00","breadcrumb":{"@id":"https:\/\/WWW.derivesdansleglisecatholique.fr\/?page_id=774#breadcrumb"},"inLanguage":"fr-FR","potentialAction":[{"@type":"ReadAction","target":["https:\/\/WWW.derivesdansleglisecatholique.fr\/?page_id=774"]}]},{"@type":"BreadcrumbList","@id":"https:\/\/WWW.derivesdansleglisecatholique.fr\/?page_id=774#breadcrumb","itemListElement":[{"@type":"ListItem","position":1,"name":"Accueil","item":"https:\/\/WWW.derivesdansleglisecatholique.fr\/"},{"@type":"ListItem","position":2,"name":"Pr\u00e9cisions article \u00ab\u00a0La Croix\u00a0\u00bb"}]},{"@type":"WebSite","@id":"https:\/\/WWW.derivesdansleglisecatholique.fr\/#website","url":"https:\/\/WWW.derivesdansleglisecatholique.fr\/","name":"D\u00e9rives dans l&#039;eglise catholique","description":"Justice et V\u00e9rit\u00e9 pour les familles","potentialAction":[{"@type":"SearchAction","target":{"@type":"EntryPoint","urlTemplate":"https:\/\/WWW.derivesdansleglisecatholique.fr\/?s={search_term_string}"},"query-input":{"@type":"PropertyValueSpecification","valueRequired":true,"valueName":"search_term_string"}}],"inLanguage":"fr-FR"}]}},"_links":{"self":[{"href":"https:\/\/WWW.derivesdansleglisecatholique.fr\/index.php?rest_route=\/wp\/v2\/pages\/774","targetHints":{"allow":["GET"]}}],"collection":[{"href":"https:\/\/WWW.derivesdansleglisecatholique.fr\/index.php?rest_route=\/wp\/v2\/pages"}],"about":[{"href":"https:\/\/WWW.derivesdansleglisecatholique.fr\/index.php?rest_route=\/wp\/v2\/types\/page"}],"author":[{"embeddable":true,"href":"https:\/\/WWW.derivesdansleglisecatholique.fr\/index.php?rest_route=\/wp\/v2\/users\/3"}],"replies":[{"embeddable":true,"href":"https:\/\/WWW.derivesdansleglisecatholique.fr\/index.php?rest_route=%2Fwp%2Fv2%2Fcomments&post=774"}],"version-history":[{"count":4,"href":"https:\/\/WWW.derivesdansleglisecatholique.fr\/index.php?rest_route=\/wp\/v2\/pages\/774\/revisions"}],"predecessor-version":[{"id":780,"href":"https:\/\/WWW.derivesdansleglisecatholique.fr\/index.php?rest_route=\/wp\/v2\/pages\/774\/revisions\/780"}],"wp:attachment":[{"href":"https:\/\/WWW.derivesdansleglisecatholique.fr\/index.php?rest_route=%2Fwp%2Fv2%2Fmedia&parent=774"}],"curies":[{"name":"wp","href":"https:\/\/api.w.org\/{rel}","templated":true}]}}